From mboxrd@z Thu Jan 1 00:00:00 1970 Return-Path: Received: from mails.dpdk.org (mails.dpdk.org [217.70.189.124]) by inbox.dpdk.org (Postfix) with ESMTP id 2E81348B74 for ; Sat, 22 Nov 2025 09:22:31 +0100 (CET) Received: from mails.dpdk.org (localhost [127.0.0.1]) by mails.dpdk.org (Postfix) with ESMTP id 08237400EF; Sat, 22 Nov 2025 09:22:31 +0100 (CET) Received: from mail-pl1-f226.google.com (mail-pl1-f226.google.com [209.85.214.226]) by mails.dpdk.org (Postfix) with ESMTP id F1FE7400EF for ; Sat, 22 Nov 2025 09:22:29 +0100 (CET) Received: by mail-pl1-f226.google.com with SMTP id d9443c01a7336-2957850c63bso19734015ad.0 for ; Sat, 22 Nov 2025 00:22:29 -0800 (PST) DKIM-Signature: v=1; a=rsa-sha256; c=relaxed/relaxed; d=iol.unh.edu; s=unh-iol; t=1763799749; x=1764404549; darn=dpdk.org; h=cc:to:from:subject:message-id:date:from:to:cc:subject:date :message-id:reply-to; bh=C5iTYVbBcXhGvAiP6PECHKsSHSN58FS7sracL1xzMuw=; b=dTkaR3p1z2qXOAapOigREodRH9CmAvVwUvY/A+wOu8ZHa1he1UF4Vh7q2V1utlLa9Q cSyFV8McOp2ytIF39xUxzBl90h7Nng6qgYi2BdNzvb5tOMZtcCepWvheSM1Kxxdkti/L hurQitkEDOfO/drZWFTAwEOS/DBsj73cZG4w4= X-Google-DKIM-Signature: v=1; a=rsa-sha256; c=relaxed/relaxed; d=1e100.net; s=20230601; t=1763799749; x=1764404549; h=cc:to:from:subject:message-id:date:x-gm-gg:x-gm-message-state:from :to:cc:subject:date:message-id:reply-to; bh=C5iTYVbBcXhGvAiP6PECHKsSHSN58FS7sracL1xzMuw=; b=xGpp/eL1v8KVvSqCq9m3LPkyMdEjQJj7okppgslUyTXW/V+ZVo3eufXYs3tVilE6+3 Yt6bfqERaLcNb28txU0ggsVm096Qxy8dioEbfGx0mMg7ry0rn7cb7hWBJrDvC27g3Ukd 9yuffeFi2wT3zrCVFr4RaKooNTHaesy4gXqWNA74FfIOL1FHVVj0dYerK8tYPlnP9F5j lHH74tj69FPGtoN8hSq+mcZkxSfbpVMpRAFbzA7ydaeSPH6fJnEe7hVarOX354zwyJJB 1rOY7hlxyKgnc2AW1yHYeA8IA7q64I5o7sKZ9r0ZRScJL7grvid0CAUo8ojvngHF1hCJ 04eg== X-Gm-Message-State: AOJu0Yw4ukt2yDXBu+ZSRHrhDkPREeT+EnhhOAOeuwSMQZbpDhW2j5eX UZnN4hd1s5nRv4ZGwF8gxILa6nuaVl3ZQ15vIci5Z+IV3z7De+x93vkKA0/9E+rSRld7hejsuZ3 NcI1HXKK2KXpD0rWbcaNORxb6wn1e39lgGbO/ X-Gm-Gg: ASbGncuKq8oijs+NGGu6GRbb6rA+dAKg5uKY+Rf1AvuxY1PtfFuXPaoSCf82L7M5LrK hoPaDqpWXqvYSUDt9OIKPCwF2mmmMapR8rC/oPc8Ux4lAX0oP42Ix9KkfIH2a1tLduTFr5pp13j WPyTQ/72bxvXD34PU+r/2/pdp5TnsvpC660p3Fp6hZt3PGPvNngrj1zJb4zB0XcBQG2tSKGGCra fjOWT2EcHZhOC6+cecHXZNFSfNtXjayI91aEpfaz5xxuwi41EyDK2b5SgqqcYw41LSfNs/filIE 4yeYYWJ/wCD8aq9dm/Nu+hbYcuahsSMrNYqGWvy3+KQvbuusaiBxUFSfFW8i6oRdqDf7oephYyG roSzigAPeozNRG5KXxVNQ+cZ5gfoHQXbcKu+Y3WSlXw== X-Google-Smtp-Source: AGHT+IGdqEhBQr7/nPmsDLd3dcGGnaqPVa/yGWJe2hyx+IOeXRTRDvyN+3yVLbru99j6tCyl7Ea2zw4qnpIC X-Received: by 2002:a17:903:1904:b0:262:f975:fcba with SMTP id d9443c01a7336-29b6bf0ffb2mr54375375ad.9.1763799748995; Sat, 22 Nov 2025 00:22:28 -0800 (PST) Received: from postal.iol.unh.edu (postal.iol.unh.edu. [132.177.123.84]) by smtp-relay.gmail.com with ESMTPS id d9443c01a7336-29b5c654671sm8646175ad.23.2025.11.22.00.22.28 (version=TLS1_2 cipher=ECDHE-ECDSA-AES128-GCM-SHA256 bits=128/128); Sat, 22 Nov 2025 00:22:28 -0800 (PST) X-Relaying-Domain: iol.unh.edu Date: Sat, 22 Nov 2025 00:22:28 -0800 (PST) Message-ID: <692172c4.170a0220.3861fd.a8ccSMTPIN_ADDED_MISSING@mx.google.com> Received: from [172.21.0.2] (unknown [172.18.0.240]) by postal.iol.unh.edu (Postfix) with ESMTP id 3E8866051830; Sat, 22 Nov 2025 03:22:28 -0500 (EST) Subject: |FAILURE| [GIT MASTER] 62f583c49bf67dd4d6733ece14e55fe6839e66d1 From: dpdklab@iol.unh.edu To: Test Report Cc: dpdk-test-reports@iol.unh.edu, Xueming Li , Kevin Traynor , Luca Boccassi Content-Type: text/plain X-BeenThere: test-report@dpdk.org X-Mailman-Version: 2.1.29 Precedence: list List-Id: automatic DPDK test reports List-Unsubscribe: , List-Archive: List-Post: List-Help: List-Subscribe: , Errors-To: test-report-bounces@dpdk.org _Testing issues_ Branch: tags/v23.11 62f583c49bf67dd4d6733ece14e55fe6839e66d1 --> testing issues Upstream job id: Generic-DPDK-Compile-Meson#446762 Test environment and result as below: +------------------------------+--------------------+ | Environment | dpdk_meson_compile | +==============================+====================+ | Red Hat Enterprise Linux 9.5 | PASS | +------------------------------+--------------------+ | Ubuntu 20.04 | PASS | +------------------------------+--------------------+ | Debian GNU/Linux 12 | PASS | +------------------------------+--------------------+ | Fedora Linux 42 | PASS | +------------------------------+--------------------+ | Ubuntu 22.04 | PASS | +------------------------------+--------------------+ | Ubuntu 24.04 | PASS | +------------------------------+--------------------+ | CentOS Stream 9 | PASS | +------------------------------+--------------------+ | CentOS Stream 10 | PASS | +------------------------------+--------------------+ Red Hat Enterprise Linux 9.5 Kernel: 5.4 Compiler: gcc gcc (GCC) 11.5.0 20240719 (Red Hat 11.5.0-2) Ubuntu 20.04 Kernel: 5.15 Compiler: aarch64-linux-gnu-gcc gcc (Ubuntu 9.4.0-1ubuntu1~20.04.2) 9.4.0 Debian GNU/Linux 12 Kernel: 5.4 Compiler: gcc gcc (Debian 12.2.0-14+deb12u1) 12.2.0 Fedora Linux 42 Kernel: 5.4 Compiler: gcc gcc (GCC) 15.2.1 20250808 (Red Hat 15.2.1-1) Ubuntu 22.04 Kernel: 5.4 Compiler: gcc gcc (Ubuntu 11.4.0-1ubuntu1~22.04) 11.4.0 Ubuntu 24.04 Kernel: 5.4 Compiler: gcc gcc (Ubuntu 13.3.0-6ubuntu2~24.04) 13.3.0 CentOS Stream 9 Kernel: 5.4 Compiler: gcc gcc (GCC) 11.5.0 20240719 (Red Hat 11.5.0-11) CentOS Stream 10 Kernel: 5.4 Compiler: gcc gcc (GCC) 14.2.1 20250110 (Red Hat 14.2.1-8) To view detailed results, visit: https://lab.dpdk.org/results/dashboard/tarballs/35682/ UNH-IOL DPDK Community Lab To manage your email subscriptions, visit: https://lab.dpdk.org/results/dashboard/preferences/subscriptions/