From: dpdklab@iol.unh.edu
To: Test Report <test-report@dpdk.org>
Cc: dpdk-test-reports@iol.unh.edu,
Bruce Richardson <bruce.richardson@intel.com>
Subject: |SUCCESS| pw158983 [PATCH] net/iavf: check PTP capabilities during i
Date: Sat, 22 Nov 2025 11:36:28 -0800 (PST) [thread overview]
Message-ID: <692210bc.050a0220.28a975.9379SMTPIN_ADDED_MISSING@mx.google.com> (raw)
In-Reply-To: <20251121-jk-dpdk-iavf-rx-timestamping-fix-v1-1-21c9a337a6f2@intel.com>
Test-Label: iol-compile-arm64-testing
Test-Status: SUCCESS
http://dpdk.org/patch/158983
_Testing PASS_
Submitter: Jacob Keller <jacob.e.keller@intel.com>
Date: Friday, November 21 2025 23:39:37
DPDK git baseline: Repo:dpdk-next-net-intel
Branch: master
CommitID:ef98b88455bf4a7c8b7aa3106a761c9e9270d6a3
158983 --> testing pass
Upstream job id: Generic-DPDK-Compile-Meson#446787
Test environment and result as below:
+------------------------------+--------------------+
| Environment | dpdk_meson_compile |
+==============================+====================+
| Debian GNU/Linux 12 | PASS |
+------------------------------+--------------------+
| Fedora Linux 42 | PASS |
+------------------------------+--------------------+
| Red Hat Enterprise Linux 9.5 | PASS |
+------------------------------+--------------------+
| Ubuntu 20.04 | PASS |
+------------------------------+--------------------+
| Ubuntu 22.04 | PASS |
+------------------------------+--------------------+
| Ubuntu 24.04 | PASS |
+------------------------------+--------------------+
| CentOS Stream 9 | PASS |
+------------------------------+--------------------+
| CentOS Stream 10 | PASS |
+------------------------------+--------------------+
Debian GNU/Linux 12
Kernel: 5.4
Compiler: gcc gcc (Debian 12.2.0-14+deb12u1) 12.2.0
Fedora Linux 42
Kernel: 5.4
Compiler: gcc gcc (GCC) 15.2.1 20250808 (Red Hat 15.2.1-1)
Red Hat Enterprise Linux 9.5
Kernel: 5.4
Compiler: gcc gcc (GCC) 11.5.0 20240719 (Red Hat 11.5.0-2)
Ubuntu 20.04
Kernel: 5.15
Compiler: aarch64-linux-gnu-gcc gcc (Ubuntu 9.4.0-1ubuntu1~20.04.2) 9.4.0
Ubuntu 22.04
Kernel: 5.4
Compiler: gcc gcc (Ubuntu 11.4.0-1ubuntu1~22.04) 11.4.0
Ubuntu 24.04
Kernel: 5.4
Compiler: gcc gcc (Ubuntu 13.3.0-6ubuntu2~24.04) 13.3.0
CentOS Stream 9
Kernel: 5.4
Compiler: gcc gcc (GCC) 11.5.0 20240719 (Red Hat 11.5.0-11)
CentOS Stream 10
Kernel: 5.4
Compiler: gcc gcc (GCC) 14.2.1 20250110 (Red Hat 14.2.1-8)
To view detailed results, visit:
https://lab.dpdk.org/results/dashboard/patchsets/34657/
UNH-IOL DPDK Community Lab
To manage your email subscriptions, visit:
https://lab.dpdk.org/results/dashboard/preferences/subscriptions/
prev parent reply other threads:[~2025-11-22 19:36 UTC|newest]
Thread overview: 21+ messages / expand[flat|nested] mbox.gz Atom feed top
[not found] <20251121-jk-dpdk-iavf-rx-timestamping-fix-v1-1-21c9a337a6f2@intel.com>
2025-11-21 23:13 ` |SUCCESS| pw158983 [PATCH] net/iavf: check PTP capabilities during init qemudev
2025-11-21 23:18 ` qemudev
2025-11-21 23:39 ` checkpatch
2025-11-22 16:20 ` |PENDING| pw158983 [PATCH] net/iavf: check PTP capabilities during i dpdklab
2025-11-22 16:23 ` dpdklab
2025-11-22 16:24 ` dpdklab
2025-11-22 16:26 ` |FAILURE| " dpdklab
2025-11-22 16:28 ` |SUCCESS| " dpdklab
2025-11-22 16:31 ` |PENDING| " dpdklab
2025-11-22 16:31 ` dpdklab
2025-11-22 16:41 ` |SUCCESS| " dpdklab
2025-11-22 16:43 ` dpdklab
2025-11-22 16:45 ` dpdklab
2025-11-22 16:45 ` dpdklab
2025-11-22 16:55 ` dpdklab
2025-11-22 16:57 ` dpdklab
2025-11-22 17:00 ` dpdklab
2025-11-22 17:03 ` dpdklab
2025-11-22 17:04 ` dpdklab
2025-11-22 17:07 ` dpdklab
2025-11-22 19:36 ` dpdklab [this message]
Reply instructions:
You may reply publicly to this message via plain-text email
using any one of the following methods:
* Save the following mbox file, import it into your mail client,
and reply-to-all from there: mbox
Avoid top-posting and favor interleaved quoting:
https://en.wikipedia.org/wiki/Posting_style#Interleaved_style
* Reply using the --to, --cc, and --in-reply-to
switches of git-send-email(1):
git send-email \
--in-reply-to=692210bc.050a0220.28a975.9379SMTPIN_ADDED_MISSING@mx.google.com \
--to=dpdklab@iol.unh.edu \
--cc=bruce.richardson@intel.com \
--cc=dpdk-test-reports@iol.unh.edu \
--cc=test-report@dpdk.org \
/path/to/YOUR_REPLY
https://kernel.org/pub/software/scm/git/docs/git-send-email.html
* If your mail client supports setting the In-Reply-To header
via mailto: links, try the mailto: link
Be sure your reply has a Subject: header at the top and a blank line
before the message body.
This is a public inbox, see mirroring instructions
for how to clone and mirror all data and code used for this inbox;
as well as URLs for NNTP newsgroup(s).