From mboxrd@z Thu Jan 1 00:00:00 1970 Return-Path: Received: from mails.dpdk.org (mails.dpdk.org [217.70.189.124]) by inbox.dpdk.org (Postfix) with ESMTP id 870DF48B7E for ; Sun, 23 Nov 2025 06:13:32 +0100 (CET) Received: from mails.dpdk.org (localhost [127.0.0.1]) by mails.dpdk.org (Postfix) with ESMTP id 81522400D7; Sun, 23 Nov 2025 06:13:32 +0100 (CET) Received: from mail-yw1-f225.google.com (mail-yw1-f225.google.com [209.85.128.225]) by mails.dpdk.org (Postfix) with ESMTP id AB894400D7 for ; Sun, 23 Nov 2025 06:13:30 +0100 (CET) Received: by mail-yw1-f225.google.com with SMTP id 00721157ae682-78a835353e4so27958307b3.2 for ; Sat, 22 Nov 2025 21:13:30 -0800 (PST) DKIM-Signature: v=1; a=rsa-sha256; c=relaxed/relaxed; d=iol.unh.edu; s=unh-iol; t=1763874810; x=1764479610; darn=dpdk.org; h=cc:to:from:subject:message-id:date:from:to:cc:subject:date :message-id:reply-to; bh=iyyXFWTrZmiWe8d4uJ/FgCCtOPnSfMJpoLM0N5nKeq0=; b=goZXPCi4OVPtyjUPdvKJglrCrHSrXwq+N1KaQg14ENx4pGP18iekgbI1eHjlt18UYq iXrjHgbtrnIo9RLPpv+VI3gi4Gj36iqMM7WTzyOVUn1HoA+eJeJocqcaHuasdPZSljQ2 IQShY3R8+rW8gojZAzpoUcHF2k7aFMCqB6jBM= X-Google-DKIM-Signature: v=1; a=rsa-sha256; c=relaxed/relaxed; d=1e100.net; s=20230601; t=1763874810; x=1764479610; h=cc:to:from:subject:message-id:date:x-gm-gg:x-gm-message-state:from :to:cc:subject:date:message-id:reply-to; bh=iyyXFWTrZmiWe8d4uJ/FgCCtOPnSfMJpoLM0N5nKeq0=; b=Z+9mgxUWhwNt6L6tGzUYxY2Bwu8k2yA1Sc4wxabeSayjsBEC+a3ou9MhIjH+FG+f9f wc+//FXgNetT8FKFcTvMx8Owz1cgprzStJXMlBD1XRWNYKWsw1ct91lTso68EV54wX+Z 5nqgn1SUNkLgYZIs8o/8rQA9U3WUM6GhbHI70Kx6zU5SmjutTcvjOc1+Lcp9IkGpSHF2 u3XUIs/86ZrUbWJL0jlXwoaZQQjYsjUxupu6NNoDnOYtuov/RqjRGPsActXtAAFohZr+ FHg3QzYft0vjvVK9QjHqOJGC2Fisslyu0+XPUzU+mC3keufnBfBvocAjRFd24JC0SvlQ 7Y2Q== X-Gm-Message-State: AOJu0YwpxlcXO59qRbeMVRLFqJbYU1xzcMXAeGl/L8LsKpigZklHQ5Wa kdQxEYZbtf8ZCJFGGgYZlJyLApb7N1uAjyy0wwPpG5sn0X1p5ofNtCPzJvS/oYj7IS/IAkgWhaF nTSeKKpqmok5pMFGnytYSqORVmA66R5T8ezMg X-Gm-Gg: ASbGncuJr72SebMxlM5HRHXrcTQNiXE66Vo59wjeaQE13jRj4yJxlmjm2BNPfga0HQ/ t3i1D3R8SqODkO79PYLenJ9PfrKFaaQM00wFQFk1yCD5wS4wBSXY/eUh+co6jBigNt9qL62h0GG IQfWFMaPzdJK+DFFlXwwU1DNWdKgBkF9nYwtSgmMOcZhyELlzjJwbM12ZhyR5DWheB3Wgl8/v2a /10hXgHx+qVUUh6/omQ8+1Yxve9V/4eJXn4lOOLyEFzMs70G0OJthJSF79PlUnia6LRa9HQ9CBO jrBnmPyllgd1BhuUoTtvODdjr0Q545dp79KDAOseyTT7QBuj6kxXN0Ypo0HJvKlQW90CVFkxgdG x1eP9Z9rOX/1UqwBdQSYVeTHynO425ceA5jOV9eU4bw== X-Google-Smtp-Source: AGHT+IFMdS1T0xx/p7xp4Y6VYz92IPXQ642kTWiwzls7kpB61meHS97CZ2L+AUG7KbivJHknKPUO3EwgXTYo X-Received: by 2002:a05:690c:6282:b0:787:fb60:efc5 with SMTP id 00721157ae682-78a8b478f20mr58895107b3.6.1763874809959; Sat, 22 Nov 2025 21:13:29 -0800 (PST) Received: from postal.iol.unh.edu (postal.iol.unh.edu. [132.177.123.84]) by smtp-relay.gmail.com with ESMTPS id 00721157ae682-78a7989d9bfsm7563557b3.11.2025.11.22.21.13.29 (version=TLS1_2 cipher=ECDHE-ECDSA-AES128-GCM-SHA256 bits=128/128); Sat, 22 Nov 2025 21:13:29 -0800 (PST) X-Relaying-Domain: iol.unh.edu Date: Sat, 22 Nov 2025 21:13:29 -0800 (PST) Message-ID: <692297f9.050a0220.5ab35.7135SMTPIN_ADDED_MISSING@mx.google.com> Received: from [172.21.0.5] (unknown [172.18.0.240]) by postal.iol.unh.edu (Postfix) with ESMTP id 5632E6051830; Sun, 23 Nov 2025 00:13:29 -0500 (EST) Subject: |FAILURE| [GIT MASTER] d297bb24650efb7040a66a3270e01c94fc8ee4f5 From: dpdklab@iol.unh.edu To: Test Report Cc: dpdk-test-reports@iol.unh.edu, Xueming Li , Kevin Traynor , Luca Boccassi Content-Type: text/plain X-BeenThere: test-report@dpdk.org X-Mailman-Version: 2.1.29 Precedence: list List-Id: automatic DPDK test reports List-Unsubscribe: , List-Archive: List-Post: List-Help: List-Subscribe: , Errors-To: test-report-bounces@dpdk.org _Testing issues_ Branch: tags/v22.11 d297bb24650efb7040a66a3270e01c94fc8ee4f5 --> testing issues Upstream job id: Generic-Unit-Test-DPDK#395229 Test environment and result as below: +-------------------------------+----------------+ | Environment | dpdk_unit_test | +===============================+================+ | Ubuntu 24.04 | FAIL | +-------------------------------+----------------+ | CentOS Stream 10 | FAIL | +-------------------------------+----------------+ | Fedora Linux 40 | PEND | +-------------------------------+----------------+ | Fedora Linux 42 | PEND | +-------------------------------+----------------+ | Fedora Linux 41 | PEND | +-------------------------------+----------------+ | Ubuntu 20.04 | PEND | +-------------------------------+----------------+ | Red Hat Enterprise Linux 8.10 | PEND | +-------------------------------+----------------+ | Red Hat Enterprise Linux 9.5 | PEND | +-------------------------------+----------------+ | CentOS Stream 9 | PEND | +-------------------------------+----------------+ | Debian GNU/Linux 12 | PEND | +-------------------------------+----------------+ | Ubuntu 22.04 | PEND | +-------------------------------+----------------+ | Windows Server 2022 | PASS | +-------------------------------+----------------+ ==== Unit test summary for CentOS Stream 10 (dpdk_unit_test): ==== ninja: Entering directory `/root/workspace/Generic-Unit-Test-DPDK/dpdk/build' ninja: no work to do. 1/105 DPDK:fast-tests / acl_autotest OK 7.51 s 2/105 DPDK:fast-tests / atomic_autotest OK 0.95 s 3/105 DPDK:fast-tests / bitmap_autotest OK 0.21 s 4/105 DPDK:fast-tests / bitops_autotest OK 0.60 s 5/105 DPDK:fast-tests / byteorder_autotest OK 0.20 s 6/105 DPDK:fast-tests / cksum_autotest OK 0.21 s 7/105 DPDK:fast-tests / cmdline_autotest OK 0.22 s 8/105 DPDK:fast-tests / common_autotest OK 0.95 s 9/105 DPDK:fast-tests / cpuflags_autotest OK 0.27 s 10/105 DPDK:fast-tests / debug_autotest OK 2.12 s 11/105 DPDK:fast-tests / devargs_autotest OK 0.24 s 12/105 DPDK:fast-tests / eal_flags_c_opt_autotest OK 1.26 s 13/105 DPDK:fast-tests / eal_flags_main_opt_autotest OK 0.60 s 14/105 DPDK:fast-tests / eal_flags_n_opt_autotest OK 0.66 s 15/105 DPDK:fast-tests / eal_flags_hpet_autotest OK 0.49 s 16/105 DPDK:fast-tests / eal_flags_no_huge_autotest OK 0.59 s 17/105 DPDK:fast-tests / eal_flags_a_opt_autotest OK 1.32 s 18/105 DPDK:fast-tests / eal_flags_b_opt_autotest OK 0.60 s 19/105 DPDK:fast-tests / eal_flags_vdev_opt_autotest OK 0.95 s 20/105 DPDK:fast-tests / eal_flags_r_opt_autotest OK 0.74 s 21/105 DPDK:fast-tests / eal_flags_mem_autotest OK 1.57 s 22/105 DPDK:fast-tests / eal_flags_file_prefix_autotest OK 11.40 s 23/105 DPDK:fast-tests / eal_flags_misc_autotest OK 3.10 s 24/105 DPDK:fast-tests / eal_fs_autotest OK 0.30 s 25/105 DPDK:fast-tests / errno_autotest OK 0.35 s 26/105 DPDK:fast-tests / ethdev_link_status OK 0.30 s 27/105 DPDK:fast-tests / event_ring_autotest OK 0.29 s 28/105 DPDK:fast-tests / fib_autotest OK 2.89 s 29/105 DPDK:fast-tests / fib6_autotest OK 2.71 s 30/105 DPDK:fast-tests / func_reentrancy_autotest OK 1.94 s 31/105 DPDK:fast-tests / hash_autotest OK 0.79 s 32/105 DPDK:fast-tests / interrupt_autotest OK 2.10 s 33/105 DPDK:fast-tests / ipfrag_autotest OK 0.31 s 34/105 DPDK:fast-tests / lcores_autotest OK 59.70 s 35/105 DPDK:fast-tests / logs_autotest OK 0.42 s 36/105 DPDK:fast-tests / lpm_autotest OK 13.93 s 37/105 DPDK:fast-tests / lpm6_autotest OK 18.31 s 38/105 DPDK:fast-tests / malloc_autotest OK 2.02 s 39/105 DPDK:fast-tests / mbuf_autotest OK 0.75 s 40/105 DPDK:fast-tests / mcslock_autotest OK 1.31 s 41/105 DPDK:fast-tests / memcpy_autotest OK 8.34 s 42/105 DPDK:fast-tests / memory_autotest OK 0.36 s 43/105 DPDK:fast-tests / mempool_autotest OK 0.80 s 44/105 DPDK:fast-tests / memzone_autotest OK 0.35 s 45/105 DPDK:fast-tests / meter_autotest OK 0.25 s 46/105 DPDK:fast-tests / multiprocess_autotest OK 0.78 s 47/105 DPDK:fast-tests / node_list_dump OK 0.44 s 48/105 DPDK:fast-tests / per_lcore_autotest OK 0.48 s 49/105 DPDK:fast-tests / pflock_autotest OK 0.78 s 50/105 DPDK:fast-tests / prefetch_autotest OK 0.51 s 51/105 DPDK:fast-tests / rcu_qsbr_autotest OK 0.80 s 52/105 DPDK:fast-tests / pie_autotest OK 0.44 s 53/105 DPDK:fast-tests / rib_autotest OK 15.49 s 54/105 DPDK:fast-tests / rib6_autotest OK 16.22 s 55/105 DPDK:fast-tests / ring_autotest OK 0.61 s 56/105 DPDK:fast-tests / rwlock_test1_autotest OK 0.52 s 57/105 DPDK:fast-tests / rwlock_rda_autotest OK 5.49 s 58/105 DPDK:fast-tests / rwlock_rds_wrm_autotest OK 5.40 s 59/105 DPDK:fast-tests / rwlock_rde_wro_autotest OK 5.44 s 60/105 DPDK:fast-tests / sched_autotest OK 0.37 s 61/105 DPDK:fast-tests / security_autotest OK 0.19 s 62/105 DPDK:fast-tests / seqlock_autotest SKIP 0.41 s 63/105 DPDK:fast-tests / spinlock_autotest OK 0.40 s 64/105 DPDK:fast-tests / stack_autotest OK 0.30 s 65/105 DPDK:fast-tests / stack_lf_autotest OK 0.63 s 66/105 DPDK:fast-tests / string_autotest OK 0.33 s 67/105 DPDK:fast-tests / tailq_autotest OK 0.14 s 68/105 DPDK:fast-tests / ticketlock_autotest OK 0.27 s 69/105 DPDK:fast-tests / timer_autotest OK 3.28 s 70/105 DPDK:fast-tests / user_delay_us OK 0.33 s 71/105 DPDK:fast-tests / version_autotest OK 0.32 s 72/105 DPDK:fast-tests / crc_autotest OK 0.38 s 73/105 DPDK:fast-tests / distributor_autotest OK 3.34 s 74/105 DPDK:fast-tests / eventdev_common_autotest OK 0.37 s 75/105 DPDK:fast-tests / fbarray_autotest OK 0.28 s 76/105 DPDK:fast-tests / hash_readwrite_func_autotest SKIP 0.30 s 77/105 DPDK:fast-tests / ipsec_autotest SKIP 0.26 s 78/105 DPDK:fast-tests / kni_autotest SKIP 0.35 s 79/105 DPDK:fast-tests / kvargs_autotest OK 0.45 s 80/105 DPDK:fast-tests / member_autotest OK 3.63 s 81/105 DPDK:fast-tests / power_cpufreq_autotest SKIP 0.33 s 82/105 DPDK:fast-tests / power_autotest OK 0.44 s 83/105 DPDK:fast-tests / power_kvm_vm_autotest SKIP 0.31 s 84/105 DPDK:fast-tests / power_intel_uncore_autotest SKIP 0.41 s 85/105 DPDK:fast-tests / reorder_autotest OK 0.40 s 86/105 DPDK:fast-tests / service_autotest OK 1.63 s 87/105 DPDK:fast-tests / thash_autotest OK 0.52 s 88/105 DPDK:fast-tests / threads_autotest OK 0.84 s 89/105 DPDK:fast-tests / trace_autotest OK 0.40 s 90/105 DPDK:fast-tests / trace_autotest_with_traces OK 0.33 s 91/105 DPDK:fast-tests / graph_autotest OK 0.34 s 92/105 DPDK:fast-tests / metrics_autotest OK 0.14 s 93/105 DPDK:fast-tests / telemetry_json_autotest OK 0.43 s 94/105 DPDK:fast-tests / telemetry_data_autotest OK 0.37 s 95/105 DPDK:fast-tests / table_autotest FAIL 3.18 s (exit status 255 or signal 127 SIGinvalid) 96/105 DPDK:fast-tests / ring_pmd_autotest OK 0.37 s 97/105 DPDK:fast-tests / event_eth_tx_adapter_autotest OK 1.47 s 98/105 DPDK:fast-tests / bitratestats_autotest OK 0.38 s 99/105 DPDK:fast-tests / latencystats_autotest OK 0.27 s 100/105 DPDK:fast-tests / pdump_autotest OK 5.67 s 101/105 DPDK:fast-tests / vdev_autotest OK 0.23 s 102/105 DPDK:fast-tests / bpf_autotest OK 0.24 s 103/105 DPDK:fast-tests / bpf_convert_autotest OK 0.40 s 104/105 DPDK:fast-tests / compressdev_autotest SKIP 0.15 s 105/105 DPDK:fast-tests / telemetry_all SKIP 0.01 s Ok: 95 Expected Fail: 0 Fail: 1 Unexpected Pass: 0 Skipped: 9 Timeout: 0 Full log written to /root/workspace/Generic-Unit-Test-DPDK/dpdk/build/meson-logs/testlog.txt Test log output from the failed test table_autotest: Sorry, we were not able to find the logs for this test. Download the log output from the CI site for this test run. ==== End log output ==== Ubuntu 24.04 Kernel: 5.15 Compiler: gcc gcc (Ubuntu 13.3.0-6ubuntu2~24.04) 13.3.0 CentOS Stream 10 Kernel: 5.15 Compiler: gcc gcc (GCC) 14.2.1 20250110 (Red Hat 14.2.1-8) Fedora Linux 40 Kernel: 5.15 Compiler: clang gcc (GCC) 14.2.1 20240912 (Red Hat 14.2.1-3) Fedora Linux 42 Kernel: 5.15 Compiler: clang gcc (GCC) 15.2.1 20250808 (Red Hat 15.2.1-1) Fedora Linux 41 Kernel: 5.15 Compiler: gcc gcc (GCC) 14.3.1 20250523 (Red Hat 14.3.1-1) Ubuntu 20.04 Kernel: 5.15 Compiler: gcc gcc (Ubuntu 9.4.0-1ubuntu1~20.04.2) 9.4.0 Red Hat Enterprise Linux 8.10 Kernel: 5.15 Compiler: gcc gcc (GCC) 8.5.0 20210514 (Red Hat 8.5.0-22) Red Hat Enterprise Linux 9.5 Kernel: 5.15 Compiler: gcc gcc (GCC) 11.5.0 20240719 (Red Hat 11.5.0-2) CentOS Stream 9 Kernel: 5.15 Compiler: gcc gcc (GCC) 11.5.0 20240719 (Red Hat 11.5.0-11) Debian GNU/Linux 12 Kernel: 5.15 Compiler: gcc gcc (Debian 12.2.0-14+deb12u1) 12.2.0 Ubuntu 22.04 Kernel: 5.15 Compiler: gcc gcc (Ubuntu 11.4.0-1ubuntu1~22.04) 11.4.0 Windows Server 2022 Kernel: 10.0.20348.2031 Compiler: clang 15.0.7, gcc 14.1.0 (MinGW), and MSVC VS 19.39.33521 To view detailed results, visit: https://lab.dpdk.org/results/dashboard/tarballs/35685/ UNH-IOL DPDK Community Lab To manage your email subscriptions, visit: https://lab.dpdk.org/results/dashboard/preferences/subscriptions/