From mboxrd@z Thu Jan 1 00:00:00 1970 Return-Path: Received: from mails.dpdk.org (mails.dpdk.org [217.70.189.124]) by inbox.dpdk.org (Postfix) with ESMTP id 2C56148B7E for ; Sun, 23 Nov 2025 06:28:27 +0100 (CET) Received: from mails.dpdk.org (localhost [127.0.0.1]) by mails.dpdk.org (Postfix) with ESMTP id 0CFD3400D7; Sun, 23 Nov 2025 06:28:27 +0100 (CET) Received: from mail-yx1-f97.google.com (mail-yx1-f97.google.com [74.125.224.97]) by mails.dpdk.org (Postfix) with ESMTP id E8C68400D7 for ; Sun, 23 Nov 2025 06:28:25 +0100 (CET) Received: by mail-yx1-f97.google.com with SMTP id 956f58d0204a3-63e19642764so2420315d50.1 for ; Sat, 22 Nov 2025 21:28:25 -0800 (PST) DKIM-Signature: v=1; a=rsa-sha256; c=relaxed/relaxed; d=iol.unh.edu; s=unh-iol; t=1763875705; x=1764480505; darn=dpdk.org; h=cc:to:from:subject:message-id:date:from:to:cc:subject:date :message-id:reply-to; bh=J1cJZdTb2CuxKegjakeyOLem/FQjzm+Ba55aYADWe6c=; b=Ki5geyUvzbEGde7YdgHUqGB+3yQ42+UyRuuxfH7MY16nAAT2nesH7pVXuaf0Vwdo4/ cu3OkXnika1jDproqxqXx7FWEfWxJFGbfIs1ezaFKlBVK881iWlIKBwQL0vyGKdGGmnj 2/m3nEhrAOgA4qn7FFu1ksn227dIkToK81k20= X-Google-DKIM-Signature: v=1; a=rsa-sha256; c=relaxed/relaxed; d=1e100.net; s=20230601; t=1763875705; x=1764480505; h=cc:to:from:subject:message-id:date:x-gm-gg:x-gm-message-state:from :to:cc:subject:date:message-id:reply-to; bh=J1cJZdTb2CuxKegjakeyOLem/FQjzm+Ba55aYADWe6c=; b=A95y5ss+4HrndS+hx93RP4uH+toetdVrYY5uRZEp6dGJTPI+ydQh/UxLapSIANcisb Eodz1dPU8gE6VZKI1DTNB0N4I+gsgRHZd6iyZ8nAkdRJYLgpkkHfam7A4hne3awQKPOk NXyL9WlnYf9hkOuDXb8npGvR7LLNeAJiUfvuRDfu9irtgAL3NxYOKigFYxZmMA6ads+x DEIj7PeobIvpFU5l/VSeNpMT9ktpA4V0miASdrfbn9R9P96C11il3YMZcXIU6X5PggX0 1Ed2254ESf59XGVIzKUFAH4T4khgrH9s6Om1zTZFEtU95kEi9/4VwCi/5/x3z/jahcdD jPEg== X-Gm-Message-State: AOJu0YyrDO8darOKmY/tennpYGjWnFAgSIKP5/SKToWGdE05uaOM9eV8 gAv7Mpj1Yn9GuZ6oRHdm07W5tfGrSznmr8A+J8ftZotfzId85cEhMqmnNS/9MtlkDBuZ8awOhlm YHYbHCpAj7TSqA52CWd1gskjwSYrQGBO+/4S6 X-Gm-Gg: ASbGncvKxSxDT0COlEQe2YSp6YB05TwoAukfgB95x61B/sVxkH0jY2CEJE4nxIeyAEq K2Hi9uZ8ftXRtPJVXXj2lbAbB5ksNCCQMPxpn0EIneaR9iXmMo7PLgVyo+LNf4WMkpwVJIN014T X/kNZdeqFHSy/D5PDBZEJGrQVf1G+gvOzMnCjzaKKYF0zVF7umJflkfGHLOL4/ch3BE5mi2RF/R vK+ngoK0lJO0FZjAbqAilrqHnzbgrJ2m07Kj0KoqesGpZjXxjY6UiJggJybIs6VfYRrqmBDg/GV iNVsJVLCJAuJCGt780Wd5Ye9xoGmzoZtKU1IEBp/JtqyhhzoBbIkt+GVIxbxv8USn78TWctR0aO OSkk4FVy+UbHjlhnf4u7eOy2XczqRf8KGQJB2hqBuvw== X-Google-Smtp-Source: AGHT+IFzh539awG19eeOf3TywgHKWwCujNPqrcwTHvrDSm2vZrp4fFjzCfgkCGzTdx42Zf6hh/WyoYCNIUIU X-Received: by 2002:a05:690e:2112:b0:63f:9d85:4dd5 with SMTP id 956f58d0204a3-64302ad80edmr4015739d50.60.1763875705084; Sat, 22 Nov 2025 21:28:25 -0800 (PST) Received: from postal.iol.unh.edu (postal.iol.unh.edu. [132.177.123.84]) by smtp-relay.gmail.com with ESMTPS id 956f58d0204a3-642f70cf301sm864549d50.7.2025.11.22.21.28.25 (version=TLS1_2 cipher=ECDHE-ECDSA-AES128-GCM-SHA256 bits=128/128); Sat, 22 Nov 2025 21:28:25 -0800 (PST) X-Relaying-Domain: iol.unh.edu Date: Sat, 22 Nov 2025 21:28:25 -0800 (PST) Message-ID: <69229b79.530a0220.3c2f12.d7e2SMTPIN_ADDED_MISSING@mx.google.com> Received: from [172.21.0.3] (unknown [172.18.0.240]) by postal.iol.unh.edu (Postfix) with ESMTP id B50096051830; Sun, 23 Nov 2025 00:28:24 -0500 (EST) Subject: |FAILURE| [GIT MASTER] d297bb24650efb7040a66a3270e01c94fc8ee4f5 From: dpdklab@iol.unh.edu To: Test Report Cc: dpdk-test-reports@iol.unh.edu, Xueming Li , Kevin Traynor , Luca Boccassi Content-Type: text/plain X-BeenThere: test-report@dpdk.org X-Mailman-Version: 2.1.29 Precedence: list List-Id: automatic DPDK test reports List-Unsubscribe: , List-Archive: List-Post: List-Help: List-Subscribe: , Errors-To: test-report-bounces@dpdk.org _Testing issues_ Branch: tags/v22.11 d297bb24650efb7040a66a3270e01c94fc8ee4f5 --> testing issues Upstream job id: Generic-Unit-Test-DPDK#395237 Test environment and result as below: +-------------------------------+----------------+ | Environment | dpdk_unit_test | +===============================+================+ | Ubuntu 24.04 | FAIL | +-------------------------------+----------------+ | CentOS Stream 10 | FAIL | +-------------------------------+----------------+ | Fedora Linux 40 | PEND | +-------------------------------+----------------+ | Fedora Linux 42 | PEND | +-------------------------------+----------------+ | Fedora Linux 41 | PEND | +-------------------------------+----------------+ | Ubuntu 20.04 | PEND | +-------------------------------+----------------+ | Red Hat Enterprise Linux 8.10 | FAIL | +-------------------------------+----------------+ | Red Hat Enterprise Linux 9.5 | PEND | +-------------------------------+----------------+ | CentOS Stream 9 | PEND | +-------------------------------+----------------+ | Debian GNU/Linux 12 | PEND | +-------------------------------+----------------+ | Ubuntu 22.04 | PEND | +-------------------------------+----------------+ | Windows Server 2022 | PASS | +-------------------------------+----------------+ ==== Unit test summary for Red Hat Enterprise Linux 8.10 (dpdk_unit_test): ==== ninja: Entering directory `/root/workspace/Generic-Unit-Test-DPDK/dpdk/build' ninja: no work to do. 1/105 DPDK:fast-tests / acl_autotest OK 7.01 s 2/105 DPDK:fast-tests / atomic_autotest OK 0.81 s 3/105 DPDK:fast-tests / bitmap_autotest OK 0.34 s 4/105 DPDK:fast-tests / bitops_autotest OK 0.24 s 5/105 DPDK:fast-tests / byteorder_autotest OK 0.25 s 6/105 DPDK:fast-tests / cksum_autotest OK 0.31 s 7/105 DPDK:fast-tests / cmdline_autotest OK 0.14 s 8/105 DPDK:fast-tests / common_autotest OK 0.96 s 9/105 DPDK:fast-tests / cpuflags_autotest OK 0.20 s 10/105 DPDK:fast-tests / debug_autotest OK 2.21 s 11/105 DPDK:fast-tests / devargs_autotest OK 0.33 s 12/105 DPDK:fast-tests / eal_flags_c_opt_autotest OK 1.31 s 13/105 DPDK:fast-tests / eal_flags_main_opt_autotest OK 0.60 s 14/105 DPDK:fast-tests / eal_flags_n_opt_autotest OK 0.86 s 15/105 DPDK:fast-tests / eal_flags_hpet_autotest OK 0.44 s 16/105 DPDK:fast-tests / eal_flags_no_huge_autotest OK 0.86 s 17/105 DPDK:fast-tests / eal_flags_a_opt_autotest OK 0.72 s 18/105 DPDK:fast-tests / eal_flags_b_opt_autotest OK 0.60 s 19/105 DPDK:fast-tests / eal_flags_vdev_opt_autotest OK 0.82 s 20/105 DPDK:fast-tests / eal_flags_r_opt_autotest OK 0.56 s 21/105 DPDK:fast-tests / eal_flags_mem_autotest OK 1.30 s 22/105 DPDK:fast-tests / eal_flags_file_prefix_autotest OK 4.13 s 23/105 DPDK:fast-tests / eal_flags_misc_autotest OK 3.03 s 24/105 DPDK:fast-tests / eal_fs_autotest OK 0.17 s 25/105 DPDK:fast-tests / errno_autotest OK 0.43 s 26/105 DPDK:fast-tests / ethdev_link_status OK 0.27 s 27/105 DPDK:fast-tests / event_ring_autotest OK 0.36 s 28/105 DPDK:fast-tests / fib_autotest OK 1.51 s 29/105 DPDK:fast-tests / fib6_autotest OK 1.62 s 30/105 DPDK:fast-tests / func_reentrancy_autotest OK 1.41 s 31/105 DPDK:fast-tests / hash_autotest OK 0.73 s 32/105 DPDK:fast-tests / interrupt_autotest OK 2.25 s 33/105 DPDK:fast-tests / ipfrag_autotest OK 0.26 s 34/105 DPDK:fast-tests / lcores_autotest OK 27.99 s 35/105 DPDK:fast-tests / logs_autotest OK 0.26 s 36/105 DPDK:fast-tests / lpm_autotest OK 10.07 s 37/105 DPDK:fast-tests / lpm6_autotest OK 14.65 s 38/105 DPDK:fast-tests / malloc_autotest OK 1.51 s 39/105 DPDK:fast-tests / mbuf_autotest OK 0.32 s 40/105 DPDK:fast-tests / mcslock_autotest OK 1.14 s 41/105 DPDK:fast-tests / memcpy_autotest OK 5.82 s 42/105 DPDK:fast-tests / memory_autotest OK 0.16 s 43/105 DPDK:fast-tests / mempool_autotest OK 0.91 s 44/105 DPDK:fast-tests / memzone_autotest OK 0.34 s 45/105 DPDK:fast-tests / meter_autotest OK 0.39 s 46/105 DPDK:fast-tests / multiprocess_autotest OK 0.70 s 47/105 DPDK:fast-tests / node_list_dump OK 0.45 s 48/105 DPDK:fast-tests / per_lcore_autotest OK 0.44 s 49/105 DPDK:fast-tests / pflock_autotest OK 0.49 s 50/105 DPDK:fast-tests / prefetch_autotest OK 0.35 s 51/105 DPDK:fast-tests / rcu_qsbr_autotest OK 0.49 s 52/105 DPDK:fast-tests / pie_autotest OK 0.30 s 53/105 DPDK:fast-tests / rib_autotest OK 11.34 s 54/105 DPDK:fast-tests / rib6_autotest OK 11.16 s 55/105 DPDK:fast-tests / ring_autotest OK 0.26 s 56/105 DPDK:fast-tests / rwlock_test1_autotest OK 0.67 s 57/105 DPDK:fast-tests / rwlock_rda_autotest OK 5.25 s 58/105 DPDK:fast-tests / rwlock_rds_wrm_autotest OK 5.32 s 59/105 DPDK:fast-tests / rwlock_rde_wro_autotest OK 5.28 s 60/105 DPDK:fast-tests / sched_autotest OK 0.33 s 61/105 DPDK:fast-tests / security_autotest OK 0.30 s 62/105 DPDK:fast-tests / seqlock_autotest SKIP 0.19 s 63/105 DPDK:fast-tests / spinlock_autotest OK 0.48 s 64/105 DPDK:fast-tests / stack_autotest OK 0.26 s 65/105 DPDK:fast-tests / stack_lf_autotest OK 0.35 s 66/105 DPDK:fast-tests / string_autotest OK 0.27 s 67/105 DPDK:fast-tests / tailq_autotest OK 0.24 s 68/105 DPDK:fast-tests / ticketlock_autotest OK 0.57 s 69/105 DPDK:fast-tests / timer_autotest OK 3.13 s 70/105 DPDK:fast-tests / user_delay_us OK 0.27 s 71/105 DPDK:fast-tests / version_autotest OK 0.36 s 72/105 DPDK:fast-tests / crc_autotest OK 0.22 s 73/105 DPDK:fast-tests / distributor_autotest OK 2.72 s 74/105 DPDK:fast-tests / eventdev_common_autotest OK 0.34 s 75/105 DPDK:fast-tests / fbarray_autotest OK 0.34 s 76/105 DPDK:fast-tests / hash_readwrite_func_autotest SKIP 0.25 s 77/105 DPDK:fast-tests / ipsec_autotest SKIP 0.37 s 78/105 DPDK:fast-tests / kni_autotest SKIP 0.39 s 79/105 DPDK:fast-tests / kvargs_autotest OK 0.31 s 80/105 DPDK:fast-tests / member_autotest OK 2.30 s 81/105 DPDK:fast-tests / power_cpufreq_autotest SKIP 0.27 s 82/105 DPDK:fast-tests / power_autotest OK 0.18 s 83/105 DPDK:fast-tests / power_kvm_vm_autotest SKIP 0.25 s 84/105 DPDK:fast-tests / power_intel_uncore_autotest SKIP 0.32 s 85/105 DPDK:fast-tests / reorder_autotest OK 0.37 s 86/105 DPDK:fast-tests / service_autotest OK 2.01 s 87/105 DPDK:fast-tests / thash_autotest OK 0.41 s 88/105 DPDK:fast-tests / threads_autotest OK 0.60 s 89/105 DPDK:fast-tests / trace_autotest OK 0.34 s 90/105 DPDK:fast-tests / trace_autotest_with_traces OK 0.30 s 91/105 DPDK:fast-tests / graph_autotest OK 0.24 s 92/105 DPDK:fast-tests / metrics_autotest OK 0.23 s 93/105 DPDK:fast-tests / telemetry_json_autotest OK 0.34 s 94/105 DPDK:fast-tests / telemetry_data_autotest OK 0.28 s 95/105 DPDK:fast-tests / table_autotest FAIL 1.98 s (exit status 255 or signal 127 SIGinvalid) 96/105 DPDK:fast-tests / ring_pmd_autotest OK 0.19 s 97/105 DPDK:fast-tests / event_eth_tx_adapter_autotest OK 1.01 s 98/105 DPDK:fast-tests / bitratestats_autotest OK 0.52 s 99/105 DPDK:fast-tests / latencystats_autotest OK 0.27 s 100/105 DPDK:fast-tests / pdump_autotest OK 5.69 s 101/105 DPDK:fast-tests / vdev_autotest OK 0.37 s 102/105 DPDK:fast-tests / bpf_autotest OK 0.34 s 103/105 DPDK:fast-tests / bpf_convert_autotest OK 0.17 s 104/105 DPDK:fast-tests / compressdev_autotest SKIP 0.30 s 105/105 DPDK:fast-tests / telemetry_all SKIP 0.01 s Ok: 95 Expected Fail: 0 Fail: 1 Unexpected Pass: 0 Skipped: 9 Timeout: 0 Full log written to /root/workspace/Generic-Unit-Test-DPDK/dpdk/build/meson-logs/testlog.txt Test log output from the failed test table_autotest: Sorry, we were not able to find the logs for this test. Download the log output from the CI site for this test run. ==== End log output ==== Ubuntu 24.04 Kernel: 5.15 Compiler: gcc gcc (Ubuntu 13.3.0-6ubuntu2~24.04) 13.3.0 CentOS Stream 10 Kernel: 5.15 Compiler: gcc gcc (GCC) 14.2.1 20250110 (Red Hat 14.2.1-8) Fedora Linux 40 Kernel: 5.15 Compiler: clang gcc (GCC) 14.2.1 20240912 (Red Hat 14.2.1-3) Fedora Linux 42 Kernel: 5.15 Compiler: clang gcc (GCC) 15.2.1 20250808 (Red Hat 15.2.1-1) Fedora Linux 41 Kernel: 5.15 Compiler: gcc gcc (GCC) 14.3.1 20250523 (Red Hat 14.3.1-1) Ubuntu 20.04 Kernel: 5.15 Compiler: gcc gcc (Ubuntu 9.4.0-1ubuntu1~20.04.2) 9.4.0 Red Hat Enterprise Linux 8.10 Kernel: 5.15 Compiler: gcc gcc (GCC) 8.5.0 20210514 (Red Hat 8.5.0-22) Red Hat Enterprise Linux 9.5 Kernel: 5.15 Compiler: gcc gcc (GCC) 11.5.0 20240719 (Red Hat 11.5.0-2) CentOS Stream 9 Kernel: 5.15 Compiler: gcc gcc (GCC) 11.5.0 20240719 (Red Hat 11.5.0-11) Debian GNU/Linux 12 Kernel: 5.15 Compiler: gcc gcc (Debian 12.2.0-14+deb12u1) 12.2.0 Ubuntu 22.04 Kernel: 5.15 Compiler: gcc gcc (Ubuntu 11.4.0-1ubuntu1~22.04) 11.4.0 Windows Server 2022 Kernel: 10.0.20348.2031 Compiler: clang 15.0.7, gcc 14.1.0 (MinGW), and MSVC VS 19.39.33521 To view detailed results, visit: https://lab.dpdk.org/results/dashboard/tarballs/35685/ UNH-IOL DPDK Community Lab To manage your email subscriptions, visit: https://lab.dpdk.org/results/dashboard/preferences/subscriptions/