From mboxrd@z Thu Jan 1 00:00:00 1970 Return-Path: Received: from mails.dpdk.org (mails.dpdk.org [217.70.189.124]) by inbox.dpdk.org (Postfix) with ESMTP id A2C0448B7E for ; Sun, 23 Nov 2025 07:32:37 +0100 (CET) Received: from mails.dpdk.org (localhost [127.0.0.1]) by mails.dpdk.org (Postfix) with ESMTP id 84777400D7; Sun, 23 Nov 2025 07:32:37 +0100 (CET) Received: from mail-qv1-f97.google.com (mail-qv1-f97.google.com [209.85.219.97]) by mails.dpdk.org (Postfix) with ESMTP id 39FC3400D7 for ; Sun, 23 Nov 2025 07:32:36 +0100 (CET) Received: by mail-qv1-f97.google.com with SMTP id 6a1803df08f44-882399d60baso27082386d6.0 for ; Sat, 22 Nov 2025 22:32:36 -0800 (PST) DKIM-Signature: v=1; a=rsa-sha256; c=relaxed/relaxed; d=iol.unh.edu; s=unh-iol; t=1763879555; x=1764484355; darn=dpdk.org; h=cc:to:from:subject:message-id:date:from:to:cc:subject:date :message-id:reply-to; bh=xfbJkX6m7X0UJahGKGcAl1ZEHfsAFFl8jL6NixZuax4=; b=g4jiDGbUmMscTdPy/oXRsFlQ6m7ITYyAYSQYVclwqmfR1jEWCS2DbNUyZIr8JCuMSO RU+Zi1g+TdQQLUovPsJTq9Ps5S9tK1axiukCbsY36/8bLDypLxdDntzBC2B/3OvJhD8D ARoALa/813tYidMS5jC2E/PXWU5TrEVNyd2WY= X-Google-DKIM-Signature: v=1; a=rsa-sha256; c=relaxed/relaxed; d=1e100.net; s=20230601; t=1763879555; x=1764484355; h=cc:to:from:subject:message-id:date:x-gm-gg:x-gm-message-state:from :to:cc:subject:date:message-id:reply-to; bh=xfbJkX6m7X0UJahGKGcAl1ZEHfsAFFl8jL6NixZuax4=; b=tdw/ikN6W4GtU+UXT1ckaUSXAkZJUS3YWWK0trbCPB+flGw0SevtfSXPRufbXFnU/X Bppfu7EbuZurkoKWGkH3jFW0GyK0fd3YQHbpQZDZwf9fjQ2Ce4231bNofs+Z6Nl1NuYq 75lxn3vcQaMVlbtqxBJN68YQYU4lusoj1sIX8V0NljJZYWzG9WV6fwYKNBYxBVEKKxEk jSiDwVrF/TuFn5hGhqo6kulp7qTjuYIL524f8tqY8iF6QhIMiBl1x2hEo2VJtCL0gqFD FULNOJaurQkAL+b47eoErsFw0jBCmwmdg8O+RmZ5ZxElnoQdjsAY77rfSGKvIXI324oE SufQ== X-Gm-Message-State: AOJu0YwnN7SEhC+ZMoOru6pGcPxC0aOeOWGGA4d9BiIUd98jJwe1tkhd EZbUAvunRhZtvQ7MBuDZ1LRHMCvP7yaODNLtym5+7NRQhkjPMnnwOOr4YNQGd7T8uYGeUv+ejbn q3xHKRPp420G11ylY7P89FNgpgEwxknEEa/1c X-Gm-Gg: ASbGncuMHkd0elBSGQ05grfcRMZ12NMB24YlUAD6eWZlX5sTo6mH49Lz5cOYW4UslP3 Y8y2jqOcnNQWIyybIxhrJ0qibZmgDE8mFQIAfalM95SbFyfK3i5v2KHlvR6E2dsHz6VF9Bk6McR fflZHQecW+qq1JMen3LZuj0kgqmOOC3eZPAbmwa87wV0SUt0cFLq3hqxPL9ZNdv4PtmJ+OfQzkX pepdo6IyRaDpYu3hOf256NhGpAmt0nFKFRaMLT/US6dtM5a5Me+qrJU/BinhlfFpllnddgw7UEs MttEaYcgO11ok9GuofdhAwnT7YgJy5mtHMu6Tl6EDf67Oepcd3+5GNpl32T0RyZ2QK2woPhY0bg 1GqZgl8fkB0wVtnlzR8nbubLtz1hYiAPgynoVrSTBcw== X-Google-Smtp-Source: AGHT+IHZOqYueKPpggFHLoaOua1mFE7NoO63yaID+NVl1GBplSRjYqpspNUpDgo2z5/8jcJxRz1i+vg48K4n X-Received: by 2002:a05:6214:4116:b0:880:3ce2:65ad with SMTP id 6a1803df08f44-8847c54825dmr119409736d6.41.1763879555531; Sat, 22 Nov 2025 22:32:35 -0800 (PST) Received: from postal.iol.unh.edu (postal.iol.unh.edu. [132.177.123.84]) by smtp-relay.gmail.com with ESMTPS id 6a1803df08f44-8846e5761d6sm12402546d6.20.2025.11.22.22.32.35 (version=TLS1_2 cipher=ECDHE-ECDSA-AES128-GCM-SHA256 bits=128/128); Sat, 22 Nov 2025 22:32:35 -0800 (PST) X-Relaying-Domain: iol.unh.edu Date: Sat, 22 Nov 2025 22:32:35 -0800 (PST) Message-ID: <6922aa83.d40a0220.2a74a9.cd23SMTPIN_ADDED_MISSING@mx.google.com> Received: from [172.21.0.3] (unknown [172.18.0.240]) by postal.iol.unh.edu (Postfix) with ESMTP id 3CB026051830; Sun, 23 Nov 2025 01:32:35 -0500 (EST) Subject: |FAILURE| [GIT MASTER] 62f583c49bf67dd4d6733ece14e55fe6839e66d1 From: dpdklab@iol.unh.edu To: Test Report Cc: dpdk-test-reports@iol.unh.edu, Xueming Li , Kevin Traynor , Luca Boccassi Content-Type: text/plain X-BeenThere: test-report@dpdk.org X-Mailman-Version: 2.1.29 Precedence: list List-Id: automatic DPDK test reports List-Unsubscribe: , List-Archive: List-Post: List-Help: List-Subscribe: , Errors-To: test-report-bounces@dpdk.org _Testing issues_ Branch: tags/v23.11 62f583c49bf67dd4d6733ece14e55fe6839e66d1 --> testing issues Upstream job id: Generic-DPDK-Compile-Meson#446830 Test environment and result as below: +-------------------------------+--------------------+------------------+-------------------+-------------------------+----------------------+ | Environment | dpdk_meson_compile | dpdk_compile_ovs | dpdk_msvc_compile | dpdk_llvm_clang_compile | dpdk_mingw64_compile | +===============================+====================+==================+===================+=========================+======================+ | CentOS Stream 9 | PASS | SKIPPED | SKIPPED | SKIPPED | SKIPPED | +-------------------------------+--------------------+------------------+-------------------+-------------------------+----------------------+ | Red Hat Enterprise Linux 9.5 | PASS | SKIPPED | SKIPPED | SKIPPED | SKIPPED | +-------------------------------+--------------------+------------------+-------------------+-------------------------+----------------------+ | Fedora Linux 42 | FAIL | WARN | SKIPPED | SKIPPED | SKIPPED | +-------------------------------+--------------------+------------------+-------------------+-------------------------+----------------------+ | Debian GNU/Linux 12 | PASS | SKIPPED | SKIPPED | SKIPPED | SKIPPED | +-------------------------------+--------------------+------------------+-------------------+-------------------------+----------------------+ | CentOS Stream 10 | PASS | SKIPPED | SKIPPED | SKIPPED | SKIPPED | +-------------------------------+--------------------+------------------+-------------------+-------------------------+----------------------+ | openSUSE Leap 15.6 | PASS | SKIPPED | SKIPPED | SKIPPED | SKIPPED | +-------------------------------+--------------------+------------------+-------------------+-------------------------+----------------------+ | Red Hat Enterprise Linux 8.10 | PASS | SKIPPED | SKIPPED | SKIPPED | SKIPPED | +-------------------------------+--------------------+------------------+-------------------+-------------------------+----------------------+ | Ubuntu 20.04 | PASS | SKIPPED | SKIPPED | SKIPPED | SKIPPED | +-------------------------------+--------------------+------------------+-------------------+-------------------------+----------------------+ | Ubuntu 22.04 | PASS | SKIPPED | SKIPPED | SKIPPED | SKIPPED | +-------------------------------+--------------------+------------------+-------------------+-------------------------+----------------------+ | Alpine Linux 3.22.0 | PASS | SKIPPED | SKIPPED | SKIPPED | SKIPPED | +-------------------------------+--------------------+------------------+-------------------+-------------------------+----------------------+ | Ubuntu 24.04 | PASS | PASS | SKIPPED | SKIPPED | SKIPPED | +-------------------------------+--------------------+------------------+-------------------+-------------------------+----------------------+ | FreeBSD 14.2 | PASS | SKIPPED | SKIPPED | SKIPPED | SKIPPED | +-------------------------------+--------------------+------------------+-------------------+-------------------------+----------------------+ | Windows Server 2022 | SKIPPED | SKIPPED | PASS | SKIPPED | PASS | +-------------------------------+--------------------+------------------+-------------------+-------------------------+----------------------+ | Windows Server 2025 | SKIPPED | SKIPPED | SKIPPED | PASS | SKIPPED | +-------------------------------+--------------------+------------------+-------------------+-------------------------+----------------------+ ==== 20 line log output for Fedora Linux 42 (dpdk_compile_ovs): ==== --- Failed to get log output --- ==== End log output ==== CentOS Stream 9 Kernel: 5.15 Compiler: gcc gcc (GCC) 11.5.0 20240719 (Red Hat 11.5.0-11) Red Hat Enterprise Linux 9.5 Kernel: 5.15 Compiler: gcc gcc (GCC) 11.5.0 20240719 (Red Hat 11.5.0-2) Fedora Linux 42 Kernel: 5.15 Compiler: clang gcc (GCC) 15.2.1 20250808 (Red Hat 15.2.1-1) Debian GNU/Linux 12 Kernel: 5.15 Compiler: gcc gcc (Debian 12.2.0-14+deb12u1) 12.2.0 CentOS Stream 10 Kernel: 5.15 Compiler: gcc gcc (GCC) 14.2.1 20250110 (Red Hat 14.2.1-8) openSUSE Leap 15.6 Kernel: 5.15 Compiler: gcc gcc (SUSE Linux) 7.5.0 Red Hat Enterprise Linux 8.10 Kernel: 5.15 Compiler: gcc gcc (GCC) 8.5.0 20210514 (Red Hat 8.5.0-22) Ubuntu 20.04 Kernel: 4.19 Compiler: gcc gcc (Ubuntu 9.4.0-1ubuntu1~20.04.2) 9.4.0 Ubuntu 22.04 Kernel: 5.15 Compiler: gcc gcc (Ubuntu 11.4.0-1ubuntu1~22.04) 11.4.0 Alpine Linux 3.22.0 Kernel: 5.15 Compiler: gcc gcc (Alpine 14.2.0) 14.2.0 Ubuntu 24.04 Kernel: 5.15 Compiler: gcc gcc (Ubuntu 13.3.0-6ubuntu2~24.04) 13.3.0 FreeBSD 14.2 Kernel: 14.2-RELEASE Compiler: clang 18.1.6 Windows Server 2022 Kernel: 10.0.20348.2031 Compiler: clang 15.0.7, gcc 14.1.0 (MinGW), and MSVC VS 19.39.33521 Windows Server 2025 Kernel: 10.0.26100 Compiler: clang 15.0.7, gcc 14.1.0 (MinGW), and MSVC VS 19.39.33521 To view detailed results, visit: https://lab.dpdk.org/results/dashboard/tarballs/35684/ UNH-IOL DPDK Community Lab To manage your email subscriptions, visit: https://lab.dpdk.org/results/dashboard/preferences/subscriptions/