From mboxrd@z Thu Jan 1 00:00:00 1970 Return-Path: Received: from mails.dpdk.org (mails.dpdk.org [217.70.189.124]) by inbox.dpdk.org (Postfix) with ESMTP id 61F3548B7E for ; Sun, 23 Nov 2025 07:39:33 +0100 (CET) Received: from mails.dpdk.org (localhost [127.0.0.1]) by mails.dpdk.org (Postfix) with ESMTP id 40845400D7; Sun, 23 Nov 2025 07:39:33 +0100 (CET) Received: from mail-pl1-f228.google.com (mail-pl1-f228.google.com [209.85.214.228]) by mails.dpdk.org (Postfix) with ESMTP id 8F8F3400D7 for ; Sun, 23 Nov 2025 07:39:32 +0100 (CET) Received: by mail-pl1-f228.google.com with SMTP id d9443c01a7336-297ef378069so29738485ad.3 for ; Sat, 22 Nov 2025 22:39:32 -0800 (PST) DKIM-Signature: v=1; a=rsa-sha256; c=relaxed/relaxed; d=iol.unh.edu; s=unh-iol; t=1763879971; x=1764484771; darn=dpdk.org; h=cc:to:from:subject:message-id:date:from:to:cc:subject:date :message-id:reply-to; bh=GK7BugEmT2ghErGAueDxhuAqiaCcMKvlDSUPq5RLiCY=; b=Vwmk0uQdsTS45pPpN3RGqJC+7eeLmxtvul3BYHlvaZhsl9RIXH0+J0blQnjc0pjoVP CFLpdTVUT4cq8RPMZSrfCG2HJIACJ442vSucB2N0EKfmCqBs4YdMOvXulWf/o6qjqpaa yKH7FHUfWSKsYF63zOlbpe4wFFlzVqM9swBaM= X-Google-DKIM-Signature: v=1; a=rsa-sha256; c=relaxed/relaxed; d=1e100.net; s=20230601; t=1763879971; x=1764484771; h=cc:to:from:subject:message-id:date:x-gm-gg:x-gm-message-state:from :to:cc:subject:date:message-id:reply-to; bh=GK7BugEmT2ghErGAueDxhuAqiaCcMKvlDSUPq5RLiCY=; b=i3MCMNUxYOB0XQgQzKCCAuM+TL+hIP43D9W9RW3W3VR9wZtg5hPJs17opSWJ5jjaot DiSmtFBC216lrC/w6sXE3F49vEEF3LTWOcOmranvBFguNjBzeOke3r2Yisez2BxpEz5U fGMrhAgtQmbazmsU+sYe7drAvJ2rnuToQYInz+B17XMSf/4eteY55actnWyDIheTsf8z Fi/6qWeW19JGERWGCVQUkUp0j3LSolUKrarJCRIw9MPHmD3fwWKYlVIVztx78H07YNQZ Mx2QYawFiAgHGS8Kkus5pNEhQcal5mpSZ2uykYMB+UsFkz90eIxAj+poTtWGvNCasfE7 Ph1Q== X-Gm-Message-State: AOJu0Ywht859BRJPHgnqZn/h/0XAvE2Fd94m7YqaOJ829xRKHJ/Hc9Rg VNceQOK0IkewZ08wxdiFAyunBR8PUnIQKPdUCyDvegtiKFfVU/z54wJGe/wsPSBiIv6Vzw9W/AW HMbQAC8Pw/D3sVN2iRwseV1hmSFCeM2Brzo7Tga2oVBwZ1xPKB7BC X-Gm-Gg: ASbGnctCLlLMlha4wbT74/QAgpABj6N5Qv6jp8CwhRcN/+5nri9MpHMr77rLE0baXkO I1cfl0pUGOfDHEuGzjLr05RDuTcXTyIOHrjc+otyH7Ts1Xec6JKMpOMFg79sUl/pqttEMN3L3qk EckaU2+Kow3RtNZc2bz3eZg18PT1nYp+XSjg9jKdDPWIr/77Y2f0BnvcwSjFm1TLmVrwB0gqj3D srvJo71d49wyLit/WtUEWbb3E5jKzFceWa1aUIlg+8b91rObHK2tJlsyKFR0GgpwPcJlW1IRZP+ cI82NAmX0Y1u2k0ubOwrlPkvv3sT7jRcrqcv6efb/m9+GkAhtFIAqAyKnPDcOLPhNrRlqE0ddww dX7THrLaBJloC/7RPWUw= X-Google-Smtp-Source: AGHT+IH9/g/aObAfGAhDiZ4XvJPLpoBVN/42X4rq4pBKradv8sOkCByA56NEjTaGSBt+fN+5qZgNBqFhG0oA X-Received: by 2002:a17:903:1247:b0:295:a1a5:baee with SMTP id d9443c01a7336-29b6be94808mr84195195ad.4.1763879971604; Sat, 22 Nov 2025 22:39:31 -0800 (PST) Received: from postal.iol.unh.edu (postal.iol.unh.edu. [2606:4100:3880:1234::84]) by smtp-relay.gmail.com with ESMTPS id d9443c01a7336-29b5b1f4fa7sm11908125ad.32.2025.11.22.22.39.31 (version=TLS1_2 cipher=ECDHE-ECDSA-AES128-GCM-SHA256 bits=128/128); Sat, 22 Nov 2025 22:39:31 -0800 (PST) X-Relaying-Domain: iol.unh.edu Date: Sat, 22 Nov 2025 22:39:31 -0800 (PST) Message-ID: <6922ac23.170a0220.3290aa.b392SMTPIN_ADDED_MISSING@mx.google.com> Received: from [172.21.0.3] (unknown [172.18.0.240]) by postal.iol.unh.edu (Postfix) with ESMTP id C75A26051830; Sun, 23 Nov 2025 01:39:30 -0500 (EST) Subject: |FAILURE| [GIT MASTER] 62f583c49bf67dd4d6733ece14e55fe6839e66d1 From: dpdklab@iol.unh.edu To: Test Report Cc: dpdk-test-reports@iol.unh.edu, Xueming Li , Kevin Traynor , Luca Boccassi Content-Type: text/plain X-BeenThere: test-report@dpdk.org X-Mailman-Version: 2.1.29 Precedence: list List-Id: automatic DPDK test reports List-Unsubscribe: , List-Archive: List-Post: List-Help: List-Subscribe: , Errors-To: test-report-bounces@dpdk.org _Testing issues_ Branch: tags/v23.11 62f583c49bf67dd4d6733ece14e55fe6839e66d1 --> testing issues Upstream job id: Generic-Unit-Test-DPDK#395267 Test environment and result as below: +-------------------------------+----------------+ | Environment | dpdk_unit_test | +===============================+================+ | CentOS Stream 10 | PASS | +-------------------------------+----------------+ | CentOS Stream 9 | PASS | +-------------------------------+----------------+ | Fedora Linux 42 | PASS | +-------------------------------+----------------+ | Fedora Linux 40 | PASS | +-------------------------------+----------------+ | Ubuntu 20.04 | PASS | +-------------------------------+----------------+ | Fedora Linux 41 | PASS | +-------------------------------+----------------+ | Debian GNU/Linux 12 | PASS | +-------------------------------+----------------+ | Ubuntu 22.04 | PASS | +-------------------------------+----------------+ | Red Hat Enterprise Linux 8.10 | PASS | +-------------------------------+----------------+ | Red Hat Enterprise Linux 9.5 | PASS | +-------------------------------+----------------+ | Ubuntu 24.04 | PASS | +-------------------------------+----------------+ | Windows Server 2022 | FAIL | +-------------------------------+----------------+ ==== Unit test summary for Windows Server 2022 (dpdk_unit_test): ==== Failed to get the unit test results. Displaying the unit test results is not supported for some environments, such as our aarch32 testing, where meson is not used to run the tests. Download the logs available on our CI site. ==== End log output ==== CentOS Stream 10 Kernel: 5.15 Compiler: gcc gcc (GCC) 14.2.1 20250110 (Red Hat 14.2.1-8) CentOS Stream 9 Kernel: 5.15 Compiler: gcc gcc (GCC) 11.5.0 20240719 (Red Hat 11.5.0-11) Fedora Linux 42 Kernel: 5.15 Compiler: gcc gcc (GCC) 15.2.1 20250808 (Red Hat 15.2.1-1) Fedora Linux 40 Kernel: 5.15 Compiler: clang gcc (GCC) 14.2.1 20240912 (Red Hat 14.2.1-3) Ubuntu 20.04 Kernel: 5.15 Compiler: gcc gcc (Ubuntu 9.4.0-1ubuntu1~20.04.2) 9.4.0 Fedora Linux 41 Kernel: 5.15 Compiler: gcc gcc (GCC) 14.3.1 20250523 (Red Hat 14.3.1-1) Debian GNU/Linux 12 Kernel: 5.15 Compiler: gcc gcc (Debian 12.2.0-14+deb12u1) 12.2.0 Ubuntu 22.04 Kernel: 5.15 Compiler: gcc gcc (Ubuntu 11.4.0-1ubuntu1~22.04) 11.4.0 Red Hat Enterprise Linux 8.10 Kernel: 5.15 Compiler: gcc gcc (GCC) 8.5.0 20210514 (Red Hat 8.5.0-22) Red Hat Enterprise Linux 9.5 Kernel: 5.15 Compiler: gcc gcc (GCC) 11.5.0 20240719 (Red Hat 11.5.0-2) Ubuntu 24.04 Kernel: 5.15 Compiler: gcc gcc (Ubuntu 13.3.0-6ubuntu2~24.04) 13.3.0 Windows Server 2022 Kernel: 10.0.20348.2031 Compiler: clang 15.0.7, gcc 14.1.0 (MinGW), and MSVC VS 19.39.33521 To view detailed results, visit: https://lab.dpdk.org/results/dashboard/tarballs/35684/ UNH-IOL DPDK Community Lab To manage your email subscriptions, visit: https://lab.dpdk.org/results/dashboard/preferences/subscriptions/