* [dpdk-test-report] |FAILURE| pw87638 [PATCH] [v2] net/i40e: fix avx code error on MinGW
@ 2021-02-02 16:18 dpdklab
0 siblings, 0 replies; only message in thread
From: dpdklab @ 2021-02-02 16:18 UTC (permalink / raw)
To: Test Report; +Cc: dpdk-test-reports
[-- Attachment #1: Type: text/plain, Size: 4451 bytes --]
Test-Label: iol-testing
Test-Status: FAILURE
http://dpdk.org/patch/87638
_Testing issues_
Submitter: Leyi Rong <leyi.rong@intel.com>
Date: Tuesday, February 02 2021 14:32:58
DPDK git baseline: Repo:dpdk
Branch: master
CommitID:3021257a8111d204dc7741bd67a2502efffb6842
87638 --> testing fail
Test environment and result as below:
+---------------------+----------------+----------------------+--------------------+-------------------+
| Environment | dpdk_unit_test | dpdk_mingw64_compile | dpdk_meson_compile | dpdk_compile_spdk |
+=====================+================+======================+====================+===================+
| Ubuntu 18.04 | FAIL | SKIPPED | PASS | FAIL |
+---------------------+----------------+----------------------+--------------------+-------------------+
| Ubuntu 18.04 ARM | PASS | SKIPPED | PASS | SKIPPED |
+---------------------+----------------+----------------------+--------------------+-------------------+
| Windows Server 2019 | SKIPPED | PASS | PASS | SKIPPED |
+---------------------+----------------+----------------------+--------------------+-------------------+
| FreeBSD 11.2 | SKIPPED | SKIPPED | FAIL | SKIPPED |
+---------------------+----------------+----------------------+--------------------+-------------------+
| CentOS 8 | SKIPPED | SKIPPED | PASS | SKIPPED |
+---------------------+----------------+----------------------+--------------------+-------------------+
| openSUSE Leap 15 | SKIPPED | SKIPPED | PASS | SKIPPED |
+---------------------+----------------+----------------------+--------------------+-------------------+
| Arch Linux | SKIPPED | SKIPPED | PASS | SKIPPED |
+---------------------+----------------+----------------------+--------------------+-------------------+
| Fedora 31 | SKIPPED | SKIPPED | PASS | FAIL |
+---------------------+----------------+----------------------+--------------------+-------------------+
==== 20 line log output for Ubuntu 18.04 (dpdk_unit_test): ====
Build dir: /home/jenkins-local/jenkins-agent/workspace/Ubuntu18.04-Unit-Test-DPDK/dpdk/build
Build type: native build
Program cat found: YES (/bin/cat)
Project name: DPDK
Project version: 21.02.0-rc2
C compiler for the host machine: cc (gcc 7.5.0 "cc (Ubuntu 7.5.0-3ubuntu1~18.04) 7.5.0")
C linker for the host machine: cc ld.bfd 2.30
Host machine cpu family: x86_64
Host machine cpu: x86_64
Program pkg-config found: YES (/usr/bin/pkg-config)
Program list-dir-globs.py found: YES (/home/jenkins-local/jenkins-agent/workspace/Ubuntu18.04-Unit-Test-DPDK/dpdk/buildtools/list-dir-globs.py)
Program check-symbols.sh found: YES (/home/jenkins-local/jenkins-agent/workspace/Ubuntu18.04-Unit-Test-DPDK/dpdk/buildtools/check-symbols.sh)
Program options-ibverbs-static.sh found: YES (/home/jenkins-local/jenkins-agent/workspace/Ubuntu18.04-Unit-Test-DPDK/dpdk/buildtools/options-ibverbs-static.sh)
Program binutils-avx512-check.sh found: YES (/home/jenkins-local/jenkins-agent/workspace/Ubuntu18.04-Unit-Test-DPDK/dpdk/buildtools/binutils-avx512-check.sh)
Program python3 found: YES (/usr/bin/python3)
buildtools/meson.build:45:2: ERROR: Problem encountered: missing python module: elftools
A full log can be found at /home/jenkins-local/jenkins-agent/workspace/Ubuntu18.04-Unit-Test-DPDK/dpdk/build/meson-logs/meson-log.txt
[1] Error running command.
==== End log output ====
Ubuntu 18.04
Kernel: 4.15.0-generic
Compiler: gcc 7.5
Ubuntu 18.04 ARM
Kernel: 5.4.0-53-generic
Compiler: gcc 9.3
Windows Server 2019
Kernel: 10.0
Compiler: clang 9.0 and gcc 8.1.0 (MinGW)
FreeBSD 11.2
Kernel: 11.2
Compiler: gcc 8.3
CentOS 8
Kernel: 4.18.0.el8_0
Compiler: gcc 8.3.1
openSUSE Leap 15
Kernel: 4.12.14
Compiler: gcc 7.4.1
Arch Linux
Kernel: latest
Compiler: gcc latest
Fedora 31
Kernel: 5.3.16
Compiler: gcc 9.2.1
To view detailed results, visit:
https://lab.dpdk.org/results/dashboard/patchsets/15493/
UNH-IOL DPDK Community Lab
To manage your email subscriptions, visit:
https://lab.dpdk.org/results/dashboard/preferences/subscriptions/
^ permalink raw reply [flat|nested] only message in thread
only message in thread, other threads:[~2021-02-02 16:18 UTC | newest]
Thread overview: (only message) (download: mbox.gz / follow: Atom feed)
-- links below jump to the message on this page --
2021-02-02 16:18 [dpdk-test-report] |FAILURE| pw87638 [PATCH] [v2] net/i40e: fix avx code error on MinGW dpdklab
This is a public inbox, see mirroring instructions
for how to clone and mirror all data and code used for this inbox;
as well as URLs for NNTP newsgroup(s).