* |WARNING| pw113497 [PATCH] [v1] examples/fips_validation: add parsing for xts
@ 2022-07-02 7:06 dpdklab
0 siblings, 0 replies; 2+ messages in thread
From: dpdklab @ 2022-07-02 7:06 UTC (permalink / raw)
To: Test Report
Cc: dpdklab, David Marchand, Thomas Monjalon, Gowrishankar Muthukrishnan
[-- Attachment #1: Type: text/plain, Size: 6329 bytes --]
Test-Label: iol-abi-testing
Test-Status: WARNING
http://dpdk.org/patch/113497
_Testing issues_
Submitter: Gowrishankar Muthukrishnan <gmuthukrishn@marvell.com>
Date: Tuesday, June 28 2022 07:58:56
DPDK git baseline: Repo:dpdk
Branch: master
CommitID:7cac53f205ebd04d8ebd3ee6a9dd84f698d4ada3
113497 --> testing fail
Test environment and result as below:
+-----------------------------+----------+
| Environment | abi_test |
+=============================+==========+
| Alpine | FAIL |
+-----------------------------+----------+
| RHEL 7 | PASS |
+-----------------------------+----------+
| Ubuntu 20.04 ARM GCC Native | PASS |
+-----------------------------+----------+
| Arch Linux | PASS |
+-----------------------------+----------+
| Ubuntu 18.04 | PASS |
+-----------------------------+----------+
| openSUSE Leap 15 | PASS |
+-----------------------------+----------+
| CentOS Stream 8 | PASS |
+-----------------------------+----------+
| Fedora 32 | PASS |
+-----------------------------+----------+
| Fedora 34 | PASS |
+-----------------------------+----------+
| RHEL8 | PASS |
+-----------------------------+----------+
| Fedora 31 | PASS |
+-----------------------------+----------+
| Ubuntu 20.04 | PASS |
+-----------------------------+----------+
| Fedora 34 clang | PASS |
+-----------------------------+----------+
| Fedora 33 | PASS |
+-----------------------------+----------+
==== 20 line log output for Alpine (abi_test): ====
[132/3353] Compiling C object 'examples/c590b3c@@dpdk-cmdline@exe/cmdline_commands.c.o'.
[133/3353] Compiling C object 'examples/c590b3c@@dpdk-l2fwd@exe/l2fwd_main.c.o'.
[134/3353] Compiling C object 'examples/c590b3c@@dpdk-l2fwd-crypto@exe/l2fwd-crypto_main.c.o'.
[135/3353] Compiling C object 'examples/c590b3c@@dpdk-l2fwd-event@exe/l2fwd-event_main.c.o'.
[136/3353] Compiling C object 'examples/c590b3c@@dpdk-l2fwd-event@exe/l2fwd-event_l2fwd_common.c.o'.
[137/3353] Compiling C object 'examples/c590b3c@@dpdk-l2fwd-event@exe/l2fwd-event_l2fwd_event.c.o'.
[138/3353] Compiling C object 'examples/c590b3c@@dpdk-l2fwd-event@exe/l2fwd-event_l2fwd_event_generic.c.o'.
[139/3353] Compiling C object 'examples/c590b3c@@dpdk-l2fwd-event@exe/l2fwd-event_l2fwd_event_internal_port.c.o'.
[140/3353] Compiling C object 'examples/c590b3c@@dpdk-l2fwd-event@exe/l2fwd-event_l2fwd_poll.c.o'.
[141/3353] Compiling C object 'examples/c590b3c@@dpdk-l2fwd-jobstats@exe/l2fwd-jobstats_main.c.o'.
[142/3353] Compiling C object 'examples/c590b3c@@dpdk-fips_validation@exe/fips_validation_fips_validation.c.o'.
FAILED: examples/c590b3c@@dpdk-fips_validation@exe/fips_validation_fips_validation.c.o
ccache cc -Iexamples/c590b3c@@dpdk-fips_validation@exe -Iexamples -I../examples -Iexamples/fips_validation -I../examples/fips_validation -I. -I../ -Iconfig -I../config -Ilib/eal/include -I../lib/eal/include -Ilib/eal/linux/include -I../lib/eal/linux/include -Ilib/eal/x86/include -I../lib/eal/x86/include -Ilib/eal/common -I../lib/eal/common -Ilib/eal -I../lib/eal -Ilib/kvargs -I../lib/kvargs -Ilib/telemetry/../metrics -I../lib/telemetry/../metrics -Ilib/telemetry -I../lib/telemetry -Ilib/mempool -I../lib/mempool -Ilib/ring -I../lib/ring -Ilib/net -I../lib/net -Ilib/mbuf -I../lib/mbuf -Ilib/ethdev -I../lib/ethdev -Ilib/meter -I../lib/meter -Ilib/cmdline -I../lib/cmdline -Ilib/cryptodev -I../lib/cryptodev -Ilib/rcu -I../lib/rcu -fdiagnostics-color=always -pipe -D_FILE_OFFSET_BITS=64 -Wall -Winvalid-pch -Wextra -O2 -g -include rte_config.h -Wcast-qual -Wdeprecated -Wformat -Wformat-nonliteral -Wformat-security -Wmissing-declarations -Wmissing-prototypes -Wnested-externs -Wold-style-definition -Wpointer-arith -Wsign-compare -Wstrict-prototypes -Wundef -Wwrite-strings -Wno-address-of-packed-member -Wno-packed-not-aligned -Wno-missing-field-initializers -Wno-zero-length-bounds -D_GNU_SOURCE -march=native -Wno-format-truncation -DALLOW_EXPERIMENTAL_API -MD -MQ 'examples/c590b3c@@dpdk-fips_validation@exe/fips_validation_fips_validation.c.o' -MF 'examples/c590b3c@@dpdk-fips_validation@exe/fips_validation_fips_validation.c.o.d' -o 'examples/c590b3c@@dpdk-fips_validation@exe/fips_validation_fips_validation.c.o' -c ../examples/fips_validation/fips_validation.c
In file included from ../examples/fips_validation/fips_validation.c:12:
../examples/fips_validation/fips_validation.h:221:41: error: field 'xts_data' has incomplete type
221 | struct xts_interim_data xts_data;
| ^~~~~~~~
ninja: build stopped: subcommand failed.
==== Creating reference DPDK ABI
Error: install directory 'build_install' does not exist.
==== End log output ====
Alpine
Kernel: 5.4.0-73-generic
Compiler: gcc (Alpine 10.3.1_git20210424) 10.3.1 20210424
RHEL 7
Kernel: 4.18.0-240.10.1.el8_3.x86_64
Compiler: gcc 4.8.5 20150623 (Red Hat 4.8.5-44)
Ubuntu 20.04 ARM GCC Native
Kernel: 5.4.0-53-generic
Compiler: gcc 9.3
Arch Linux
Kernel: 5.4.0-73-generic
Compiler: gcc 11.1.0
Ubuntu 18.04
Kernel: 4.18.0-240.10.1.el8_3.x86_64
Compiler: gcc 7.5.0-3ubuntu1~18.04
openSUSE Leap 15
Kernel: 4.18.0-240.10.1.el8_3.x86_64
Compiler: gcc 7.5.0
CentOS Stream 8
Kernel: 4.18.0-240.10.1.el8_3.x86_64
Compiler: gcc 8.4.1 20200928
Fedora 32
Kernel: 4.18.0-240.10.1.el8_3.x86_64
Compiler: gcc 10.2.1
Fedora 34
Kernel: 5.4.0-72-generic
Compiler: gcc 11.1.1 20210428 (Red Hat 11.1.1-1)
RHEL8
Kernel: 4.18.0-240.10.1.el8_3.x86_64
Compiler: gcc 8.3.1 20191121 (Red Hat 8.3.1-5)
Fedora 31
Kernel: 4.18.0-240.10.1.el8_3.x86_64
Compiler: gcc 9.3.1
Ubuntu 20.04
Kernel: 4.18.0-240.10.1.el8_3.x86_64
Compiler: gcc 9.3.0-17ubuntu1~20.04
Fedora 34 clang
Kernel: 5.4.0-72-generic
Compiler: clang 12.0.0 (Fedora 12.0.0-0.3.rc1.fc34)
Fedora 33
Kernel: 5.4.0-72-generic
Compiler: gcc 10.3.1 20210422 (Red Hat 10.3.1-1)
To view detailed results, visit:
https://lab.dpdk.org/results/dashboard/patchsets/22827/
UNH-IOL DPDK Community Lab
To manage your email subscriptions, visit:
https://lab.dpdk.org/results/dashboard/preferences/subscriptions/
^ permalink raw reply [flat|nested] 2+ messages in thread
* |WARNING| pw113497 [PATCH v1] examples/fips_validation: add parsing for xts
[not found] <41b2b4d16799a311ea63536b3009052c0cf99d75.1656402995.git.gmuthukrishn@marvell.com>
@ 2022-06-28 7:59 ` checkpatch
0 siblings, 0 replies; 2+ messages in thread
From: checkpatch @ 2022-06-28 7:59 UTC (permalink / raw)
To: test-report; +Cc: Gowrishankar Muthukrishnan
Test-Label: checkpatch
Test-Status: WARNING
http://dpdk.org/patch/113497
_coding style issues_
WARNING:LEADING_SPACE: please, no spaces at the start of a line
#130: FILE: examples/fips_validation/fips_validation.h:177:
+ XTS_TWEAK_MODE_HEX = 0,$
WARNING:LEADING_SPACE: please, no spaces at the start of a line
#131: FILE: examples/fips_validation/fips_validation.h:178:
+ XTS_TWEAK_MODE_NUMBER$
total: 0 errors, 2 warnings, 213 lines checked
^ permalink raw reply [flat|nested] 2+ messages in thread
end of thread, other threads:[~2022-07-02 7:06 UTC | newest]
Thread overview: 2+ messages (download: mbox.gz / follow: Atom feed)
-- links below jump to the message on this page --
2022-07-02 7:06 |WARNING| pw113497 [PATCH] [v1] examples/fips_validation: add parsing for xts dpdklab
[not found] <41b2b4d16799a311ea63536b3009052c0cf99d75.1656402995.git.gmuthukrishn@marvell.com>
2022-06-28 7:59 ` |WARNING| pw113497 [PATCH v1] " checkpatch
This is a public inbox, see mirroring instructions
for how to clone and mirror all data and code used for this inbox;
as well as URLs for NNTP newsgroup(s).