automatic DPDK test reports
 help / color / Atom feed
* [dpdk-test-report] |FAILURE| pw64677 [PATCH] fib: fix possible integer overflow
@ 2020-01-14 23:22 dpdklab
  0 siblings, 0 replies; 2+ messages in thread
From: dpdklab @ 2020-01-14 23:22 UTC (permalink / raw)
  To: Lijuan Tu, Test Report; +Cc: dpdk-test-reports

[-- Attachment #1: Type: text/plain, Size: 2036 bytes --]

Test-Label: iol-intel-Performance
Test-Status: FAILURE
http://dpdk.org/patch/64677

_Performance Testing issues_

Submitter: Vladimir Medvedkin <vladimir.medvedkin@intel.com>
Date: Tuesday, January 14 2020 17:18:32 
DPDK git baseline: Repo:dpdk
  Branch: master
  CommitID:31bb45bcfdf5d67737eab17747b383775c9c36ae

64677 --> performance testing fail

Test environment and result as below:

Ubuntu 18.04
Kernel: 4.15.0-generic
GCC: 7.4
NIC: Intel Corporation Ethernet Converged Network Adapter 82599ES 10000 Mbps
Target: x86_64-native-linuxapp-gcc
Fail/Total: 1/3

Detail performance results: 
+------------+---------+-------------------------------------+
| frame_size | txd/rxd | throughput difference from expected |
+============+=========+=====================================+
| 64         | 128     | 0.200                               |
+------------+---------+-------------------------------------+
| 64         | 512     | -6.266                              |
+------------+---------+-------------------------------------+
| 64         | 2048    | -0.166                              |
+------------+---------+-------------------------------------+

Ubuntu 18.04
Kernel: 4.15.0-generic
GCC: 7.4
NIC: Intel Corporation Ethernet Converged Network Adapter XL710-QDA2 40000 Mbps
Target: x86_64-native-linuxapp-gcc
Fail/Total: 0/2

Detail performance results: 
+------------+---------+-------------------------------------+
| frame_size | txd/rxd | throughput difference from expected |
+============+=========+=====================================+
| 64         | 512     | -0.062                              |
+------------+---------+-------------------------------------+
| 64         | 2048    | -0.235                              |
+------------+---------+-------------------------------------+

To view detailed results, visit:
https://lab.dpdk.org/results/dashboard/patchsets/9194/

UNH-IOL DPDK Community Lab

To manage your email subscriptions, visit: 
https://lab.dpdk.org/results/dashboard/preferences/subscriptions/

^ permalink raw reply	[flat|nested] 2+ messages in thread
* [dpdk-test-report] |FAILURE| pw64677 [PATCH] fib: fix possible integer overflow
@ 2020-01-14 23:42 dpdklab
  0 siblings, 0 replies; 2+ messages in thread
From: dpdklab @ 2020-01-14 23:42 UTC (permalink / raw)
  To: Test Report; +Cc: dpdk-test-reports

[-- Attachment #1: Type: text/plain, Size: 2534 bytes --]

Test-Label: iol-testing
Test-Status: FAILURE
http://dpdk.org/patch/64677

_Testing issues_

Submitter: Vladimir Medvedkin <vladimir.medvedkin@intel.com>
Date: Tuesday, January 14 2020 17:18:32 
DPDK git baseline: Repo:dpdk
  Branch: master
  CommitID:31bb45bcfdf5d67737eab17747b383775c9c36ae

64677 --> testing fail

Test environment and result as below:

+------------------+-------------------+------------------+--------------+----------------+--------------------+
|   Environment    | dpdk_compile_spdk | dpdk_compile_ovs | dpdk_compile | dpdk_unit_test | dpdk_meson_compile |
+==================+===================+==================+==============+================+====================+
| Ubuntu 18.04     | PASS              | PASS             | PASS         | FAIL           | PASS               |
+------------------+-------------------+------------------+--------------+----------------+--------------------+
| FreeBSD 11.2     | PASS              | SKIPPED          | PASS         | SKIPPED        | PASS               |
+------------------+-------------------+------------------+--------------+----------------+--------------------+
| openSUSE Leap 15 | SKIPPED           | PASS             | PASS         | SKIPPED        | PASS               |
+------------------+-------------------+------------------+--------------+----------------+--------------------+
| Arch Linux       | SKIPPED           | PASS             | PASS         | SKIPPED        | PASS               |
+------------------+-------------------+------------------+--------------+----------------+--------------------+
| Fedora 31        | SKIPPED           | PASS             | PASS         | SKIPPED        | PASS               |
+------------------+-------------------+------------------+--------------+----------------+--------------------+
| CentOS 8         | SKIPPED           | PASS             | PASS         | SKIPPED        | PASS               |
+------------------+-------------------+------------------+--------------+----------------+--------------------+

Ubuntu 18.04
	Kernel: 4.15.0-generic
	GCC: 7.4

FreeBSD 11.2
	Kernel: 11.2
	GCC: 8.3

openSUSE Leap 15
	Kernel: 4.12.14
	GCC: 7.4.1

Arch Linux
	Kernel: latest
	GCC: latest

Fedora 31
	Kernel: 5.3.16
	GCC: 9.2.1

CentOS 8
	Kernel: 4.18.0.el8_0
	GCC: 8.2

To view detailed results, visit:
https://lab.dpdk.org/results/dashboard/patchsets/9194/

UNH-IOL DPDK Community Lab

To manage your email subscriptions, visit: 
https://lab.dpdk.org/results/dashboard/preferences/subscriptions/

^ permalink raw reply	[flat|nested] 2+ messages in thread

end of thread, back to index

Thread overview: 2+ messages (download: mbox.gz / follow: Atom feed)
-- links below jump to the message on this page --
2020-01-14 23:22 [dpdk-test-report] |FAILURE| pw64677 [PATCH] fib: fix possible integer overflow dpdklab
2020-01-14 23:42 dpdklab

automatic DPDK test reports

Archives are clonable:
	git clone --mirror http://inbox.dpdk.org/test-report/0 test-report/git/0.git

	# If you have public-inbox 1.1+ installed, you may
	# initialize and index your mirror using the following commands:
	public-inbox-init -V2 test-report test-report/ http://inbox.dpdk.org/test-report \
		test-report@dpdk.org
	public-inbox-index test-report


Newsgroup available over NNTP:
	nntp://inbox.dpdk.org/inbox.dpdk.test-report


AGPL code for this site: git clone https://public-inbox.org/ public-inbox