* [dpdk-test-report] |FAILURE| pw71650-71662 [PATCH] [01/13] eal/log: introduce log register macro
@ 2020-06-17 8:36 dpdklab
0 siblings, 0 replies; only message in thread
From: dpdklab @ 2020-06-17 8:36 UTC (permalink / raw)
To: Test Report; +Cc: dpdk-test-reports
[-- Attachment #1: Type: text/plain, Size: 2912 bytes --]
Test-Label: iol-testing
Test-Status: FAILURE
http://dpdk.org/patch/71650
_Testing issues_
Submitter: Jerin Jacob <jerinj@marvell.com>
Date: Wednesday, June 17 2020 06:30:35
DPDK git baseline: Repo:dpdk
Branch: master
CommitID:f3687f251e14689900e24b39bf187bf251208407
71650-71662 --> testing fail
Test environment and result as below:
+---------------------+----------------+------------------+--------------+--------------------+-------------------+
| Environment | dpdk_unit_test | dpdk_compile_ovs | dpdk_compile | dpdk_meson_compile | dpdk_compile_spdk |
+=====================+================+==================+==============+====================+===================+
| Ubuntu 18.04 | FAIL | FAIL | FAIL | FAIL | FAIL |
+---------------------+----------------+------------------+--------------+--------------------+-------------------+
| openSUSE Leap 15 | SKIPPED | FAIL | FAIL | FAIL | FAIL |
+---------------------+----------------+------------------+--------------+--------------------+-------------------+
| CentOS 8 | SKIPPED | FAIL | FAIL | FAIL | FAIL |
+---------------------+----------------+------------------+--------------+--------------------+-------------------+
| Fedora 31 | SKIPPED | FAIL | FAIL | FAIL | FAIL |
+---------------------+----------------+------------------+--------------+--------------------+-------------------+
| Arch Linux | SKIPPED | FAIL | FAIL | FAIL | SKIPPED |
+---------------------+----------------+------------------+--------------+--------------------+-------------------+
| FreeBSD 11.2 | SKIPPED | SKIPPED | PASS | PASS | PASS |
+---------------------+----------------+------------------+--------------+--------------------+-------------------+
| Windows Server 2019 | SKIPPED | SKIPPED | SKIPPED | PASS | SKIPPED |
+---------------------+----------------+------------------+--------------+--------------------+-------------------+
Ubuntu 18.04
Kernel: 4.15.0-generic
Compiler: gcc 7.4
openSUSE Leap 15
Kernel: 4.12.14
Compiler: gcc 7.4.1
CentOS 8
Kernel: 4.18.0.el8_0
Compiler: gcc 8.3.1
Fedora 31
Kernel: 5.3.16
Compiler: gcc 9.2.1
Arch Linux
Kernel: latest
Compiler: gcc latest
FreeBSD 11.2
Kernel: 11.2
Compiler: gcc 8.3
Windows Server 2019
Kernel: 10.0
Compiler: clang 9.0
To view detailed results, visit:
https://lab.dpdk.org/results/dashboard/patchsets/11530/
UNH-IOL DPDK Community Lab
To manage your email subscriptions, visit:
https://lab.dpdk.org/results/dashboard/preferences/subscriptions/
^ permalink raw reply [flat|nested] only message in thread
only message in thread, other threads:[~2020-06-17 8:36 UTC | newest]
Thread overview: (only message) (download: mbox.gz / follow: Atom feed)
-- links below jump to the message on this page --
2020-06-17 8:36 [dpdk-test-report] |FAILURE| pw71650-71662 [PATCH] [01/13] eal/log: introduce log register macro dpdklab
This is a public inbox, see mirroring instructions
for how to clone and mirror all data and code used for this inbox;
as well as URLs for NNTP newsgroup(s).