* [dpdk-test-report] |FAILURE| pw93454 [PATCH] pmdinfogen: allow padding after NUL terminator
@ 2021-05-27 10:25 dpdklab
0 siblings, 0 replies; 4+ messages in thread
From: dpdklab @ 2021-05-27 10:25 UTC (permalink / raw)
To: Ali Alnubani, Thomas Monjalon, Test Report; +Cc: dpdk-test-reports
[-- Attachment #1: Type: text/plain, Size: 1048 bytes --]
Test-Label: iol-mellanox-Functional
Test-Status: FAILURE
http://dpdk.org/patch/93454
_Functional Testing issues_
Submitter: Dmitry Kozlyuk <dmitry.kozliuk@gmail.com>
Date: Wednesday, May 26 2021 21:43:43
DPDK git baseline: Repo:dpdk
Branch: master
CommitID:66b3a54b9feab193a5cf8ad54606d745078587cc
93454 --> functional testing fail
Test environment and result as below:
Ubuntu 18.04
Kernel: 4.15.0-generic
Compiler: gcc 7.4
NIC: Mellanox ConnectX-4 Lx 25000 Mbps
Target: x86_64-native-linuxapp-gcc
Fail/Total: 4/4
Failed Tests:
- mac_filter
- mtu_update
- scatter
- stats_checks
Ubuntu 18.04
Kernel: 4.15.0-generic
Compiler: gcc 7.4
NIC: Mellanox ConnectX-4 Lx 40000 Mbps
Target: x86_64-native-linuxapp-gcc
Fail/Total: 4/4
Failed Tests:
- mac_filter
- mtu_update
- scatter
- stats_checks
To view detailed results, visit:
https://lab.dpdk.org/results/dashboard/patchsets/17222/
UNH-IOL DPDK Community Lab
To manage your email subscriptions, visit:
https://lab.dpdk.org/results/dashboard/preferences/subscriptions/
^ permalink raw reply [flat|nested] 4+ messages in thread
* [dpdk-test-report] |FAILURE| pw93454 [PATCH] pmdinfogen: allow padding after NUL terminator
@ 2021-05-27 9:55 dpdklab
0 siblings, 0 replies; 4+ messages in thread
From: dpdklab @ 2021-05-27 9:55 UTC (permalink / raw)
To: Ali Alnubani, Thomas Monjalon, Test Report; +Cc: dpdk-test-reports
[-- Attachment #1: Type: text/plain, Size: 828 bytes --]
Test-Label: iol-mellanox-Functional
Test-Status: FAILURE
http://dpdk.org/patch/93454
_Functional Testing issues_
Submitter: Dmitry Kozlyuk <dmitry.kozliuk@gmail.com>
Date: Wednesday, May 26 2021 21:43:43
DPDK git baseline: Repo:dpdk
Branch: master
CommitID:66b3a54b9feab193a5cf8ad54606d745078587cc
93454 --> functional testing fail
Test environment and result as below:
Ubuntu 18.04
Kernel: 4.15.0-generic
Compiler: gcc 7.4
NIC: Mellanox ConnectX-4 Lx 25000 Mbps
Target: x86_64-native-linuxapp-gcc
Fail/Total: 4/4
Failed Tests:
- mac_filter
- mtu_update
- scatter
- stats_checks
To view detailed results, visit:
https://lab.dpdk.org/results/dashboard/patchsets/17222/
UNH-IOL DPDK Community Lab
To manage your email subscriptions, visit:
https://lab.dpdk.org/results/dashboard/preferences/subscriptions/
^ permalink raw reply [flat|nested] 4+ messages in thread
* [dpdk-test-report] |FAILURE| pw93454 [PATCH] pmdinfogen: allow padding after NUL terminator
@ 2021-05-26 23:19 dpdklab
0 siblings, 0 replies; 4+ messages in thread
From: dpdklab @ 2021-05-26 23:19 UTC (permalink / raw)
To: Test Report; +Cc: dpdklab
[-- Attachment #1: Type: text/plain, Size: 7680 bytes --]
Test-Label: iol-testing
Test-Status: FAILURE
http://dpdk.org/patch/93454
_Testing issues_
Submitter: Dmitry Kozlyuk <dmitry.kozliuk@gmail.com>
Date: Wednesday, May 26 2021 21:43:43
DPDK git baseline: Repo:dpdk
Branch: master
CommitID:66b3a54b9feab193a5cf8ad54606d745078587cc
93454 --> testing fail
Test environment and result as below:
+---------------------+----------------------+--------------------+-------------------+----------------+
| Environment | dpdk_mingw64_compile | dpdk_meson_compile | dpdk_compile_spdk | dpdk_unit_test |
+=====================+======================+====================+===================+================+
| Windows Server 2019 | FAIL | FAIL | SKIPPED | SKIPPED |
+---------------------+----------------------+--------------------+-------------------+----------------+
| Fedora 31 | SKIPPED | PASS | SKIPPED | PASS |
+---------------------+----------------------+--------------------+-------------------+----------------+
| FreeBSD 11.2 | SKIPPED | PASS | SKIPPED | SKIPPED |
+---------------------+----------------------+--------------------+-------------------+----------------+
| Ubuntu 18.04 | SKIPPED | PASS | PASS | PASS |
+---------------------+----------------------+--------------------+-------------------+----------------+
| CentOS 8 | SKIPPED | PASS | SKIPPED | PASS |
+---------------------+----------------------+--------------------+-------------------+----------------+
| CentOS Stream 8 | SKIPPED | PASS | SKIPPED | PASS |
+---------------------+----------------------+--------------------+-------------------+----------------+
| Fedora 32 | SKIPPED | PASS | SKIPPED | PASS |
+---------------------+----------------------+--------------------+-------------------+----------------+
| Ubuntu 20.04 | SKIPPED | PASS | SKIPPED | SKIPPED |
+---------------------+----------------------+--------------------+-------------------+----------------+
| RHEL8 | SKIPPED | PASS | SKIPPED | PASS |
+---------------------+----------------------+--------------------+-------------------+----------------+
| openSUSE Leap 15 | SKIPPED | PASS | SKIPPED | PASS |
+---------------------+----------------------+--------------------+-------------------+----------------+
| RHEL 7 | SKIPPED | PASS | SKIPPED | PASS |
+---------------------+----------------------+--------------------+-------------------+----------------+
| Arch Linux | SKIPPED | PASS | SKIPPED | PASS |
+---------------------+----------------------+--------------------+-------------------+----------------+
| NA | SKIPPED | PASS | SKIPPED | SKIPPED |
+---------------------+----------------------+--------------------+-------------------+----------------+
| Fedora 33 | SKIPPED | PASS | SKIPPED | SKIPPED |
+---------------------+----------------------+--------------------+-------------------+----------------+
| Fedora 34 | SKIPPED | PASS | SKIPPED | SKIPPED |
+---------------------+----------------------+--------------------+-------------------+----------------+
| Ubuntu 18.04 ARM | SKIPPED | PASS | SKIPPED | FAIL |
+---------------------+----------------------+--------------------+-------------------+----------------+
| Ubuntu20.04 | SKIPPED | PASS | SKIPPED | SKIPPED |
+---------------------+----------------------+--------------------+-------------------+----------------+
==== 20 line log output for Windows Server 2019 (dpdk_mingw64_compile): ====
File "../buildtools/pmdinfogen.py", line 208, in load_drivers
for symbol in image.find_by_prefix("this_pmd_name"):
File "../buildtools/pmdinfogen.py", line 108, in find_by_prefix
if symbol.name.startswith(prefix):
File "C:\Users\builder\jenkins\workspace\Windows-Compile-DPDK-Mingw64\dpdk\buildtools\coff.py", line 84, in name
return decode_asciiz(bytes(self._coff.name.immediate))
NameError: name 'decode_asciiz' is not defined
Traceback (most recent call last):
File "../buildtools/gen-pmdinfo-cfile.py", line 20, in <module>
subprocess.run(pmdinfogen + paths + [output], check=True)
File "c:\python38\lib\subprocess.py", line 512, in run
raise CalledProcessError(retcode, process.args,
subprocess.CalledProcessError: Command '['c:/python38/python.exe', '../buildtools/pmdinfogen.py', 'coff', 'C:/Users/builder/jenkins/workspace/Windows-Compile-DPDK-Mingw64/dpdk/build/buildtools\\tmp2xy8yhml\\common_iavf_iavf_adminq.c.obj', 'C:/Users/builder/jenkins/workspace/Windows-Compile-DPDK-Mingw64/dpdk/build/buildtools\\tmp2xy8yhml\\common_iavf_iavf_common.c.obj', 'C:/Users/builder/jenkins/workspace/Windows-Compile-DPDK-Mingw64/dpdk/build/buildtools\\tmp2xy8yhml\\common_iavf_iavf_impl.c.obj', 'drivers/rte_common_iavf.pmd.c']' returned non-zero exit status 1.
[180/289] Compiling C object drivers/libtmp_rte_bus_pci.a.p/bus_pci_windows_pci.c.obj
[181/289] Generating symbol file lib/librte_hash-21.dll.p/librte_hash-21.dll.symbols
[182/289] Compiling C object drivers/net/i40e/base/libi40e_base.a.p/i40e_dcb.c.obj
[183/289] Compiling C object drivers/net/i40e/base/libi40e_base.a.p/i40e_adminq.c.obj
[184/289] Compiling C object drivers/net/i40e/base/libi40e_base.a.p/i40e_common.c.obj
ninja: build stopped: subcommand failed.
==== End log output ====
Windows Server 2019
Kernel: 10.0
Compiler: clang 9.0 and gcc 8.1.0 (MinGW)
Fedora 31
Kernel: 4.18.0-240.10.1.el8_3.x86_64
Compiler: gcc 9.3.1
FreeBSD 11.2
Kernel: 11.2
Compiler: gcc 8.3
Ubuntu 18.04
Kernel: 4.18.0-240.10.1.el8_3.x86_64
Compiler: gcc 7.5.0-3ubuntu1~18.04
CentOS 8
Kernel: 4.18.0-240.10.1.el8_3.x86_64
Compiler: gcc 8.3.1 20191121 (Red Hat 8.3.1-5)
CentOS Stream 8
Kernel: 4.18.0-240.10.1.el8_3.x86_64
Compiler: gcc 8.4.1 20200928
Fedora 32
Kernel: 4.18.0-240.10.1.el8_3.x86_64
Compiler: gcc 10.2.1
Ubuntu 20.04
Kernel: 4.18.0-240.10.1.el8_3.x86_64
Compiler: gcc 9.3.0-17ubuntu1~20.04
RHEL8
Kernel: 4.18.0-240.10.1.el8_3.x86_64
Compiler: gcc 8.3.1 20191121 (Red Hat 8.3.1-5)
openSUSE Leap 15
Kernel: 4.18.0-240.10.1.el8_3.x86_64
Compiler: gcc 7.5.0
RHEL 7
Kernel: 4.18.0-240.10.1.el8_3.x86_64
Compiler: gcc 4.8.5 20150623 (Red Hat 4.8.5-44)
Arch Linux
Kernel: 4.18.0-240.10.1.el8_3.x86_64
Compiler: gcc 10.2.0
NA
Kernel: 5.4.0-72-generic
Compiler: clang 12.0.0 (Fedora 12.0.0-0.3.rc1.fc34)
Fedora 33
Kernel: 5.4.0-72-generic
Compiler: gcc 10.3.1 20210422 (Red Hat 10.3.1-1)
Fedora 34
Kernel: 5.4.0-72-generic
Compiler: gcc 11.1.1 20210428 (Red Hat 11.1.1-1)
Ubuntu 18.04 ARM
Kernel: 5.4.0-53-generic
Compiler: gcc 9.3
Ubuntu20.04
Kernel: 5.4.0-72-generic
Compiler: aarch64-linux-gnu-gcc (Ubuntu 9.3.0-17ubuntu1~20.04) 9.3.0
To view detailed results, visit:
https://lab.dpdk.org/results/dashboard/patchsets/17222/
UNH-IOL DPDK Community Lab
To manage your email subscriptions, visit:
https://lab.dpdk.org/results/dashboard/preferences/subscriptions/
^ permalink raw reply [flat|nested] 4+ messages in thread
* [dpdk-test-report] |FAILURE| pw93454 [PATCH] pmdinfogen: allow padding after NUL terminator
@ 2021-05-26 22:23 dpdklab
0 siblings, 0 replies; 4+ messages in thread
From: dpdklab @ 2021-05-26 22:23 UTC (permalink / raw)
To: Lijuan Tu, Test Report, Ferruh Yigit, Georgii Tkachuk, Qian Xu
Cc: dpdk-test-reports
[-- Attachment #1: Type: text/plain, Size: 1113 bytes --]
Test-Label: iol-intel-Functional
Test-Status: FAILURE
http://dpdk.org/patch/93454
_Functional Testing issues_
Submitter: Dmitry Kozlyuk <dmitry.kozliuk@gmail.com>
Date: Wednesday, May 26 2021 21:43:43
DPDK git baseline: Repo:dpdk
Branch: master
CommitID:66b3a54b9feab193a5cf8ad54606d745078587cc
93454 --> functional testing fail
Test environment and result as below:
Ubuntu 18.04
Kernel: 4.15.0-generic
Compiler: gcc 7.4
NIC: Intel Corporation Ethernet Converged Network Adapter 82599ES 10000 Mbps
Target: x86_64-native-linuxapp-gcc
Fail/Total: 4/5
Failed Tests:
- dynamic_config
- mtu_update
- scatter
- stats_checks
Ubuntu 18.04
Kernel: 4.15.0-generic
Compiler: gcc 7.4
NIC: Intel Corporation Ethernet Converged Network Adapter XL710-QDA2 40000 Mbps
Target: x86_64-native-linuxapp-gcc
Fail/Total: 3/4
Failed Tests:
- mtu_update
- scatter
- stats_checks
To view detailed results, visit:
https://lab.dpdk.org/results/dashboard/patchsets/17222/
UNH-IOL DPDK Community Lab
To manage your email subscriptions, visit:
https://lab.dpdk.org/results/dashboard/preferences/subscriptions/
^ permalink raw reply [flat|nested] 4+ messages in thread
end of thread, other threads:[~2021-05-27 10:25 UTC | newest]
Thread overview: 4+ messages (download: mbox.gz / follow: Atom feed)
-- links below jump to the message on this page --
2021-05-27 10:25 [dpdk-test-report] |FAILURE| pw93454 [PATCH] pmdinfogen: allow padding after NUL terminator dpdklab
-- strict thread matches above, loose matches on Subject: below --
2021-05-27 9:55 dpdklab
2021-05-26 23:19 dpdklab
2021-05-26 22:23 dpdklab
This is a public inbox, see mirroring instructions
for how to clone and mirror all data and code used for this inbox;
as well as URLs for NNTP newsgroup(s).