* |FAILURE| pw105239-105264 [PATCH] [v1, 25/25] net/spnic: add doc infrastructure
@ 2021-12-18 3:32 dpdklab
0 siblings, 0 replies; 5+ messages in thread
From: dpdklab @ 2021-12-18 3:32 UTC (permalink / raw)
To: Test Report; +Cc: dpdk-test-reports, Yanling Song
[-- Attachment #1: Type: text/plain, Size: 3356 bytes --]
Test-Label: iol-aarch64-unit-testing
Test-Status: FAILURE
http://dpdk.org/patch/105264
_Testing issues_
Submitter: Yanling Song <songyl@ramaxel.com>
Date: Saturday, December 18 2021 02:51:52
DPDK git baseline: Repo:dpdk
Branch: master
CommitID:042f5a355a57b31a9f87824173a9d427b21abdb8
105239-105264 --> testing fail
Test environment and result as below:
+-------------------------------+--------------+----------------+
| Environment | lpm_autotest | dpdk_unit_test |
+===============================+==============+================+
| Ubuntu 20.04 ARM SVE | PASS | SKIPPED |
+-------------------------------+--------------+----------------+
| Ubuntu 20.04 ARM Clang Native | SKIPPED | FAIL |
+-------------------------------+--------------+----------------+
| Ubuntu 20.04 ARM GCC Native | SKIPPED | FAIL |
+-------------------------------+--------------+----------------+
==== 20 line log output for Ubuntu 20.04 ARM GCC Native (dpdk_unit_test): ====
[2002/2874] Generating rte_raw_dpaa2_qdma_mingw with a custom command.
[2003/2874] Linking target drivers/librte_net_ngbe.so.22.1.
[2004/2874] Compiling C object 'drivers/raw/ifpga/base/422485f@@ifpga_rawdev_base@sta/ifpga_fme_iperf.c.o'.
[2005/2874] Compiling C object 'drivers/raw/ifpga/base/422485f@@ifpga_rawdev_base@sta/ifpga_fme_dperf.c.o'.
[2006/2874] Compiling C object 'drivers/a715181@@tmp_rte_net_vmxnet3@sta/net_vmxnet3_vmxnet3_ethdev.c.o'.
[2007/2874] Compiling C object 'drivers/raw/ifpga/base/422485f@@ifpga_rawdev_base@sta/ifpga_fme.c.o'.
[2008/2874] Compiling C object 'drivers/a715181@@tmp_rte_net_virtio@sta/net_virtio_virtio_user_vhost_kernel.c.o'.
[2009/2874] Compiling C object 'drivers/raw/ifpga/base/422485f@@ifpga_rawdev_base@sta/ifpga_feature_dev.c.o'.
[2010/2874] Compiling C object 'drivers/raw/ifpga/base/422485f@@ifpga_rawdev_base@sta/ifpga_api.c.o'.
[2011/2874] Generating rte_net_tap.pmd.c with a custom command.
[2012/2874] Generating symbol file 'drivers/a715181@@rte_net_dpaa2@sha/librte_net_dpaa2.so.22.1.symbols'.
[2013/2874] Compiling C object 'drivers/raw/ifpga/base/422485f@@ifpga_rawdev_base@sta/ifpga_enumerate.c.o'.
[2014/2874] Generating symbol file 'lib/76b5a35@@rte_table@sha/librte_table.so.22.1.symbols'.
[2015/2874] Generating rte_net_softnic.pmd.c with a custom command.
[2016/2874] Generating rte_net_qede.pmd.c with a custom command.
[2017/2874] Generating symbol file 'drivers/a715181@@rte_net_octeontx@sha/librte_net_octeontx.so.22.1.symbols'.
[2018/2874] Compiling C object 'drivers/a715181@@tmp_rte_net_spnic@sta/net_spnic_spnic_ethdev.c.o'.
[2019/2874] Generating rte_net_sfc.pmd.c with a custom command.
[2020/2874] Compiling C object 'drivers/a715181@@tmp_rte_net_spnic@sta/net_spnic_spnic_tx.c.o'.
ninja: build stopped: subcommand failed.
==== End log output ====
Ubuntu 20.04 ARM SVE
Kernel: 5.4.0-80-generic
Compiler: gcc 10.3.0 (Ubuntu 10.3.0-1ubuntu1~20.04)
Ubuntu 20.04 ARM Clang Native
Kernel: 5.4.0-53-generic
Compiler: clang 10.0.0-4ubuntu1
Ubuntu 20.04 ARM GCC Native
Kernel: 5.4.0-53-generic
Compiler: gcc 9.3
To view detailed results, visit:
https://lab.dpdk.org/results/dashboard/patchsets/20520/
UNH-IOL DPDK Community Lab
To manage your email subscriptions, visit:
https://lab.dpdk.org/results/dashboard/preferences/subscriptions/
^ permalink raw reply [flat|nested] 5+ messages in thread
* |FAILURE| pw105239-105264 [PATCH] [v1, 25/25] net/spnic: add doc infrastructure
@ 2021-12-18 3:35 dpdklab
0 siblings, 0 replies; 5+ messages in thread
From: dpdklab @ 2021-12-18 3:35 UTC (permalink / raw)
To: Ferruh Yigit, Test Report, Georgii Tkachuk, Qian Xu, Lijuan Tu
Cc: dpdk-test-reports, Yanling Song
[-- Attachment #1: Type: text/plain, Size: 1207 bytes --]
Test-Label: iol-intel-Functional
Test-Status: FAILURE
http://dpdk.org/patch/105264
_Functional Testing issues_
Submitter: Yanling Song <songyl@ramaxel.com>
Date: Saturday, December 18 2021 02:51:52
DPDK git baseline: Repo:dpdk
Branch: master
CommitID:042f5a355a57b31a9f87824173a9d427b21abdb8
105239-105264 --> functional testing fail
Test environment and result as below:
Ubuntu 20.04 ARM
Kernel: 4.15.0-132-generic
Compiler: gcc 7.5
NIC: Arm Intel Corporation Ethernet Converged Network Adapter XL710-QDA2 40000 Mbps
Target: x86_64-native-linuxapp-gcc
Fail/Total: 0/2
Ubuntu 20.04
Kernel: 4.15.0-generic
Compiler: gcc 7.4
NIC: Intel Corporation Ethernet Converged Network Adapter XL710-QDA2 40000 Mbps
Target: x86_64-native-linuxapp-gcc
Fail/Total: 1/2
Failed Tests:
- scatter
Ubuntu 20.04
Kernel: 4.15.0-generic
Compiler: gcc 7.4
NIC: Intel Corporation Ethernet Converged Network Adapter 82599ES 10000 Mbps
Target: x86_64-native-linuxapp-gcc
Fail/Total: 0/2
To view detailed results, visit:
https://lab.dpdk.org/results/dashboard/patchsets/20520/
UNH-IOL DPDK Community Lab
To manage your email subscriptions, visit:
https://lab.dpdk.org/results/dashboard/preferences/subscriptions/
^ permalink raw reply [flat|nested] 5+ messages in thread
* |FAILURE| pw105239-105264 [PATCH] [v1, 25/25] net/spnic: add doc infrastructure
@ 2021-12-18 3:33 dpdklab
0 siblings, 0 replies; 5+ messages in thread
From: dpdklab @ 2021-12-18 3:33 UTC (permalink / raw)
To: Ferruh Yigit, Test Report, Georgii Tkachuk, Qian Xu, Lijuan Tu
Cc: dpdk-test-reports, Yanling Song
[-- Attachment #1: Type: text/plain, Size: 1023 bytes --]
Test-Label: iol-intel-Functional
Test-Status: FAILURE
http://dpdk.org/patch/105264
_Functional Testing issues_
Submitter: Yanling Song <songyl@ramaxel.com>
Date: Saturday, December 18 2021 02:51:52
DPDK git baseline: Repo:dpdk
Branch: master
CommitID:042f5a355a57b31a9f87824173a9d427b21abdb8
105239-105264 --> functional testing fail
Test environment and result as below:
Ubuntu 20.04 ARM
Kernel: 4.15.0-132-generic
Compiler: gcc 7.5
NIC: Arm Intel Corporation Ethernet Converged Network Adapter XL710-QDA2 40000 Mbps
Target: x86_64-native-linuxapp-gcc
Fail/Total: 0/2
Ubuntu 20.04
Kernel: 4.15.0-generic
Compiler: gcc 7.4
NIC: Intel Corporation Ethernet Converged Network Adapter XL710-QDA2 40000 Mbps
Target: x86_64-native-linuxapp-gcc
Fail/Total: 1/2
Failed Tests:
- scatter
To view detailed results, visit:
https://lab.dpdk.org/results/dashboard/patchsets/20520/
UNH-IOL DPDK Community Lab
To manage your email subscriptions, visit:
https://lab.dpdk.org/results/dashboard/preferences/subscriptions/
^ permalink raw reply [flat|nested] 5+ messages in thread
* |FAILURE| pw105239-105264 [PATCH] [v1, 25/25] net/spnic: add doc infrastructure
@ 2021-12-18 3:21 dpdklab
0 siblings, 0 replies; 5+ messages in thread
From: dpdklab @ 2021-12-18 3:21 UTC (permalink / raw)
To: Test Report; +Cc: dpdklab, Yanling Song
[-- Attachment #1: Type: text/plain, Size: 4633 bytes --]
Test-Label: iol-x86_64-unit-testing
Test-Status: FAILURE
http://dpdk.org/patch/105264
_Testing issues_
Submitter: Yanling Song <songyl@ramaxel.com>
Date: Saturday, December 18 2021 02:51:52
DPDK git baseline: Repo:dpdk
Branch: master
CommitID:042f5a355a57b31a9f87824173a9d427b21abdb8
105239-105264 --> testing fail
Test environment and result as below:
+------------------+----------------+
| Environment | dpdk_unit_test |
+==================+================+
| Arch Linux | FAIL |
+------------------+----------------+
| Ubuntu 18.04 | FAIL |
+------------------+----------------+
| Fedora 31 | FAIL |
+------------------+----------------+
| CentOS Stream 8 | FAIL |
+------------------+----------------+
| openSUSE Leap 15 | FAIL |
+------------------+----------------+
| CentOS 8 | FAIL |
+------------------+----------------+
| RHEL 7 | FAIL |
+------------------+----------------+
| Ubuntu 20.04 | FAIL |
+------------------+----------------+
| RHEL8 | FAIL |
+------------------+----------------+
| Fedora 34 | FAIL |
+------------------+----------------+
| Fedora 33 | FAIL |
+------------------+----------------+
| Fedora 34 clang | FAIL |
+------------------+----------------+
| Fedora 32 | FAIL |
+------------------+----------------+
==== 20 line log output for Fedora 32 (dpdk_unit_test): ====
| ~~~~~~^~~~~~~~~~
cc1: all warnings being treated as errors
[1993/2904] Compiling C object 'drivers/a715181@@tmp_rte_net_tap@sta/net_tap_rte_eth_tap.c.o'.
[1994/2904] Compiling C object 'drivers/net/thunderx/base/80ab7c6@@nicvf_base@sta/nicvf_hw.c.o'.
[1995/2904] Compiling C object 'drivers/a715181@@tmp_rte_net_thunderx@sta/net_thunderx_nicvf_svf.c.o'.
[1996/2904] Compiling C object 'drivers/net/thunderx/base/80ab7c6@@nicvf_base@sta/nicvf_mbox.c.o'.
[1997/2904] Compiling C object 'drivers/net/txgbe/base/441365e@@txgbe_base@sta/txgbe_hw.c.o'.
[1998/2904] Generating rte_net_sfc.pmd.c with a custom command.
[1999/2904] Generating rte_net_softnic.pmd.c with a custom command.
[2000/2904] Compiling C object 'drivers/a715181@@tmp_rte_net_spnic@sta/net_spnic_spnic_io.c.o'.
[2001/2904] Compiling C object 'drivers/net/spnic/base/448fc72@@spnic_base@sta/spnic_hw_comm.c.o'.
[2002/2904] Compiling C object 'drivers/net/thunderx/base/80ab7c6@@nicvf_base@sta/nicvf_bsvf.c.o'.
[2003/2904] Compiling C object 'drivers/a715181@@tmp_rte_net_thunderx@sta/net_thunderx_nicvf_rxtx.c.o'.
[2004/2904] Compiling C object 'drivers/a715181@@tmp_rte_net_thunderx@sta/net_thunderx_nicvf_ethdev.c.o'.
[2005/2904] Compiling C object 'drivers/net/spnic/base/448fc72@@spnic_base@sta/spnic_nic_cfg.c.o'.
[2006/2904] Compiling C object 'drivers/net/spnic/base/448fc72@@spnic_base@sta/spnic_mbox.c.o'.
[2007/2904] Compiling C object 'drivers/a715181@@tmp_rte_net_spnic@sta/net_spnic_spnic_rx.c.o'.
[2008/2904] Compiling C object 'drivers/a715181@@tmp_rte_net_spnic@sta/net_spnic_spnic_tx.c.o'.
[2009/2904] Compiling C object 'drivers/a715181@@tmp_rte_net_spnic@sta/net_spnic_spnic_ethdev.c.o'.
ninja: build stopped: subcommand failed.
==== End log output ====
Arch Linux
Kernel: 5.4.0-73-generic
Compiler: gcc 11.1.0
Ubuntu 18.04
Kernel: 4.18.0-240.10.1.el8_3.x86_64
Compiler: gcc 7.5.0-3ubuntu1~18.04
Fedora 31
Kernel: 4.18.0-240.10.1.el8_3.x86_64
Compiler: gcc 9.3.1
CentOS Stream 8
Kernel: 4.18.0-240.10.1.el8_3.x86_64
Compiler: gcc 8.4.1 20200928
openSUSE Leap 15
Kernel: 4.18.0-240.10.1.el8_3.x86_64
Compiler: gcc 7.5.0
CentOS 8
Kernel: 4.18.0-240.10.1.el8_3.x86_64
Compiler: gcc 8.3.1 20191121 (Red Hat 8.3.1-5)
RHEL 7
Kernel: 4.18.0-240.10.1.el8_3.x86_64
Compiler: gcc 4.8.5 20150623 (Red Hat 4.8.5-44)
Ubuntu 20.04
Kernel: 4.18.0-240.10.1.el8_3.x86_64
Compiler: gcc 9.3.0-17ubuntu1~20.04
RHEL8
Kernel: 4.18.0-240.10.1.el8_3.x86_64
Compiler: gcc 8.3.1 20191121 (Red Hat 8.3.1-5)
Fedora 34
Kernel: 5.4.0-72-generic
Compiler: gcc 11.1.1 20210428 (Red Hat 11.1.1-1)
Fedora 33
Kernel: 5.4.0-72-generic
Compiler: gcc 10.3.1 20210422 (Red Hat 10.3.1-1)
Fedora 34 clang
Kernel: 5.4.0-72-generic
Compiler: clang 12.0.0 (Fedora 12.0.0-0.3.rc1.fc34)
Fedora 32
Kernel: 4.18.0-240.10.1.el8_3.x86_64
Compiler: gcc 10.2.1
To view detailed results, visit:
https://lab.dpdk.org/results/dashboard/patchsets/20520/
UNH-IOL DPDK Community Lab
To manage your email subscriptions, visit:
https://lab.dpdk.org/results/dashboard/preferences/subscriptions/
^ permalink raw reply [flat|nested] 5+ messages in thread
* |FAILURE| pw105239-105264 [PATCH] [v1, 25/25] net/spnic: add doc infrastructure
@ 2021-12-18 3:20 dpdklab
0 siblings, 0 replies; 5+ messages in thread
From: dpdklab @ 2021-12-18 3:20 UTC (permalink / raw)
To: Test Report; +Cc: dpdklab, Yanling Song
[-- Attachment #1: Type: text/plain, Size: 4018 bytes --]
Test-Label: iol-aarch64-compile-testing
Test-Status: FAILURE
http://dpdk.org/patch/105264
_Testing issues_
Submitter: Yanling Song <songyl@ramaxel.com>
Date: Saturday, December 18 2021 02:51:52
DPDK git baseline: Repo:dpdk
Branch: master
CommitID:042f5a355a57b31a9f87824173a9d427b21abdb8
105239-105264 --> testing fail
Test environment and result as below:
+----------------------------------------+--------------------+
| Environment | dpdk_meson_compile |
+========================================+====================+
| Ubuntu 20.04 ARM GCC Native | FAIL |
+----------------------------------------+--------------------+
| Ubuntu 20.04 aarch32 GCC Cross Compile | FAIL |
+----------------------------------------+--------------------+
| Ubuntu 20.04 ARM GCC Cross Compile | FAIL |
+----------------------------------------+--------------------+
| Ubuntu 20.04 ARM Clang Native | FAIL |
+----------------------------------------+--------------------+
| Ubuntu 20.04 ARM SVE | PASS |
+----------------------------------------+--------------------+
| Ubuntu 20.04 ARM Clang Cross Compile | FAIL |
+----------------------------------------+--------------------+
==== 20 line log output for Ubuntu 20.04 ARM Clang Cross Compile (dpdk_meson_compile): ====
^
2 errors generated.
[1809/2852] Compiling C object 'drivers/net/spnic/base/448fc72@@spnic_base@sta/spnic_mgmt.c.o'.
[1810/2852] Compiling C object 'drivers/net/spnic/base/448fc72@@spnic_base@sta/spnic_eqs.c.o'.
[1811/2852] Compiling C object 'drivers/net/spnic/base/448fc72@@spnic_base@sta/spnic_hwdev.c.o'.
[1812/2852] Compiling C object 'drivers/a715181@@tmp_rte_net_softnic@sta/net_softnic_rte_eth_softnic_meter.c.o'.
[1813/2852] Compiling C object 'drivers/a715181@@tmp_rte_net_softnic@sta/net_softnic_rte_eth_softnic_pipeline.c.o'.
[1814/2852] Generating rte_net_qede.pmd.c with a custom command.
[1815/2852] Compiling C object 'drivers/a715181@@tmp_rte_net_softnic@sta/net_softnic_rte_eth_softnic_flow.c.o'.
[1816/2852] Compiling C object 'drivers/net/spnic/base/448fc72@@spnic_base@sta/spnic_cmdq.c.o'.
[1817/2852] Compiling C object 'drivers/net/spnic/base/448fc72@@spnic_base@sta/spnic_mbox.c.o'.
[1818/2852] Compiling C object 'drivers/a715181@@tmp_rte_net_softnic@sta/net_softnic_rte_eth_softnic_thread.c.o'.
[1819/2852] Generating rte_net_sfc.pmd.c with a custom command.
[1820/2852] Compiling C object 'drivers/a715181@@tmp_rte_net_softnic@sta/net_softnic_rte_eth_softnic_cli.c.o'.
[1821/2852] Compiling C object 'drivers/a715181@@tmp_rte_net_softnic@sta/net_softnic_rte_eth_softnic_tm.c.o'.
[1822/2852] Compiling C object 'drivers/a715181@@tmp_rte_net_octeontx2@sta/net_octeontx2_otx2_tx.c.o'.
[1823/2852] Compiling C object 'drivers/a715181@@tmp_rte_net_cnxk@sta/net_cnxk_cn10k_tx_vec.c.o'.
[1824/2852] Compiling C object 'drivers/a715181@@tmp_rte_net_octeontx2@sta/net_octeontx2_otx2_rx.c.o'.
[1825/2852] Compiling C object 'drivers/a715181@@tmp_rte_net_cnxk@sta/net_cnxk_cn10k_tx_vec_mseg.c.o'.
ninja: build stopped: subcommand failed.
==== End log output ====
Ubuntu 20.04 ARM GCC Native
Kernel: 5.4.0-53-generic
Compiler: gcc 9.3
Ubuntu 20.04 aarch32 GCC Cross Compile
Kernel: 5.4.0-72-generic
Compiler: gcc 9.3.0
Ubuntu 20.04 ARM GCC Cross Compile
Kernel: 5.4.0-72-generic
Compiler: aarch64-linux-gnu-gcc (Ubuntu 9.3.0-17ubuntu1~20.04) 9.3.0
Ubuntu 20.04 ARM Clang Native
Kernel: 5.4.0-53-generic
Compiler: clang 10.0.0-4ubuntu1
Ubuntu 20.04 ARM SVE
Kernel: 5.4.0-80-generic
Compiler: gcc 10.3.0 (Ubuntu 10.3.0-1ubuntu1~20.04)
Ubuntu 20.04 ARM Clang Cross Compile
Kernel: 5.4.0-72-generic
Compiler: clang version 10.0.0-4ubuntu1
To view detailed results, visit:
https://lab.dpdk.org/results/dashboard/patchsets/20520/
UNH-IOL DPDK Community Lab
To manage your email subscriptions, visit:
https://lab.dpdk.org/results/dashboard/preferences/subscriptions/
^ permalink raw reply [flat|nested] 5+ messages in thread
end of thread, other threads:[~2021-12-18 3:35 UTC | newest]
Thread overview: 5+ messages (download: mbox.gz / follow: Atom feed)
-- links below jump to the message on this page --
2021-12-18 3:32 |FAILURE| pw105239-105264 [PATCH] [v1, 25/25] net/spnic: add doc infrastructure dpdklab
-- strict thread matches above, loose matches on Subject: below --
2021-12-18 3:35 dpdklab
2021-12-18 3:33 dpdklab
2021-12-18 3:21 dpdklab
2021-12-18 3:20 dpdklab
This is a public inbox, see mirroring instructions
for how to clone and mirror all data and code used for this inbox;
as well as URLs for NNTP newsgroup(s).