automatic DPDK test reports
 help / color / mirror / Atom feed
* |FAILURE| pw111106-111112 [PATCH] [v6, 7/7] test/security: add inline IPsec IPv6 flow label cases
@ 2022-05-13 14:09 dpdklab
  0 siblings, 0 replies; 2+ messages in thread
From: dpdklab @ 2022-05-13 14:09 UTC (permalink / raw)
  To: Test Report
  Cc: dpdk-test-reports, David Marchand, Thomas Monjalon, Akhil Goyal

[-- Attachment #1: Type: text/plain, Size: 8675 bytes --]

Test-Label: iol-x86_64-compile-testing
Test-Status: FAILURE
http://dpdk.org/patch/111112

_Testing issues_

Submitter: Akhil Goyal <gakhil@marvell.com>
Date: Friday, May 13 2022 07:32:01 
DPDK git baseline: Repo:dpdk
  Branch: master
  CommitID:c0c305ee9e0e7c9feca6412266a778f330d20c19

111106-111112 --> testing fail

Test environment and result as below:

+---------------------+--------------------+----------------------+
|     Environment     | dpdk_meson_compile | dpdk_mingw64_compile |
+=====================+====================+======================+
| Ubuntu 20.04        | PASS               | SKIPPED              |
+---------------------+--------------------+----------------------+
| Ubuntu 18.04        | PASS               | SKIPPED              |
+---------------------+--------------------+----------------------+
| FreeBSD 13          | PASS               | SKIPPED              |
+---------------------+--------------------+----------------------+
| Fedora 34           | PASS               | SKIPPED              |
+---------------------+--------------------+----------------------+
| Fedora 31           | PASS               | SKIPPED              |
+---------------------+--------------------+----------------------+
| Fedora 33           | PASS               | SKIPPED              |
+---------------------+--------------------+----------------------+
| Arch Linux          | PASS               | SKIPPED              |
+---------------------+--------------------+----------------------+
| Windows Server 2019 | PASS               | PASS                 |
+---------------------+--------------------+----------------------+
| RHEL 7              | FAIL               | SKIPPED              |
+---------------------+--------------------+----------------------+
| CentOS Stream 8     | PASS               | SKIPPED              |
+---------------------+--------------------+----------------------+
| openSUSE Leap 15    | PASS               | SKIPPED              |
+---------------------+--------------------+----------------------+
| RHEL8               | PASS               | SKIPPED              |
+---------------------+--------------------+----------------------+
| Fedora 32           | PASS               | SKIPPED              |
+---------------------+--------------------+----------------------+
| Alpine              | PASS               | SKIPPED              |
+---------------------+--------------------+----------------------+
| Fedora 34 clang     | PASS               | SKIPPED              |
+---------------------+--------------------+----------------------+

==== 20 line log output for RHEL 7 (dpdk_meson_compile): ====
[3307/3359] Compiling C object 'app/test/3062f5d@@dpdk-test@exe/test_ring_mt_peek_stress.c.o'.
[3308/3359] Compiling C object 'app/test/3062f5d@@dpdk-test@exe/test_ring_mt_peek_stress_zc.c.o'.
[3309/3359] Compiling C object 'app/test/3062f5d@@dpdk-test@exe/test_ring_perf.c.o'.
[3310/3359] Compiling C object 'app/test/3062f5d@@dpdk-test@exe/test_ring_rts_stress.c.o'.
[3311/3359] Compiling C object 'app/test/3062f5d@@dpdk-test@exe/test_ring_st_peek_stress.c.o'.
[3312/3359] Compiling C object 'app/test/3062f5d@@dpdk-test@exe/test_ring_st_peek_stress_zc.c.o'.
[3313/3359] Compiling C object 'app/test/3062f5d@@dpdk-test@exe/test_ring_stress.c.o'.
[3314/3359] Compiling C object 'app/test/3062f5d@@dpdk-test@exe/test_rwlock.c.o'.
[3315/3359] Compiling C object 'app/test/3062f5d@@dpdk-test@exe/test_sched.c.o'.
[3316/3359] Compiling C object 'app/test/3062f5d@@dpdk-test@exe/test_security.c.o'.
[3317/3359] Compiling C object 'app/test/3062f5d@@dpdk-test@exe/test_security_inline_proto.c.o'.
FAILED: app/test/3062f5d@@dpdk-test@exe/test_security_inline_proto.c.o
ccache cc -Iapp/test/3062f5d@@dpdk-test@exe -Iapp/test -I../app/test -I. -I../ -Iconfig -I../config -Ilib/eal/include -I../lib/eal/include -Ilib/eal/linux/include -I../lib/eal/linux/include -Ilib/eal/x86/include -I../lib/eal/x86/include -Ilib/kvargs -I../lib/kvargs -Ilib/telemetry/../metrics -I../lib/telemetry/../metrics -Ilib/telemetry -I../lib/telemetry -Ilib/eal/common -I../lib/eal/common -Ilib/eal -I../lib/eal -Ilib/ring -I../lib/ring -Ilib/rcu -I../lib/rcu -Ilib/mempool -I../lib/mempool -Ilib/mbuf -I../lib/mbuf -Ilib/net -I../lib/net -Ilib/meter -I../lib/meter -Ilib/ethdev -I../lib/ethdev -Ilib/pci -I../lib/pci -Ilib/cmdline -I../lib/cmdline -Ilib/metrics -I../lib/metrics -Ilib/hash -I../lib/hash -Ilib/timer -I../lib/timer -Ilib/acl -I../lib/acl -Ilib/bbdev -I../lib/bbdev -Ilib/bitratestats -I../lib/bitratestats -Ilib/bpf -I../lib/bpf -Ilib/cfgfile -I../lib/cfgfile -Ilib/compressdev -I../lib/compressdev -Ilib/cryptodev -I../lib/cryptodev -Ilib/distributor -I../lib/distributor -Ilib/efd -I../lib/efd -Ilib/eventdev -I../lib/eventdev -Ilib/gpudev -I../lib/gpudev -Ilib/gro -I../lib/gro -Ilib/gso -I../lib/gso -Ilib/ip_frag -I../lib/ip_frag -Ilib/jobstats -I../lib/jobstats -Ilib/kni -I../lib/kni -Ilib/latencystats -I../lib/latencystats -Ilib/lpm -I../lib/lpm -Ilib/member -I../lib/member -Ilib/pcapng -I../lib/pcapng -Ilib/power -I../lib/power -Ilib/rawdev -I../lib/rawdev -Ilib/regexdev -I../lib/regexdev -Ilib/dmadev -I../lib/dmadev -Ilib/rib -I../lib/rib -Ilib/reorder -I../lib/reorder -Ilib/sched -I../lib/sched -Ilib/security -I../lib/security -Ilib/stack -I../lib/stack -Ilib/vhost -I../lib/vhost -Ilib/ipsec -I../lib/ipsec -Ilib/fib -I../lib/fib -Ilib/port -I../lib/port -Ilib/pdump -I../lib/pdump -Ilib/table -I../lib/table -Ilib/pipeline -I../lib/pipeline -Ilib/flow_classify -I../lib/flow_classify -Ilib/graph -I../lib/graph -Ilib/node -I../lib/node -Idrivers/bus/pci -I../drivers/bus/pci -I../drivers/bus/pci/linux -Idrivers/bus/vdev -I../drivers/bus/vdev -Idrivers/mempool/ring -I../drivers/mempool/ring -Idrivers/mempool/stack -I../drivers/mempool/stack -Idrivers/event/skeleton -I../drivers/event/skeleton -Idrivers/net/bonding -I../drivers/net/bonding -Idrivers/net/ring -I../drivers/net/ring -Idrivers/net/null -I../drivers/net/null -Idrivers/crypto/scheduler -I../drivers/crypto/scheduler -pipe -D_FILE_OFFSET_BITS=64 -Wall -Winvalid-pch -Wextra -Werror -O3 -include rte_config.h -Wcast-qual -Wdeprecated -Wformat -Wformat-nonliteral -Wformat-security -Wmissing-declarations -Wmissing-prototypes -Wnested-externs -Wold-style-definition -Wpointer-arith -Wsign-compare -Wstrict-prototypes -Wundef -Wwrite-strings -Wno-missing-field-initializers -D_GNU_SOURCE -march=native -DALLOW_EXPERIMENTAL_API -fno-strict-aliasing -DALLOW_INTERNAL_API  -MD -MQ 'app/test/3062f5d@@dpdk-test@exe/test_security_inline_proto.c.o' -MF 'app/test/3062f5d@@dpdk-test@exe/test_security_inline_proto.c.o.d' -o 'app/test/3062f5d@@dpdk-test@exe/test_security_inline_proto.c.o' -c ../app/test/test_security_inline_proto.c
../app/test/test_security_inline_proto.c: In function 'test_ipsec_with_reassembly':
../app/test/test_security_inline_proto.c:694:9: error: missing braces around initializer [-Werror=missing-braces]
struct ipsec_test_data sa_data = {0};
^
../app/test/test_security_inline_proto.c:694:9: error: (near initialization for 'sa_data.key') [-Werror=missing-braces]
cc1: all warnings being treated as errors
ninja: build stopped: subcommand failed.
==== End log output ====

Ubuntu 20.04
	Kernel: 4.18.0-240.10.1.el8_3.x86_64
	Compiler: gcc 9.3.0-17ubuntu1~20.04

Ubuntu 18.04
	Kernel: 4.18.0-240.10.1.el8_3.x86_64
	Compiler: gcc 7.5.0-3ubuntu1~18.04

FreeBSD 13
	Kernel: 13.0
	Compiler: clang 11.0.1

Fedora 34
	Kernel: 5.4.0-72-generic
	Compiler: gcc 11.1.1 20210428 (Red Hat 11.1.1-1)

Fedora 31
	Kernel: 4.18.0-240.10.1.el8_3.x86_64
	Compiler: gcc 9.3.1

Fedora 33
	Kernel: 5.4.0-72-generic
	Compiler: gcc 10.3.1 20210422 (Red Hat 10.3.1-1)

Arch Linux
	Kernel: 5.4.0-73-generic
	Compiler: gcc 11.1.0

Windows Server 2019
	Kernel: 10.0
	Compiler: clang 14.0 and gcc 8.1.0 (MinGW)

RHEL 7
	Kernel: 4.18.0-240.10.1.el8_3.x86_64
	Compiler: gcc 4.8.5 20150623 (Red Hat 4.8.5-44)

CentOS Stream 8
	Kernel: 4.18.0-240.10.1.el8_3.x86_64
	Compiler: gcc 8.4.1 20200928

openSUSE Leap 15
	Kernel: 4.18.0-240.10.1.el8_3.x86_64
	Compiler: gcc 7.5.0

RHEL8
	Kernel: 4.18.0-240.10.1.el8_3.x86_64
	Compiler: gcc 8.3.1 20191121 (Red Hat 8.3.1-5)

Fedora 32
	Kernel: 4.18.0-240.10.1.el8_3.x86_64
	Compiler: gcc 10.2.1

Alpine
	Kernel: 5.4.0-73-generic
	Compiler: gcc (Alpine 10.3.1_git20210424) 10.3.1 20210424

Fedora 34 clang
	Kernel: 5.4.0-72-generic
	Compiler: clang 12.0.0 (Fedora 12.0.0-0.3.rc1.fc34)

To view detailed results, visit:
https://lab.dpdk.org/results/dashboard/patchsets/22104/

UNH-IOL DPDK Community Lab

To manage your email subscriptions, visit: 
https://lab.dpdk.org/results/dashboard/preferences/subscriptions/

^ permalink raw reply	[flat|nested] 2+ messages in thread

* |FAILURE| pw111106-111112 [PATCH] [v6, 7/7] test/security: add inline IPsec IPv6 flow label cases
@ 2022-05-13 11:24 dpdklab
  0 siblings, 0 replies; 2+ messages in thread
From: dpdklab @ 2022-05-13 11:24 UTC (permalink / raw)
  To: Test Report; +Cc: dpdklab, David Marchand, Thomas Monjalon, Akhil Goyal

[-- Attachment #1: Type: text/plain, Size: 7213 bytes --]

Test-Label: iol-x86_64-unit-testing
Test-Status: FAILURE
http://dpdk.org/patch/111112

_Testing issues_

Submitter: Akhil Goyal <gakhil@marvell.com>
Date: Friday, May 13 2022 07:32:01 
DPDK git baseline: Repo:dpdk
  Branch: master
  CommitID:c0c305ee9e0e7c9feca6412266a778f330d20c19

111106-111112 --> testing fail

Test environment and result as below:

+------------------+----------------+
|   Environment    | dpdk_unit_test |
+==================+================+
| RHEL8            | PASS           |
+------------------+----------------+
| openSUSE Leap 15 | PASS           |
+------------------+----------------+
| Arch Linux       | PASS           |
+------------------+----------------+
| Fedora 31        | PASS           |
+------------------+----------------+
| Fedora 33        | PASS           |
+------------------+----------------+
| Fedora 32        | PASS           |
+------------------+----------------+
| RHEL 7           | FAIL           |
+------------------+----------------+
| CentOS Stream 8  | PASS           |
+------------------+----------------+
| Ubuntu 20.04     | PASS           |
+------------------+----------------+
| Fedora 34        | PASS           |
+------------------+----------------+
| Ubuntu 18.04     | PASS           |
+------------------+----------------+
| Fedora 34 clang  | PASS           |
+------------------+----------------+

==== 20 line log output for RHEL 7 (dpdk_unit_test): ====
[3278/3331] Compiling C object 'app/test/3062f5d@@dpdk-test@exe/test_ring_mt_peek_stress_zc.c.o'.
[3279/3331] Compiling C object 'app/test/3062f5d@@dpdk-test@exe/test_ring_rts_stress.c.o'.
[3280/3331] Compiling C object 'app/test/3062f5d@@dpdk-test@exe/test_ring_st_peek_stress.c.o'.
[3281/3331] Compiling C object 'app/test/3062f5d@@dpdk-test@exe/test_ring_st_peek_stress_zc.c.o'.
[3282/3331] Compiling C object 'app/test/3062f5d@@dpdk-test@exe/test_ring_stress.c.o'.
[3283/3331] Compiling C object 'app/test/3062f5d@@dpdk-test@exe/test_rwlock.c.o'.
[3284/3331] Compiling C object 'app/test/3062f5d@@dpdk-test@exe/test_sched.c.o'.
[3285/3331] Compiling C object 'app/test/3062f5d@@dpdk-test@exe/test_security_inline_proto.c.o'.
FAILED: app/test/3062f5d@@dpdk-test@exe/test_security_inline_proto.c.o
ccache cc -Iapp/test/3062f5d@@dpdk-test@exe -Iapp/test -I../app/test -I. -I../ -Iconfig -I../config -Ilib/eal/include -I../lib/eal/include -Ilib/eal/linux/include -I../lib/eal/linux/include -Ilib/eal/x86/include -I../lib/eal/x86/include -Ilib/kvargs -I../lib/kvargs -Ilib/telemetry/../metrics -I../lib/telemetry/../metrics -Ilib/telemetry -I../lib/telemetry -Ilib/eal/common -I../lib/eal/common -Ilib/eal -I../lib/eal -Ilib/ring -I../lib/ring -Ilib/rcu -I../lib/rcu -Ilib/mempool -I../lib/mempool -Ilib/mbuf -I../lib/mbuf -Ilib/net -I../lib/net -Ilib/meter -I../lib/meter -Ilib/ethdev -I../lib/ethdev -Ilib/pci -I../lib/pci -Ilib/cmdline -I../lib/cmdline -Ilib/metrics -I../lib/metrics -Ilib/hash -I../lib/hash -Ilib/timer -I../lib/timer -Ilib/acl -I../lib/acl -Ilib/bbdev -I../lib/bbdev -Ilib/bitratestats -I../lib/bitratestats -Ilib/bpf -I../lib/bpf -Ilib/cfgfile -I../lib/cfgfile -Ilib/compressdev -I../lib/compressdev -Ilib/cryptodev -I../lib/cryptodev -Ilib/distributor -I../lib/distributor -Ilib/efd -I../lib/efd -Ilib/eventdev -I../lib/eventdev -Ilib/gpudev -I../lib/gpudev -Ilib/gro -I../lib/gro -Ilib/gso -I../lib/gso -Ilib/ip_frag -I../lib/ip_frag -Ilib/jobstats -I../lib/jobstats -Ilib/kni -I../lib/kni -Ilib/latencystats -I../lib/latencystats -Ilib/lpm -I../lib/lpm -Ilib/member -I../lib/member -Ilib/pcapng -I../lib/pcapng -Ilib/power -I../lib/power -Ilib/rawdev -I../lib/rawdev -Ilib/regexdev -I../lib/regexdev -Ilib/dmadev -I../lib/dmadev -Ilib/rib -I../lib/rib -Ilib/reorder -I../lib/reorder -Ilib/sched -I../lib/sched -Ilib/security -I../lib/security -Ilib/stack -I../lib/stack -Ilib/vhost -I../lib/vhost -Ilib/ipsec -I../lib/ipsec -Ilib/fib -I../lib/fib -Ilib/port -I../lib/port -Ilib/pdump -I../lib/pdump -Ilib/table -I../lib/table -Ilib/pipeline -I../lib/pipeline -Ilib/flow_classify -I../lib/flow_classify -Ilib/graph -I../lib/graph -Ilib/node -I../lib/node -Idrivers/bus/pci -I../drivers/bus/pci -I../drivers/bus/pci/linux -Idrivers/bus/vdev -I../drivers/bus/vdev -Idrivers/mempool/ring -I../drivers/mempool/ring -Idrivers/mempool/stack -I../drivers/mempool/stack -Idrivers/event/skeleton -I../drivers/event/skeleton -Idrivers/net/bonding -I../drivers/net/bonding -Idrivers/net/ring -I../drivers/net/ring -Idrivers/net/null -I../drivers/net/null -Idrivers/crypto/scheduler -I../drivers/crypto/scheduler -pipe -D_FILE_OFFSET_BITS=64 -Wall -Winvalid-pch -Wextra -Werror -O3 -include rte_config.h -Wcast-qual -Wdeprecated -Wformat -Wformat-nonliteral -Wformat-security -Wmissing-declarations -Wmissing-prototypes -Wnested-externs -Wold-style-definition -Wpointer-arith -Wsign-compare -Wstrict-prototypes -Wundef -Wwrite-strings -Wno-missing-field-initializers -D_GNU_SOURCE -march=native -DALLOW_EXPERIMENTAL_API -fno-strict-aliasing -DALLOW_INTERNAL_API  -MD -MQ 'app/test/3062f5d@@dpdk-test@exe/test_security_inline_proto.c.o' -MF 'app/test/3062f5d@@dpdk-test@exe/test_security_inline_proto.c.o.d' -o 'app/test/3062f5d@@dpdk-test@exe/test_security_inline_proto.c.o' -c ../app/test/test_security_inline_proto.c
../app/test/test_security_inline_proto.c: In function 'test_ipsec_with_reassembly':
../app/test/test_security_inline_proto.c:694:9: error: missing braces around initializer [-Werror=missing-braces]
struct ipsec_test_data sa_data = {0};
^
../app/test/test_security_inline_proto.c:694:9: error: (near initialization for 'sa_data.key') [-Werror=missing-braces]
cc1: all warnings being treated as errors
[3286/3331] Compiling C object 'app/test/3062f5d@@dpdk-test@exe/test_security.c.o'.
[3287/3331] Compiling C object 'app/test/3062f5d@@dpdk-test@exe/test_ring.c.o'.
[3288/3331] Compiling C object 'app/test/3062f5d@@dpdk-test@exe/test_ring_perf.c.o'.
ninja: build stopped: subcommand failed.
==== End log output ====

RHEL8
	Kernel: 4.18.0-240.10.1.el8_3.x86_64
	Compiler: gcc 8.3.1 20191121 (Red Hat 8.3.1-5)

openSUSE Leap 15
	Kernel: 4.18.0-240.10.1.el8_3.x86_64
	Compiler: gcc 7.5.0

Arch Linux
	Kernel: 5.4.0-73-generic
	Compiler: gcc 11.1.0

Fedora 31
	Kernel: 4.18.0-240.10.1.el8_3.x86_64
	Compiler: gcc 9.3.1

Fedora 33
	Kernel: 5.4.0-72-generic
	Compiler: gcc 10.3.1 20210422 (Red Hat 10.3.1-1)

Fedora 32
	Kernel: 4.18.0-240.10.1.el8_3.x86_64
	Compiler: gcc 10.2.1

RHEL 7
	Kernel: 4.18.0-240.10.1.el8_3.x86_64
	Compiler: gcc 4.8.5 20150623 (Red Hat 4.8.5-44)

CentOS Stream 8
	Kernel: 4.18.0-240.10.1.el8_3.x86_64
	Compiler: gcc 8.4.1 20200928

Ubuntu 20.04
	Kernel: 4.18.0-240.10.1.el8_3.x86_64
	Compiler: gcc 9.3.0-17ubuntu1~20.04

Fedora 34
	Kernel: 5.4.0-72-generic
	Compiler: gcc 11.1.1 20210428 (Red Hat 11.1.1-1)

Ubuntu 18.04
	Kernel: 4.18.0-240.10.1.el8_3.x86_64
	Compiler: gcc 7.5.0-3ubuntu1~18.04

Fedora 34 clang
	Kernel: 5.4.0-72-generic
	Compiler: clang 12.0.0 (Fedora 12.0.0-0.3.rc1.fc34)

To view detailed results, visit:
https://lab.dpdk.org/results/dashboard/patchsets/22104/

UNH-IOL DPDK Community Lab

To manage your email subscriptions, visit: 
https://lab.dpdk.org/results/dashboard/preferences/subscriptions/

^ permalink raw reply	[flat|nested] 2+ messages in thread

end of thread, other threads:[~2022-05-13 14:09 UTC | newest]

Thread overview: 2+ messages (download: mbox.gz / follow: Atom feed)
-- links below jump to the message on this page --
2022-05-13 14:09 |FAILURE| pw111106-111112 [PATCH] [v6, 7/7] test/security: add inline IPsec IPv6 flow label cases dpdklab
  -- strict thread matches above, loose matches on Subject: below --
2022-05-13 11:24 dpdklab

automatic DPDK test reports

This inbox may be cloned and mirrored by anyone:

	git clone --mirror http://inbox.dpdk.org/test-report/0 test-report/git/0.git

	# If you have public-inbox 1.1+ installed, you may
	# initialize and index your mirror using the following commands:
	public-inbox-init -V2 test-report test-report/ http://inbox.dpdk.org/test-report \
		test-report@dpdk.org
	public-inbox-index test-report

Example config snippet for mirrors.
Newsgroup available over NNTP:
	nntp://inbox.dpdk.org/inbox.dpdk.test-report


AGPL code for this site: git clone https://public-inbox.org/public-inbox.git