* |FAILURE| pw114659 [PATCH] net/bonding: add link speeds configuration
@ 2022-08-05 22:17 dpdklab
0 siblings, 0 replies; only message in thread
From: dpdklab @ 2022-08-05 22:17 UTC (permalink / raw)
To: Test Report; +Cc: dpdklab, David Marchand, Thomas Monjalon, Huisong Li
[-- Attachment #1: Type: text/plain, Size: 4163 bytes --]
Test-Label: iol-x86_64-unit-testing
Test-Status: FAILURE
http://dpdk.org/patch/114659
_Testing issues_
Submitter: Huisong Li <lihuisong@huawei.com>
Date: Friday, August 05 2022 03:19:12
DPDK git baseline: Repo:dpdk
Branch: master
CommitID:72206323a5dd3182b13f61b25a64abdddfee595c
114659 --> testing fail
Test environment and result as below:
+---------------------+----------------+
| Environment | dpdk_unit_test |
+=====================+================+
| Fedora 31 | FAIL |
+---------------------+----------------+
| Arch Linux | FAIL |
+---------------------+----------------+
| Ubuntu 18.04 | PASS |
+---------------------+----------------+
| Windows Server 2019 | PASS |
+---------------------+----------------+
| CentOS Stream 8 | PASS |
+---------------------+----------------+
| RHEL 7 | PASS |
+---------------------+----------------+
| Fedora 32 | PASS |
+---------------------+----------------+
| Fedora 34 | PASS |
+---------------------+----------------+
| Fedora 33 | PASS |
+---------------------+----------------+
| RHEL8 | PASS |
+---------------------+----------------+
| Ubuntu 20.04 | PASS |
+---------------------+----------------+
| Fedora 34 clang | PASS |
+---------------------+----------------+
==== 20 line log output for Arch Linux (dpdk_unit_test): ====
1169 | LIBBPF_API int bpf_get_link_xdp_id(int ifindex, __u32 *prog_id, __u32 flags);
| ^~~~~~~~~~~~~~~~~~~
../drivers/net/af_xdp/rte_eth_af_xdp.c:879:9: error: ‘bpf_set_link_xdp_fd’ is deprecated: libbpf v0.8+: use bpf_xdp_attach() instead [-Werror=deprecated-declarations]
879 | bpf_set_link_xdp_fd(internals->if_index, -1,
| ^~~~~~~~~~~~~~~~~~~
/usr/include/bpf/libbpf.h:1164:16: note: declared here
1164 | LIBBPF_API int bpf_set_link_xdp_fd(int ifindex, int fd, __u32 flags);
| ^~~~~~~~~~~~~~~~~~~
../drivers/net/af_xdp/rte_eth_af_xdp.c: In function ‘load_custom_xdp_prog’:
../drivers/net/af_xdp/rte_eth_af_xdp.c:1201:9: error: ‘bpf_set_link_xdp_fd’ is deprecated: libbpf v0.8+: use bpf_xdp_attach() instead [-Werror=deprecated-declarations]
1201 | ret = bpf_set_link_xdp_fd(if_index, prog_fd,
| ^~~
/usr/include/bpf/libbpf.h:1164:16: note: declared here
1164 | LIBBPF_API int bpf_set_link_xdp_fd(int ifindex, int fd, __u32 flags);
| ^~~~~~~~~~~~~~~~~~~
cc1: all warnings being treated as errors
[1069/3369] Linking target drivers/librte_net_atlantic.so.23.0.
[1070/3369] Compiling C object 'drivers/a715181@@tmp_rte_net_axgbe@sta/net_axgbe_axgbe_ethdev.c.o'.
[1071/3369] Compiling C object 'drivers/a715181@@tmp_rte_net_avp@sta/net_avp_avp_ethdev.c.o'.
ninja: build stopped: subcommand failed.
==== End log output ====
Fedora 31
Kernel: 4.18.0-240.10.1.el8_3.x86_64
Compiler: gcc 9.3.1
Arch Linux
Kernel: 5.4.0-73-generic
Compiler: gcc 11.1.0
Ubuntu 18.04
Kernel: 4.18.0-240.10.1.el8_3.x86_64
Compiler: gcc 7.5.0-3ubuntu1~18.04
Windows Server 2019
Kernel: 10.0
Compiler: clang 14.0 and gcc 8.1.0 (MinGW)
CentOS Stream 8
Kernel: 4.18.0-240.10.1.el8_3.x86_64
Compiler: gcc 8.4.1 20200928
RHEL 7
Kernel: 4.18.0-240.10.1.el8_3.x86_64
Compiler: gcc 4.8.5 20150623 (Red Hat 4.8.5-44)
Fedora 32
Kernel: 4.18.0-240.10.1.el8_3.x86_64
Compiler: gcc 10.2.1
Fedora 34
Kernel: 5.4.0-72-generic
Compiler: gcc 11.1.1 20210428 (Red Hat 11.1.1-1)
Fedora 33
Kernel: 5.4.0-72-generic
Compiler: gcc 10.3.1 20210422 (Red Hat 10.3.1-1)
RHEL8
Kernel: 4.18.0-240.10.1.el8_3.x86_64
Compiler: gcc 8.3.1 20191121 (Red Hat 8.3.1-5)
Ubuntu 20.04
Kernel: 4.18.0-240.10.1.el8_3.x86_64
Compiler: gcc 9.3.0-17ubuntu1~20.04
Fedora 34 clang
Kernel: 5.4.0-72-generic
Compiler: clang 12.0.0 (Fedora 12.0.0-0.3.rc1.fc34)
To view detailed results, visit:
https://lab.dpdk.org/results/dashboard/patchsets/23151/
UNH-IOL DPDK Community Lab
To manage your email subscriptions, visit:
https://lab.dpdk.org/results/dashboard/preferences/subscriptions/
^ permalink raw reply [flat|nested] only message in thread
only message in thread, other threads:[~2022-08-05 22:17 UTC | newest]
Thread overview: (only message) (download: mbox.gz / follow: Atom feed)
-- links below jump to the message on this page --
2022-08-05 22:17 |FAILURE| pw114659 [PATCH] net/bonding: add link speeds configuration dpdklab
This is a public inbox, see mirroring instructions
for how to clone and mirror all data and code used for this inbox;
as well as URLs for NNTP newsgroup(s).