* |FAILURE| pw123154 [PATCH] common/cnxk: fix incorrect auth key length
@ 2023-02-06 15:39 dpdklab
0 siblings, 0 replies; 7+ messages in thread
From: dpdklab @ 2023-02-06 15:39 UTC (permalink / raw)
To: Georgii Tkachuk, Qian Xu, Lijuan Tu, Test Report, Ferruh Yigit
Cc: dpdk-test-reports, David Marchand, Thomas Monjalon,
Gowrishankar Muthukrishnan
[-- Attachment #1: Type: text/plain, Size: 1812 bytes --]
Test-Label: iol-intel-Performance
Test-Status: FAILURE
http://dpdk.org/patch/123154
_Performance Testing issues_
Submitter: Gowrishankar Muthukrishnan <gmuthukrishn@marvell.com>
Date: Monday, February 06 2023 14:52:58
DPDK git baseline: Repo:dpdk
Branch: master
CommitID:796b031608d8d52e040f83304c676d3cda5af617
123154 --> performance testing fail
Test environment and result as below:
Ubuntu 20.04
Kernel: 4.15.0-generic
Compiler: gcc 7.4
NIC: Intel Corporation Ethernet Converged Network Adapter XL710-QDA2 40000 Mbps
Target: x86_64-native-linuxapp-gcc
Fail/Total: 1/4
Detail performance results:
+----------+-------------+---------+------------+------------------------------+
| num_cpus | num_threads | txd/rxd | frame_size | throughput difference from |
| | | | | expected |
+==========+=============+=========+============+==============================+
| 1 | 2 | 512 | 64 | -0.6% |
+----------+-------------+---------+------------+------------------------------+
| 1 | 2 | 2048 | 64 | -1.1% |
+----------+-------------+---------+------------+------------------------------+
| 1 | 1 | 512 | 64 | -8.3% |
+----------+-------------+---------+------------+------------------------------+
| 1 | 1 | 2048 | 64 | -0.8% |
+----------+-------------+---------+------------+------------------------------+
To view detailed results, visit:
https://lab.dpdk.org/results/dashboard/patchsets/25225/
UNH-IOL DPDK Community Lab
To manage your email subscriptions, visit:
https://lab.dpdk.org/results/dashboard/preferences/subscriptions/
^ permalink raw reply [flat|nested] 7+ messages in thread
* |FAILURE| pw123154 [PATCH] common/cnxk: fix incorrect auth key length
@ 2023-02-06 18:45 dpdklab
0 siblings, 0 replies; 7+ messages in thread
From: dpdklab @ 2023-02-06 18:45 UTC (permalink / raw)
To: Test Report
Cc: dpdklab, David Marchand, Thomas Monjalon, Gowrishankar Muthukrishnan
[-- Attachment #1: Type: text/plain, Size: 3440 bytes --]
Test-Label: iol-x86_64-unit-testing
Test-Status: FAILURE
http://dpdk.org/patch/123154
_Testing issues_
Submitter: Gowrishankar Muthukrishnan <gmuthukrishn@marvell.com>
Date: Monday, February 06 2023 14:52:58
DPDK git baseline: Repo:dpdk
Branch: master
CommitID:796b031608d8d52e040f83304c676d3cda5af617
123154 --> testing fail
Test environment and result as below:
+---------------------+----------------+
| Environment | dpdk_unit_test |
+=====================+================+
| Windows Server 2019 | PASS |
+---------------------+----------------+
| CentOS Stream 8 | PASS |
+---------------------+----------------+
| RHEL 7 | PASS |
+---------------------+----------------+
| Ubuntu 22.04 | PASS |
+---------------------+----------------+
| Debian Buster | PASS |
+---------------------+----------------+
| openSUSE Leap 15 | PASS |
+---------------------+----------------+
| CentOS Stream 9 | PASS |
+---------------------+----------------+
| RHEL8 | PASS |
+---------------------+----------------+
| Debian Bullseye | FAIL |
+---------------------+----------------+
| Ubuntu 20.04 | PASS |
+---------------------+----------------+
==== 20 line log output for Debian Bullseye (dpdk_unit_test): ====
93/103 DPDK:fast-tests / telemetry_json_autotest OK 0.17 s
94/103 DPDK:fast-tests / telemetry_data_autotest OK 0.17 s
95/103 DPDK:fast-tests / table_autotest OK 15.27 s
96/103 DPDK:fast-tests / ring_pmd_autotest OK 0.55 s
97/103 DPDK:fast-tests / event_eth_tx_adapter_autotest OK 1.02 s
98/103 DPDK:fast-tests / bitratestats_autotest OK 0.20 s
99/103 DPDK:fast-tests / latencystats_autotest OK 0.17 s
100/103 DPDK:fast-tests / pdump_autotest OK 5.43 s
101/103 DPDK:fast-tests / vdev_autotest OK 0.21 s
102/103 DPDK:fast-tests / compressdev_autotest SKIP 0.17 s
103/103 DPDK:fast-tests / telemetry_all SKIP 0.24 s
Ok: 93
Expected Fail: 0
Fail: 1
Unexpected Pass: 0
Skipped: 9
Timeout: 0
Full log written to /home-local/jenkins-local/jenkins-agent/workspace/Generic-Unit-Test-DPDK@3/dpdk/build/meson-logs/testlog.txt
==== End log output ====
Windows Server 2019
Kernel: 10.0
Compiler: clang 14.0 and gcc 8.1.0 (MinGW)
CentOS Stream 8
Kernel: 4.18.0-240.10.1.el8_3.x86_64
Compiler: gcc 8.4.1 20200928
RHEL 7
Kernel: 4.18.0-240.10.1.el8_3.x86_64
Compiler: gcc 4.8.5 20150623 (Red Hat 4.8.5-44)
Ubuntu 22.04
Kernel: Container Host Kernel
Compiler: gcc 11.3.1-2
Debian Buster
Kernel: 5.4.0-122-generic
Compiler: gcc 8.3.0-6
openSUSE Leap 15
Kernel: 4.18.0-240.10.1.el8_3.x86_64
Compiler: gcc 7.5.0
CentOS Stream 9
Kernel: 4.18.0-240.10.1.el8_3.x86_64
Compiler: gcc 11.3.1 20220421
RHEL8
Kernel: 4.18.0-240.10.1.el8_3.x86_64
Compiler: gcc 8.3.1 20191121 (Red Hat 8.3.1-5)
Debian Bullseye
Kernel: 5.4.0-122-generic
Compiler: gcc 10.2.1-6
Ubuntu 20.04
Kernel: 4.18.0-240.10.1.el8_3.x86_64
Compiler: gcc 9.3.0-17ubuntu1~20.04
To view detailed results, visit:
https://lab.dpdk.org/results/dashboard/patchsets/25225/
UNH-IOL DPDK Community Lab
To manage your email subscriptions, visit:
https://lab.dpdk.org/results/dashboard/preferences/subscriptions/
^ permalink raw reply [flat|nested] 7+ messages in thread
* |FAILURE| pw123154 [PATCH] common/cnxk: fix incorrect auth key length
@ 2023-02-06 18:45 dpdklab
0 siblings, 0 replies; 7+ messages in thread
From: dpdklab @ 2023-02-06 18:45 UTC (permalink / raw)
To: Test Report
Cc: dpdklab, David Marchand, Thomas Monjalon, Gowrishankar Muthukrishnan
[-- Attachment #1: Type: text/plain, Size: 6979 bytes --]
Test-Label: iol-testing
Test-Status: FAILURE
http://dpdk.org/patch/123154
_Testing issues_
Submitter: Gowrishankar Muthukrishnan <gmuthukrishn@marvell.com>
Date: Monday, February 06 2023 14:52:58
DPDK git baseline: Repo:dpdk
Branch: master
CommitID:796b031608d8d52e040f83304c676d3cda5af617
123154 --> testing fail
Test environment and result as below:
+----------------------------------------+--------------------+----------------------+----------------+
| Environment | dpdk_meson_compile | dpdk_mingw64_compile | dpdk_unit_test |
+========================================+====================+======================+================+
| FreeBSD 13 | PASS | SKIPPED | SKIPPED |
+----------------------------------------+--------------------+----------------------+----------------+
| Windows Server 2019 | PASS | PASS | PASS |
+----------------------------------------+--------------------+----------------------+----------------+
| Ubuntu 20.04 ARM Clang Native | PASS | SKIPPED | PASS |
+----------------------------------------+--------------------+----------------------+----------------+
| Ubuntu 20.04 ARM GCC Native | PASS | SKIPPED | PASS |
+----------------------------------------+--------------------+----------------------+----------------+
| Debian Bullseye | PASS | SKIPPED | FAIL |
+----------------------------------------+--------------------+----------------------+----------------+
| Debian Buster | PASS | SKIPPED | PASS |
+----------------------------------------+--------------------+----------------------+----------------+
| CentOS Stream 8 | PASS | SKIPPED | PASS |
+----------------------------------------+--------------------+----------------------+----------------+
| CentOS Stream 9 | PASS | SKIPPED | PASS |
+----------------------------------------+--------------------+----------------------+----------------+
| Ubuntu 20.04 aarch32 GCC Cross Compile | PASS | SKIPPED | SKIPPED |
+----------------------------------------+--------------------+----------------------+----------------+
| RHEL 7 | PASS | SKIPPED | PASS |
+----------------------------------------+--------------------+----------------------+----------------+
| Ubuntu 22.04 | PASS | SKIPPED | PASS |
+----------------------------------------+--------------------+----------------------+----------------+
| openSUSE Leap 15 | PASS | SKIPPED | PASS |
+----------------------------------------+--------------------+----------------------+----------------+
| RHEL8 | PASS | SKIPPED | PASS |
+----------------------------------------+--------------------+----------------------+----------------+
| Ubuntu 20.04 | PASS | SKIPPED | PASS |
+----------------------------------------+--------------------+----------------------+----------------+
| Ubuntu 20.04 ARM Clang Cross Compile | PASS | SKIPPED | SKIPPED |
+----------------------------------------+--------------------+----------------------+----------------+
| Ubuntu 20.04 ARM GCC Cross Compile | PASS | SKIPPED | SKIPPED |
+----------------------------------------+--------------------+----------------------+----------------+
| Ubuntu 20.04 ARM SVE | PASS | SKIPPED | SKIPPED |
+----------------------------------------+--------------------+----------------------+----------------+
==== 20 line log output for Debian Bullseye (dpdk_unit_test): ====
93/103 DPDK:fast-tests / telemetry_json_autotest OK 0.17 s
94/103 DPDK:fast-tests / telemetry_data_autotest OK 0.17 s
95/103 DPDK:fast-tests / table_autotest OK 15.27 s
96/103 DPDK:fast-tests / ring_pmd_autotest OK 0.55 s
97/103 DPDK:fast-tests / event_eth_tx_adapter_autotest OK 1.02 s
98/103 DPDK:fast-tests / bitratestats_autotest OK 0.20 s
99/103 DPDK:fast-tests / latencystats_autotest OK 0.17 s
100/103 DPDK:fast-tests / pdump_autotest OK 5.43 s
101/103 DPDK:fast-tests / vdev_autotest OK 0.21 s
102/103 DPDK:fast-tests / compressdev_autotest SKIP 0.17 s
103/103 DPDK:fast-tests / telemetry_all SKIP 0.24 s
Ok: 93
Expected Fail: 0
Fail: 1
Unexpected Pass: 0
Skipped: 9
Timeout: 0
Full log written to /home-local/jenkins-local/jenkins-agent/workspace/Generic-Unit-Test-DPDK@3/dpdk/build/meson-logs/testlog.txt
==== End log output ====
FreeBSD 13
Kernel: 13.0
Compiler: clang 11.0.1
Windows Server 2019
Kernel: 10.0
Compiler: clang 14.0 and gcc 8.1.0 (MinGW)
Ubuntu 20.04 ARM Clang Native
Kernel: 5.4.0-53-generic
Compiler: clang 10.0.0-4ubuntu1
Ubuntu 20.04 ARM GCC Native
Kernel: 5.4.0-53-generic
Compiler: gcc 9.3
Debian Bullseye
Kernel: 5.4.0-122-generic
Compiler: gcc 10.2.1-6
Debian Buster
Kernel: 5.4.0-122-generic
Compiler: gcc 8.3.0-6
CentOS Stream 8
Kernel: 4.18.0-240.10.1.el8_3.x86_64
Compiler: gcc 8.4.1 20200928
CentOS Stream 9
Kernel: 4.18.0-240.10.1.el8_3.x86_64
Compiler: gcc 11.3.1 20220421
Ubuntu 20.04 aarch32 GCC Cross Compile
Kernel: 5.4.0-72-generic
Compiler: gcc 9.3.0
RHEL 7
Kernel: 4.18.0-240.10.1.el8_3.x86_64
Compiler: gcc 4.8.5 20150623 (Red Hat 4.8.5-44)
Ubuntu 22.04
Kernel: Container Host Kernel
Compiler: clang 14.0.5-1.fc36
openSUSE Leap 15
Kernel: 4.18.0-240.10.1.el8_3.x86_64
Compiler: gcc 7.5.0
RHEL8
Kernel: 4.18.0-240.10.1.el8_3.x86_64
Compiler: gcc 8.3.1 20191121 (Red Hat 8.3.1-5)
Ubuntu 20.04
Kernel: 4.18.0-240.10.1.el8_3.x86_64
Compiler: gcc 9.3.0-17ubuntu1~20.04
Ubuntu 20.04 ARM Clang Cross Compile
Kernel: 5.4.0-72-generic
Compiler: clang version 10.0.0-4ubuntu1
Ubuntu 20.04 ARM GCC Cross Compile
Kernel: 5.4.0-72-generic
Compiler: aarch64-linux-gnu-gcc (Ubuntu 9.3.0-17ubuntu1~20.04) 9.3.0
Ubuntu 20.04 ARM SVE
Kernel: 5.4.0-80-generic
Compiler: gcc 10.3.0 (Ubuntu 10.3.0-1ubuntu1~20.04)
To view detailed results, visit:
https://lab.dpdk.org/results/dashboard/patchsets/25225/
UNH-IOL DPDK Community Lab
To manage your email subscriptions, visit:
https://lab.dpdk.org/results/dashboard/preferences/subscriptions/
^ permalink raw reply [flat|nested] 7+ messages in thread
* |FAILURE| pw123154 [PATCH] common/cnxk: fix incorrect auth key length
@ 2023-02-06 18:45 dpdklab
0 siblings, 0 replies; 7+ messages in thread
From: dpdklab @ 2023-02-06 18:45 UTC (permalink / raw)
To: Test Report
Cc: dpdklab, David Marchand, Thomas Monjalon, Gowrishankar Muthukrishnan
[-- Attachment #1: Type: text/plain, Size: 6979 bytes --]
Test-Label: iol-testing
Test-Status: FAILURE
http://dpdk.org/patch/123154
_Testing issues_
Submitter: Gowrishankar Muthukrishnan <gmuthukrishn@marvell.com>
Date: Monday, February 06 2023 14:52:58
DPDK git baseline: Repo:dpdk
Branch: master
CommitID:796b031608d8d52e040f83304c676d3cda5af617
123154 --> testing fail
Test environment and result as below:
+----------------------------------------+--------------------+----------------------+----------------+
| Environment | dpdk_meson_compile | dpdk_mingw64_compile | dpdk_unit_test |
+========================================+====================+======================+================+
| FreeBSD 13 | PASS | SKIPPED | SKIPPED |
+----------------------------------------+--------------------+----------------------+----------------+
| Windows Server 2019 | PASS | PASS | PASS |
+----------------------------------------+--------------------+----------------------+----------------+
| Ubuntu 20.04 ARM Clang Native | PASS | SKIPPED | PASS |
+----------------------------------------+--------------------+----------------------+----------------+
| Ubuntu 20.04 ARM GCC Native | PASS | SKIPPED | PASS |
+----------------------------------------+--------------------+----------------------+----------------+
| Debian Bullseye | PASS | SKIPPED | FAIL |
+----------------------------------------+--------------------+----------------------+----------------+
| Debian Buster | PASS | SKIPPED | PASS |
+----------------------------------------+--------------------+----------------------+----------------+
| CentOS Stream 8 | PASS | SKIPPED | PASS |
+----------------------------------------+--------------------+----------------------+----------------+
| CentOS Stream 9 | PASS | SKIPPED | PASS |
+----------------------------------------+--------------------+----------------------+----------------+
| Ubuntu 20.04 aarch32 GCC Cross Compile | PASS | SKIPPED | SKIPPED |
+----------------------------------------+--------------------+----------------------+----------------+
| RHEL 7 | PASS | SKIPPED | PASS |
+----------------------------------------+--------------------+----------------------+----------------+
| Ubuntu 22.04 | PASS | SKIPPED | PASS |
+----------------------------------------+--------------------+----------------------+----------------+
| openSUSE Leap 15 | PASS | SKIPPED | PASS |
+----------------------------------------+--------------------+----------------------+----------------+
| RHEL8 | PASS | SKIPPED | PASS |
+----------------------------------------+--------------------+----------------------+----------------+
| Ubuntu 20.04 | PASS | SKIPPED | PASS |
+----------------------------------------+--------------------+----------------------+----------------+
| Ubuntu 20.04 ARM Clang Cross Compile | PASS | SKIPPED | SKIPPED |
+----------------------------------------+--------------------+----------------------+----------------+
| Ubuntu 20.04 ARM GCC Cross Compile | PASS | SKIPPED | SKIPPED |
+----------------------------------------+--------------------+----------------------+----------------+
| Ubuntu 20.04 ARM SVE | PASS | SKIPPED | SKIPPED |
+----------------------------------------+--------------------+----------------------+----------------+
==== 20 line log output for Debian Bullseye (dpdk_unit_test): ====
93/103 DPDK:fast-tests / telemetry_json_autotest OK 0.17 s
94/103 DPDK:fast-tests / telemetry_data_autotest OK 0.17 s
95/103 DPDK:fast-tests / table_autotest OK 15.27 s
96/103 DPDK:fast-tests / ring_pmd_autotest OK 0.55 s
97/103 DPDK:fast-tests / event_eth_tx_adapter_autotest OK 1.02 s
98/103 DPDK:fast-tests / bitratestats_autotest OK 0.20 s
99/103 DPDK:fast-tests / latencystats_autotest OK 0.17 s
100/103 DPDK:fast-tests / pdump_autotest OK 5.43 s
101/103 DPDK:fast-tests / vdev_autotest OK 0.21 s
102/103 DPDK:fast-tests / compressdev_autotest SKIP 0.17 s
103/103 DPDK:fast-tests / telemetry_all SKIP 0.24 s
Ok: 93
Expected Fail: 0
Fail: 1
Unexpected Pass: 0
Skipped: 9
Timeout: 0
Full log written to /home-local/jenkins-local/jenkins-agent/workspace/Generic-Unit-Test-DPDK@3/dpdk/build/meson-logs/testlog.txt
==== End log output ====
FreeBSD 13
Kernel: 13.0
Compiler: clang 11.0.1
Windows Server 2019
Kernel: 10.0
Compiler: clang 14.0 and gcc 8.1.0 (MinGW)
Ubuntu 20.04 ARM Clang Native
Kernel: 5.4.0-53-generic
Compiler: clang 10.0.0-4ubuntu1
Ubuntu 20.04 ARM GCC Native
Kernel: 5.4.0-53-generic
Compiler: gcc 9.3
Debian Bullseye
Kernel: 5.4.0-122-generic
Compiler: gcc 10.2.1-6
Debian Buster
Kernel: 5.4.0-122-generic
Compiler: gcc 8.3.0-6
CentOS Stream 8
Kernel: 4.18.0-240.10.1.el8_3.x86_64
Compiler: gcc 8.4.1 20200928
CentOS Stream 9
Kernel: 4.18.0-240.10.1.el8_3.x86_64
Compiler: gcc 11.3.1 20220421
Ubuntu 20.04 aarch32 GCC Cross Compile
Kernel: 5.4.0-72-generic
Compiler: gcc 9.3.0
RHEL 7
Kernel: 4.18.0-240.10.1.el8_3.x86_64
Compiler: gcc 4.8.5 20150623 (Red Hat 4.8.5-44)
Ubuntu 22.04
Kernel: Container Host Kernel
Compiler: clang 14.0.5-1.fc36
openSUSE Leap 15
Kernel: 4.18.0-240.10.1.el8_3.x86_64
Compiler: gcc 7.5.0
RHEL8
Kernel: 4.18.0-240.10.1.el8_3.x86_64
Compiler: gcc 8.3.1 20191121 (Red Hat 8.3.1-5)
Ubuntu 20.04
Kernel: 4.18.0-240.10.1.el8_3.x86_64
Compiler: gcc 9.3.0-17ubuntu1~20.04
Ubuntu 20.04 ARM Clang Cross Compile
Kernel: 5.4.0-72-generic
Compiler: clang version 10.0.0-4ubuntu1
Ubuntu 20.04 ARM GCC Cross Compile
Kernel: 5.4.0-72-generic
Compiler: aarch64-linux-gnu-gcc (Ubuntu 9.3.0-17ubuntu1~20.04) 9.3.0
Ubuntu 20.04 ARM SVE
Kernel: 5.4.0-80-generic
Compiler: gcc 10.3.0 (Ubuntu 10.3.0-1ubuntu1~20.04)
To view detailed results, visit:
https://lab.dpdk.org/results/dashboard/patchsets/25225/
UNH-IOL DPDK Community Lab
To manage your email subscriptions, visit:
https://lab.dpdk.org/results/dashboard/preferences/subscriptions/
^ permalink raw reply [flat|nested] 7+ messages in thread
* |FAILURE| pw123154 [PATCH] common/cnxk: fix incorrect auth key length
[not found] <20230206145258.1457688-1-gmuthukrishn@marvell.com>
@ 2023-02-06 15:59 ` 0-day Robot
0 siblings, 0 replies; 7+ messages in thread
From: 0-day Robot @ 2023-02-06 15:59 UTC (permalink / raw)
To: test-report; +Cc: gmuthukrishn, robot
From: robot@bytheb.org
Test-Label: github-robot: build
Test-Status: FAILURE
http://patchwork.dpdk.org/patch/123154/
_github build: failed_
Build URL: https://github.com/ovsrobot/dpdk/actions/runs/4104940226
Build Logs:
-----------------------Summary of failed steps-----------------------
"ubuntu-20.04-gcc-mini" failed at step Install packages
"ubuntu-20.04-gcc-static-mingw" failed at step Install packages
"ubuntu-20.04-gcc-ppc64le" failed at step Install packages
----------------------End summary of failed steps--------------------
-------------------------------BEGIN LOGS----------------------------
####################################################################################
#### [Begin job log] "ubuntu-20.04-gcc-mini" at step Install packages
####################################################################################
Err:16 http://azure.archive.ubuntu.com/ubuntu focal/main amd64 libnuma-dev amd64 2.0.12-1
503 Service Unavailable [IP: 52.250.76.244 80]
Err:17 http://azure.archive.ubuntu.com/ubuntu focal/main amd64 python3-pyelftools all 0.26-1ubuntu1
503 Service Unavailable [IP: 52.250.76.244 80]
Err:5 http://azure.archive.ubuntu.com/ubuntu focal-updates/main amd64 libarchive-dev amd64 3.4.0-2ubuntu1.2
503 Service Unavailable [IP: 52.250.76.244 80]
E: Failed to fetch http://azure.archive.ubuntu.com/ubuntu/pool/main/c/ccache/ccache_3.7.7-1_amd64.deb 503 Service Unavailable [IP: 52.250.76.244 80]
E: Failed to fetch http://azure.archive.ubuntu.com/ubuntu/pool/main/libn/libnl3/libnl-route-3-200_3.4.0-1ubuntu0.1_amd64.deb 503 Service Unavailable [IP: 52.250.76.244 80]
E: Failed to fetch http://azure.archive.ubuntu.com/ubuntu/pool/main/r/rdma-core/libibverbs1_28.0-1ubuntu1_amd64.deb 503 Service Unavailable [IP: 52.250.76.244 80]
E: Failed to fetch http://azure.archive.ubuntu.com/ubuntu/pool/main/r/rdma-core/ibverbs-providers_28.0-1ubuntu1_amd64.deb 503 Service Unavailable [IP: 52.250.76.244 80]
E: Failed to fetch http://azure.archive.ubuntu.com/ubuntu/pool/main/liba/libarchive/libarchive-dev_3.4.0-2ubuntu1.2_amd64.deb 503 Service Unavailable [IP: 52.250.76.244 80]
E: Failed to fetch http://azure.archive.ubuntu.com/ubuntu/pool/main/libb/libbsd/libbsd-dev_0.10.0-1_amd64.deb 503 Service Unavailable [IP: 52.250.76.244 80]
E: Failed to fetch http://azure.archive.ubuntu.com/ubuntu/pool/main/j/jansson/libjansson-dev_2.12-1build1_amd64.deb 503 Service Unavailable [IP: 52.250.76.244 80]
E: Failed to fetch http://azure.archive.ubuntu.com/ubuntu/pool/main/libn/libnl3/libnl-3-dev_3.4.0-1ubuntu0.1_amd64.deb 503 Service Unavailable [IP: 52.250.76.244 80]
E: Failed to fetch http://azure.archive.ubuntu.com/ubuntu/pool/main/libn/libnl3/libnl-route-3-dev_3.4.0-1ubuntu0.1_amd64.deb 503 Service Unavailable [IP: 52.250.76.244 80]
E: Failed to fetch http://azure.archive.ubuntu.com/ubuntu/pool/main/libp/libpcap/libpcap0.8-dev_1.9.1-3_amd64.deb 503 Service Unavailable [IP: 52.250.76.244 80]
E: Failed to fetch http://azure.archive.ubuntu.com/ubuntu/pool/main/libp/libpcap/libpcap-dev_1.9.1-3_amd64.deb 503 Service Unavailable [IP: 52.250.76.244 80]
E: Failed to fetch http://azure.archive.ubuntu.com/ubuntu/pool/universe/n/ninja-build/ninja-build_1.10.0-1build1_amd64.deb 503 Service Unavailable [IP: 52.250.76.244 80]
E: Failed to fetch http://azure.archive.ubuntu.com/ubuntu/pool/main/d/device-tree-compiler/libfdt1_1.5.1-1_amd64.deb 503 Service Unavailable [IP: 52.250.76.244 80]
E: Failed to fetch http://azure.archive.ubuntu.com/ubuntu/pool/main/d/device-tree-compiler/libfdt-dev_1.5.1-1_amd64.deb 503 Service Unavailable [IP: 52.250.76.244 80]
E: Failed to fetch http://azure.archive.ubuntu.com/ubuntu/pool/main/r/rdma-core/libibverbs-dev_28.0-1ubuntu1_amd64.deb 503 Service Unavailable [IP: 52.250.76.244 80]
E: Failed to fetch http://azure.archive.ubuntu.com/ubuntu/pool/main/n/numactl/libnuma-dev_2.0.12-1_amd64.deb 503 Service Unavailable [IP: 52.250.76.244 80]
E: Failed to fetch http://azure.archive.ubuntu.com/ubuntu/pool/main/p/python-pyelftools/python3-pyelftools_0.26-1ubuntu1_all.deb 503 Service Unavailable [IP: 52.250.76.244 80]
E: Unable to fetch some archives, maybe run apt-get update or try with --fix-missing?
##[error]Process completed with exit code 100.
####################################################################################
#### [End job log] "ubuntu-20.04-gcc-mini" at step Install packages
####################################################################################
####################################################################################
#### [Begin job log] "ubuntu-20.04-gcc-static-mingw" at step Install packages
####################################################################################
503 Service Unavailable [IP: 52.252.75.106 80]
Err:16 http://azure.archive.ubuntu.com/ubuntu focal/main amd64 libnuma-dev amd64 2.0.12-1
503 Service Unavailable [IP: 52.252.75.106 80]
Err:17 http://azure.archive.ubuntu.com/ubuntu focal/main amd64 python3-pyelftools all 0.26-1ubuntu1
503 Service Unavailable [IP: 52.252.75.106 80]
Get:5 http://azure.archive.ubuntu.com/ubuntu focal-updates/main amd64 libarchive-dev amd64 3.4.0-2ubuntu1.2 [491 kB]
Fetched 491 kB in 23s (21.7 kB/s)
E: Failed to fetch http://azure.archive.ubuntu.com/ubuntu/pool/main/c/ccache/ccache_3.7.7-1_amd64.deb 503 Service Unavailable [IP: 52.252.75.106 80]
E: Failed to fetch http://azure.archive.ubuntu.com/ubuntu/pool/main/libn/libnl3/libnl-route-3-200_3.4.0-1ubuntu0.1_amd64.deb 503 Service Unavailable [IP: 52.252.75.106 80]
E: Failed to fetch http://azure.archive.ubuntu.com/ubuntu/pool/main/r/rdma-core/libibverbs1_28.0-1ubuntu1_amd64.deb 503 Service Unavailable [IP: 52.252.75.106 80]
E: Failed to fetch http://azure.archive.ubuntu.com/ubuntu/pool/main/r/rdma-core/ibverbs-providers_28.0-1ubuntu1_amd64.deb 503 Service Unavailable [IP: 52.252.75.106 80]
E: Failed to fetch http://azure.archive.ubuntu.com/ubuntu/pool/main/libb/libbsd/libbsd-dev_0.10.0-1_amd64.deb 503 Service Unavailable [IP: 52.252.75.106 80]
E: Failed to fetch http://azure.archive.ubuntu.com/ubuntu/pool/main/j/jansson/libjansson-dev_2.12-1build1_amd64.deb 503 Service Unavailable [IP: 52.252.75.106 80]
E: Failed to fetch http://azure.archive.ubuntu.com/ubuntu/pool/main/libn/libnl3/libnl-3-dev_3.4.0-1ubuntu0.1_amd64.deb 503 Service Unavailable [IP: 52.252.75.106 80]
E: Failed to fetch http://azure.archive.ubuntu.com/ubuntu/pool/main/libn/libnl3/libnl-route-3-dev_3.4.0-1ubuntu0.1_amd64.deb 503 Service Unavailable [IP: 52.252.75.106 80]
E: Failed to fetch http://azure.archive.ubuntu.com/ubuntu/pool/main/libp/libpcap/libpcap0.8-dev_1.9.1-3_amd64.deb 503 Service Unavailable [IP: 52.252.75.106 80]
E: Failed to fetch http://azure.archive.ubuntu.com/ubuntu/pool/main/libp/libpcap/libpcap-dev_1.9.1-3_amd64.deb 503 Service Unavailable [IP: 52.252.75.106 80]
E: Failed to fetch http://azure.archive.ubuntu.com/ubuntu/pool/universe/n/ninja-build/ninja-build_1.10.0-1build1_amd64.deb 503 Service Unavailable [IP: 52.252.75.106 80]
E: Failed to fetch http://azure.archive.ubuntu.com/ubuntu/pool/main/d/device-tree-compiler/libfdt1_1.5.1-1_amd64.deb 503 Service Unavailable [IP: 52.252.75.106 80]
E: Failed to fetch http://azure.archive.ubuntu.com/ubuntu/pool/main/d/device-tree-compiler/libfdt-dev_1.5.1-1_amd64.deb 503 Service Unavailable [IP: 52.252.75.106 80]
E: Failed to fetch http://azure.archive.ubuntu.com/ubuntu/pool/main/r/rdma-core/libibverbs-dev_28.0-1ubuntu1_amd64.deb 503 Service Unavailable [IP: 52.252.75.106 80]
E: Failed to fetch http://azure.archive.ubuntu.com/ubuntu/pool/main/n/numactl/libnuma-dev_2.0.12-1_amd64.deb 503 Service Unavailable [IP: 52.252.75.106 80]
E: Failed to fetch http://azure.archive.ubuntu.com/ubuntu/pool/main/p/python-pyelftools/python3-pyelftools_0.26-1ubuntu1_all.deb 503 Service Unavailable [IP: 52.252.75.106 80]
E: Unable to fetch some archives, maybe run apt-get update or try with --fix-missing?
##[error]Process completed with exit code 100.
####################################################################################
#### [End job log] "ubuntu-20.04-gcc-static-mingw" at step Install packages
####################################################################################
####################################################################################
#### [Begin job log] "ubuntu-20.04-gcc-ppc64le" at step Install packages
####################################################################################
Err:16 http://azure.archive.ubuntu.com/ubuntu focal/main amd64 libnuma-dev amd64 2.0.12-1
Unable to connect to azure.archive.ubuntu.com:http:
Err:17 http://azure.archive.ubuntu.com/ubuntu focal/main amd64 python3-pyelftools all 0.26-1ubuntu1
Unable to connect to azure.archive.ubuntu.com:http:
Err:5 http://azure.archive.ubuntu.com/ubuntu focal-updates/main amd64 libarchive-dev amd64 3.4.0-2ubuntu1.2
Unable to connect to azure.archive.ubuntu.com:http:
E: Failed to fetch http://azure.archive.ubuntu.com/ubuntu/pool/main/c/ccache/ccache_3.7.7-1_amd64.deb Could not connect to azure.archive.ubuntu.com:80 (52.147.219.192), connection timed out
E: Failed to fetch http://azure.archive.ubuntu.com/ubuntu/pool/main/libn/libnl3/libnl-route-3-200_3.4.0-1ubuntu0.1_amd64.deb Unable to connect to azure.archive.ubuntu.com:http:
E: Failed to fetch http://azure.archive.ubuntu.com/ubuntu/pool/main/r/rdma-core/libibverbs1_28.0-1ubuntu1_amd64.deb Unable to connect to azure.archive.ubuntu.com:http:
E: Failed to fetch http://azure.archive.ubuntu.com/ubuntu/pool/main/r/rdma-core/ibverbs-providers_28.0-1ubuntu1_amd64.deb Unable to connect to azure.archive.ubuntu.com:http:
E: Failed to fetch http://azure.archive.ubuntu.com/ubuntu/pool/main/liba/libarchive/libarchive-dev_3.4.0-2ubuntu1.2_amd64.deb Unable to connect to azure.archive.ubuntu.com:http:
E: Failed to fetch http://azure.archive.ubuntu.com/ubuntu/pool/main/libb/libbsd/libbsd-dev_0.10.0-1_amd64.deb Unable to connect to azure.archive.ubuntu.com:http:
E: Failed to fetch http://azure.archive.ubuntu.com/ubuntu/pool/main/j/jansson/libjansson-dev_2.12-1build1_amd64.deb Unable to connect to azure.archive.ubuntu.com:http:
E: Failed to fetch http://azure.archive.ubuntu.com/ubuntu/pool/main/libn/libnl3/libnl-3-dev_3.4.0-1ubuntu0.1_amd64.deb Unable to connect to azure.archive.ubuntu.com:http:
E: Failed to fetch http://azure.archive.ubuntu.com/ubuntu/pool/main/libn/libnl3/libnl-route-3-dev_3.4.0-1ubuntu0.1_amd64.deb Unable to connect to azure.archive.ubuntu.com:http:
E: Failed to fetch http://azure.archive.ubuntu.com/ubuntu/pool/main/libp/libpcap/libpcap0.8-dev_1.9.1-3_amd64.deb Unable to connect to azure.archive.ubuntu.com:http:
E: Failed to fetch http://azure.archive.ubuntu.com/ubuntu/pool/main/libp/libpcap/libpcap-dev_1.9.1-3_amd64.deb Unable to connect to azure.archive.ubuntu.com:http:
E: Failed to fetch http://azure.archive.ubuntu.com/ubuntu/pool/universe/n/ninja-build/ninja-build_1.10.0-1build1_amd64.deb Unable to connect to azure.archive.ubuntu.com:http:
E: Failed to fetch http://azure.archive.ubuntu.com/ubuntu/pool/main/d/device-tree-compiler/libfdt1_1.5.1-1_amd64.deb Unable to connect to azure.archive.ubuntu.com:http:
E: Failed to fetch http://azure.archive.ubuntu.com/ubuntu/pool/main/d/device-tree-compiler/libfdt-dev_1.5.1-1_amd64.deb Unable to connect to azure.archive.ubuntu.com:http:
E: Failed to fetch http://azure.archive.ubuntu.com/ubuntu/pool/main/r/rdma-core/libibverbs-dev_28.0-1ubuntu1_amd64.deb Unable to connect to azure.archive.ubuntu.com:http:
E: Failed to fetch http://azure.archive.ubuntu.com/ubuntu/pool/main/n/numactl/libnuma-dev_2.0.12-1_amd64.deb Unable to connect to azure.archive.ubuntu.com:http:
E: Failed to fetch http://azure.archive.ubuntu.com/ubuntu/pool/main/p/python-pyelftools/python3-pyelftools_0.26-1ubuntu1_all.deb Unable to connect to azure.archive.ubuntu.com:http:
E: Unable to fetch some archives, maybe run apt-get update or try with --fix-missing?
##[error]Process completed with exit code 100.
####################################################################################
#### [End job log] "ubuntu-20.04-gcc-ppc64le" at step Install packages
####################################################################################
--------------------------------END LOGS-----------------------------
^ permalink raw reply [flat|nested] 7+ messages in thread
* |FAILURE| pw123154 [PATCH] common/cnxk: fix incorrect auth key length
@ 2023-02-06 15:52 dpdklab
0 siblings, 0 replies; 7+ messages in thread
From: dpdklab @ 2023-02-06 15:52 UTC (permalink / raw)
To: Georgii Tkachuk, Qian Xu, Lijuan Tu, Test Report, Ferruh Yigit
Cc: dpdk-test-reports, David Marchand, Thomas Monjalon,
Gowrishankar Muthukrishnan
[-- Attachment #1: Type: text/plain, Size: 4217 bytes --]
Test-Label: iol-intel-Performance
Test-Status: FAILURE
http://dpdk.org/patch/123154
_Performance Testing issues_
Submitter: Gowrishankar Muthukrishnan <gmuthukrishn@marvell.com>
Date: Monday, February 06 2023 14:52:58
DPDK git baseline: Repo:dpdk
Branch: master
CommitID:796b031608d8d52e040f83304c676d3cda5af617
123154 --> performance testing fail
Test environment and result as below:
Ubuntu 20.04
Kernel: 4.15.0-generic
Compiler: gcc 7.4
NIC: Intel Corporation Ethernet Converged Network Adapter XL710-QDA2 40000 Mbps
Target: x86_64-native-linuxapp-gcc
Fail/Total: 1/4
Detail performance results:
+----------+-------------+---------+------------+------------------------------+
| num_cpus | num_threads | txd/rxd | frame_size | throughput difference from |
| | | | | expected |
+==========+=============+=========+============+==============================+
| 1 | 2 | 512 | 64 | -0.6% |
+----------+-------------+---------+------------+------------------------------+
| 1 | 2 | 2048 | 64 | -1.1% |
+----------+-------------+---------+------------+------------------------------+
| 1 | 1 | 512 | 64 | -8.3% |
+----------+-------------+---------+------------+------------------------------+
| 1 | 1 | 2048 | 64 | -0.8% |
+----------+-------------+---------+------------+------------------------------+
Arm Ampere Altra - Ubuntu 20.04.4
Kernel: 5.4.0-137-generic aarch64
Compiler: gcc 9.4
NIC: Intel Corporation Ethernet Converged Network Adapter XL710-QDA2 40000 Mbps
Target: x86_64-native-linuxapp-gcc
Fail/Total: 0/2
Detail performance results:
+------------+---------+----------+-------------+------------------------------+
| frame_size | txd/rxd | num_cpus | num_threads | throughput difference from |
| | | | | expected |
+============+=========+==========+=============+==============================+
| 64 | 512 | 1 | 1 | -0.1% |
+------------+---------+----------+-------------+------------------------------+
| 64 | 2048 | 1 | 1 | 0.6% |
+------------+---------+----------+-------------+------------------------------+
Ubuntu 20.04
Kernel: 4.15.0-generic
Compiler: gcc 7.4
NIC: Intel Corporation Ethernet Converged Network Adapter 82599ES 10000 Mbps
Target: x86_64-native-linuxapp-gcc
Fail/Total: 0/6
Detail performance results:
+----------+-------------+---------+------------+------------------------------+
| num_cpus | num_threads | txd/rxd | frame_size | throughput difference from |
| | | | | expected |
+==========+=============+=========+============+==============================+
| 1 | 2 | 128 | 64 | 1.3% |
+----------+-------------+---------+------------+------------------------------+
| 1 | 2 | 512 | 64 | 0.1% |
+----------+-------------+---------+------------+------------------------------+
| 1 | 2 | 2048 | 64 | 0.0% |
+----------+-------------+---------+------------+------------------------------+
| 1 | 1 | 128 | 64 | 0.5% |
+----------+-------------+---------+------------+------------------------------+
| 1 | 1 | 512 | 64 | 0.1% |
+----------+-------------+---------+------------+------------------------------+
| 1 | 1 | 2048 | 64 | 0.4% |
+----------+-------------+---------+------------+------------------------------+
To view detailed results, visit:
https://lab.dpdk.org/results/dashboard/patchsets/25225/
UNH-IOL DPDK Community Lab
To manage your email subscriptions, visit:
https://lab.dpdk.org/results/dashboard/preferences/subscriptions/
^ permalink raw reply [flat|nested] 7+ messages in thread
* |FAILURE| pw123154 [PATCH] common/cnxk: fix incorrect auth key length
@ 2023-02-06 15:43 dpdklab
0 siblings, 0 replies; 7+ messages in thread
From: dpdklab @ 2023-02-06 15:43 UTC (permalink / raw)
To: Georgii Tkachuk, Qian Xu, Lijuan Tu, Test Report, Ferruh Yigit
Cc: dpdk-test-reports, David Marchand, Thomas Monjalon,
Gowrishankar Muthukrishnan
[-- Attachment #1: Type: text/plain, Size: 2708 bytes --]
Test-Label: iol-intel-Performance
Test-Status: FAILURE
http://dpdk.org/patch/123154
_Performance Testing issues_
Submitter: Gowrishankar Muthukrishnan <gmuthukrishn@marvell.com>
Date: Monday, February 06 2023 14:52:58
DPDK git baseline: Repo:dpdk
Branch: master
CommitID:796b031608d8d52e040f83304c676d3cda5af617
123154 --> performance testing fail
Test environment and result as below:
Ubuntu 20.04
Kernel: 4.15.0-generic
Compiler: gcc 7.4
NIC: Intel Corporation Ethernet Converged Network Adapter XL710-QDA2 40000 Mbps
Target: x86_64-native-linuxapp-gcc
Fail/Total: 1/4
Detail performance results:
+----------+-------------+---------+------------+------------------------------+
| num_cpus | num_threads | txd/rxd | frame_size | throughput difference from |
| | | | | expected |
+==========+=============+=========+============+==============================+
| 1 | 2 | 512 | 64 | -0.6% |
+----------+-------------+---------+------------+------------------------------+
| 1 | 2 | 2048 | 64 | -1.1% |
+----------+-------------+---------+------------+------------------------------+
| 1 | 1 | 512 | 64 | -8.3% |
+----------+-------------+---------+------------+------------------------------+
| 1 | 1 | 2048 | 64 | -0.8% |
+----------+-------------+---------+------------+------------------------------+
Arm Ampere Altra - Ubuntu 20.04.4
Kernel: 5.4.0-137-generic aarch64
Compiler: gcc 9.4
NIC: Intel Corporation Ethernet Converged Network Adapter XL710-QDA2 40000 Mbps
Target: x86_64-native-linuxapp-gcc
Fail/Total: 0/2
Detail performance results:
+------------+---------+----------+-------------+------------------------------+
| frame_size | txd/rxd | num_cpus | num_threads | throughput difference from |
| | | | | expected |
+============+=========+==========+=============+==============================+
| 64 | 512 | 1 | 1 | -0.1% |
+------------+---------+----------+-------------+------------------------------+
| 64 | 2048 | 1 | 1 | 0.6% |
+------------+---------+----------+-------------+------------------------------+
To view detailed results, visit:
https://lab.dpdk.org/results/dashboard/patchsets/25225/
UNH-IOL DPDK Community Lab
To manage your email subscriptions, visit:
https://lab.dpdk.org/results/dashboard/preferences/subscriptions/
^ permalink raw reply [flat|nested] 7+ messages in thread
end of thread, other threads:[~2023-02-06 18:45 UTC | newest]
Thread overview: 7+ messages (download: mbox.gz / follow: Atom feed)
-- links below jump to the message on this page --
2023-02-06 15:39 |FAILURE| pw123154 [PATCH] common/cnxk: fix incorrect auth key length dpdklab
2023-02-06 15:43 dpdklab
2023-02-06 15:52 dpdklab
[not found] <20230206145258.1457688-1-gmuthukrishn@marvell.com>
2023-02-06 15:59 ` 0-day Robot
2023-02-06 18:45 dpdklab
2023-02-06 18:45 dpdklab
2023-02-06 18:45 dpdklab
This is a public inbox, see mirroring instructions
for how to clone and mirror all data and code used for this inbox;
as well as URLs for NNTP newsgroup(s).